{"id":23904,"date":"2025-08-01T17:46:43","date_gmt":"2025-08-01T15:46:43","guid":{"rendered":"https:\/\/uj.adatbank.ro\/lexikon\/termek\/uzoni-sz-balazs\/"},"modified":"2025-08-01T17:46:43","modified_gmt":"2025-08-01T15:46:43","slug":"uzoni-sz-balazs","status":"publish","type":"product","link":"https:\/\/uj.adatbank.ro\/lexikon\/termek\/uzoni-sz-balazs\/","title":{"rendered":"UZONI Sz. Bal\u00e1zs"},"content":{"rendered":"<p>Uzon, ? \u2020\u00a0Gyulakuta, ?: ref. lelk\u00e9sz, iskolamester, tan\u00e1r. \u2013 Kelemen Lajos v\u00e9lem\u00e9nye szerint a nev\u00e9ben szerepl\u0151 Sz. bet\u0171 a teljes csal\u00e1dnev\u00e9nek (Szab\u00f3) r\u00f6vid\u00edt\u00e9se lehetett. Val\u00f3sz\u00edn\u0171leg Gyulafeh\u00e9rv\u00e1ron tanult. D\u00e9v\u00e1n lelk\u00e9sz, majd Bonyh\u00e1n rektor. Kegy\u00fari seg\u00edts\u00e9ggel Wittembergben folytatta a teol\u00f3gi\u00e1t (1640 k.). A kv.-i schola seniora (1658), Ap\u00e1czai tan\u00edtv\u00e1nya, a puritanizmus, az anyanyelv\u0171 oktat\u00e1s sz\u00f3sz\u00f3l\u00f3ja. A mv.-i schola particula rektora (1660. nov. \u2013 1661. \u00e1pr. v\u00e9ge). Rektors\u00e1ga ideje alatt a tanul\u00f3k l\u00e9tsz\u00e1ma 43-ra szaporodott, akik k\u00f6z\u00fcl \u00f6t\u00f6n rektorok lettek falusi iskol\u00e1kban. Anyagi t\u00e1mogat\u00e1st is szerzett a sk\u00f3l\u00e1nak Bethlen J\u00e1nost\u00f3l, amelyet azt\u00e1n tov\u00e1bb is foly\u00f3s\u00edtottak (1795-ig). Ezut\u00e1n Szentann\u00e1n pap, majd Gyulakut\u00e1n, Kelementelk\u00e9n szolg\u00e1lt (1661\u201367), ahol gr. L\u00e1z\u00e1r Imre nevel\u0151je is volt, \u00e9s gondj\u00e1t viselte a k\u00e9t gy\u00fclekezetnek is. Bethlen Mikl\u00f3s megh\u00edv\u00e1s\u00e1ra Bethlenszentmikl\u00f3son pap \u00e9s tan\u00e1r (1668\u2013), \u0151 alap\u00edtotta meg a ref. ekl\u00e9zsi\u00e1t, iskol\u00e1t \u00e9p\u00edttetett, a le\u00e1nygyermekeket is tan\u00edtotta. Purit\u00e1nus elveket vallott, h\u00edve az anyanyelv\u0171 oktat\u00e1snak, harcolt a l\u00e1nyok iskol\u00e1ztat\u00e1s\u00e1\u00e9rt. V\u00e9grendeletileg bibli\u00e1t hagyott a gyulakuti ref. egyh\u00e1znak. \u2013  <strong>F. m..:<\/strong> Computus ecclesiasticus (1661);  <strong>ford.:<\/strong> Diest Henrich: \u00d6t sima k\u00f6vekkel fel\u00e9kes\u00edtett D\u00e1vid paritty\u00e1ja (Gyulafeh\u00e9rv\u00e1r 1658). <br \/><strong>\u2013 Irod.:<\/strong> Chiorean 2008; Er\u0151s v\u00e1runk; K.L. M\u0171v. t\u00f6rt. tan. 1.; Koncz; Kozma; Kr\u00f3n. F\u00fcz. (1939. 4\/10); P\u00e1l-Antal; P\u00e1l-Antal 2009; Gyulakuta \u00e9s egyh\u00e1za.<\/br><\/p>\n","protected":false},"excerpt":{"rendered":"<p>Uzon, ? \u2020\u00a0Gyulakuta, ?: ref. lelk\u00e9sz, iskolamester, tan\u00e1r. \u2013 Kelemen Lajos v\u00e9lem\u00e9nye szerint a nev\u00e9ben szerepl\u0151 Sz. bet\u0171 a teljes csal\u00e1dnev\u00e9nek (Szab\u00f3) r\u00f6vid\u00edt\u00e9se lehetett. Val\u00f3sz\u00edn\u0171leg Gyulafeh\u00e9rv\u00e1ron tanult. D\u00e9v\u00e1n lelk\u00e9sz, majd Bonyh\u00e1n rektor. Kegy\u00fari seg\u00edts\u00e9ggel Wittembergben folytatta a teol\u00f3gi\u00e1t (1640 k.). A kv.-i schola seniora (1658), Ap\u00e1czai tan\u00edtv\u00e1nya, a puritanizmus, az anyanyelv\u0171 oktat\u00e1s sz\u00f3sz\u00f3l\u00f3ja. A mv.-i [&hellip;]<\/p>\n","protected":false},"featured_media":0,"comment_status":"open","ping_status":"closed","template":"","meta":[],"product_brand":[],"product_cat":[137],"product_tag":[],"class_list":{"0":"post-23904","1":"product","2":"type-product","3":"status-publish","5":"product_cat-maros-megyei-eletrajzi-lexikon","7":"first","8":"instock","9":"shipping-taxable","10":"product-type-simple"},"_links":{"self":[{"href":"https:\/\/uj.adatbank.ro\/lexikon\/wp-json\/wp\/v2\/product\/23904","targetHints":{"allow":["GET"]}}],"collection":[{"href":"https:\/\/uj.adatbank.ro\/lexikon\/wp-json\/wp\/v2\/product"}],"about":[{"href":"https:\/\/uj.adatbank.ro\/lexikon\/wp-json\/wp\/v2\/types\/product"}],"replies":[{"embeddable":true,"href":"https:\/\/uj.adatbank.ro\/lexikon\/wp-json\/wp\/v2\/comments?post=23904"}],"wp:attachment":[{"href":"https:\/\/uj.adatbank.ro\/lexikon\/wp-json\/wp\/v2\/media?parent=23904"}],"wp:term":[{"taxonomy":"product_brand","embeddable":true,"href":"https:\/\/uj.adatbank.ro\/lexikon\/wp-json\/wp\/v2\/product_brand?post=23904"},{"taxonomy":"product_cat","embeddable":true,"href":"https:\/\/uj.adatbank.ro\/lexikon\/wp-json\/wp\/v2\/product_cat?post=23904"},{"taxonomy":"product_tag","embeddable":true,"href":"https:\/\/uj.adatbank.ro\/lexikon\/wp-json\/wp\/v2\/product_tag?post=23904"}],"curies":[{"name":"wp","href":"https:\/\/api.w.org\/{rel}","templated":true}]}}

UZONI Sz. Balázs

<p>Uzon, ? † Gyulakuta, ?: ref. lelkész, iskolamester, tanár. – Kelemen Lajos véleménye szerint a nevében szereplő Sz. betű a teljes családnevének (Szabó) rövidítése lehetett. Valószínűleg Gyulafehérváron tanult. Déván lelkész, majd Bonyhán rektor. Kegyúri segítséggel Wittembergben folytatta a teológiát (1640 k.). A kv.-i schola seniora (1658), Apáczai tanítványa, a puritanizmus, az anyanyelvű oktatás szószólója. A mv.-i schola particula rektora (1660. nov. – 1661. ápr. vége). Rektorsága ideje alatt a tanulók létszáma 43-ra szaporodott, akik közül ötön rektorok lettek falusi iskolákban. Anyagi támogatást is szerzett a skólának Bethlen Jánostól, amelyet aztán tovább is folyósítottak (1795-ig). Ezután Szentannán pap, majd Gyulakután, Kelementelkén szolgált (1661–67), ahol gr. Lázár Imre nevelője is volt, és gondját viselte a két gyülekezetnek is. Bethlen Miklós meghívására Bethlenszentmiklóson pap és tanár (1668–), ő alapította meg a ref. eklézsiát, iskolát építtetett, a leánygyermekeket is tanította. Puritánus elveket vallott, híve az anyanyelvű oktatásnak, harcolt a lányok iskoláztatásáért. Végrendeletileg bibliát hagyott a gyulakuti ref. egyháznak. –  <strong>F. m..:</strong> Computus ecclesiasticus (1661);  <strong>ford.:</strong> Diest Henrich: Öt sima kövekkel felékesített Dávid parittyája (Gyulafehérvár 1658). <br /><strong>– Irod.:</strong> Chiorean 2008; Erős várunk; K.L. Műv. tört. tan. 1.; Koncz; Kozma; Krón. Füz. (1939. 4/10); Pál-Antal; Pál-Antal 2009; Gyulakuta és egyháza.</br></p>

<p>Uzon, ? † Gyulakuta, ?: ref. lelkész, iskolamester, tanár. – Kelemen Lajos véleménye szerint a nevében szereplő Sz. betű a teljes családnevének (Szabó) rövidítése lehetett. Valószínűleg Gyulafehérváron tanult. Déván lelkész, majd Bonyhán rektor. Kegyúri segítséggel Wittembergben folytatta a teológiát (1640 k.). A kv.-i schola seniora (1658), Apáczai tanítványa, a puritanizmus, az anyanyelvű oktatás szószólója. A mv.-i [&hellip;]</p>
