{"id":23916,"date":"2025-08-01T17:47:14","date_gmt":"2025-08-01T15:47:14","guid":{"rendered":"https:\/\/uj.adatbank.ro\/lexikon\/termek\/vadady-f-karoly\/"},"modified":"2025-08-01T17:47:14","modified_gmt":"2025-08-01T15:47:14","slug":"vadady-f-karoly","status":"publish","type":"product","link":"https:\/\/uj.adatbank.ro\/lexikon\/termek\/vadady-f-karoly\/","title":{"rendered":"VADADY F. K\u00e1roly"},"content":{"rendered":"<p>Mv., 1893., \u2020\u00a0?: jog\u00e1sz, v\u00e1rosi jegyz\u0151. \u2013 Keresked\u0151 csal\u00e1db\u00f3l val\u00f3, \u00e9retts\u00e9gizett (1911), majd a kv.-i egyetem jogi fakult\u00e1s\u00e1n v\u00e9gzett (1915). A mv.-i \u00c1rvasz\u00e9k tan\u00e1csjegyz\u0151je (\u20131926), a v\u00e1rosi polg\u00e1rmesteri hivatal f\u0151tisztvisel\u0151je, a k\u00f6zigazgat\u00e1si \u00fcgyoszt\u00e1lyhoz vezet\u0151je lett (1939-ben is az). A v\u00e1ros t\u00e1rsadalm\u00e1ban tev\u00e9kenyen m\u0171k\u00f6d\u00f6tt, a MSE \u00fasz\u00f3szakoszt\u00e1ly\u00e1nak eln\u00f6ke (1921), a mv.-i \u00dasz\u00f3sz\u00f6vets\u00e9g eln\u00f6ke, a ref. egyh\u00e1z k\u00e9pvisel\u0151test\u00fclet\u00e9nek tagja, a Tornaker\u00fclet v\u00e1l. tagja, v\u00e1rosi szakreferens, a Dalm\u0171j\u00e1tsz\u00f3 T\u00e1rsas\u00e1g v\u00e1l. tagja, \u00e9s t\u00f6bb egyes\u00fcletben tag. Az I. o. Rom\u00e1n Szolg\u00e1lati \u00c9rdemkereszt kit\u00fcntetettje. A Mv.-i Kaszin\u00f3 vezet\u0151s\u00e9gi tagja, titk\u00e1ra (1932). \u2013  <strong>F. m..:<\/strong> A k\u00f6zsz\u00e1mvitelr\u0151l, a k\u00f6lts\u00e9gvet\u00e9s \u00e9s a k\u00f6zvagyon ellen\u0151rz\u00e9s\u00e9r\u0151l sz\u00f3l\u00f3 t\u00f6rv\u00e9ny magyar ford\u00edt\u00e1sa \u00e9s magyar\u00e1zata (Mv., 1930), <strong>antol\u00f3g.:<\/strong> Az \u00fasz\u00e1sr\u00f3l = Illy\u00e9s. <br \/><strong>\u2013 Irod.:<\/strong> Bi\u00e1s Istv\u00e1n; F\u00fcl\u00f6p\u2013Ferencz; Illy\u00e9s; Ki kicsoda?; Pan\u0103.<\/br><\/p>\n","protected":false},"excerpt":{"rendered":"<p>Mv., 1893., \u2020\u00a0?: jog\u00e1sz, v\u00e1rosi jegyz\u0151. \u2013 Keresked\u0151 csal\u00e1db\u00f3l val\u00f3, \u00e9retts\u00e9gizett (1911), majd a kv.-i egyetem jogi fakult\u00e1s\u00e1n v\u00e9gzett (1915). A mv.-i \u00c1rvasz\u00e9k tan\u00e1csjegyz\u0151je (\u20131926), a v\u00e1rosi polg\u00e1rmesteri hivatal f\u0151tisztvisel\u0151je, a k\u00f6zigazgat\u00e1si \u00fcgyoszt\u00e1lyhoz vezet\u0151je lett (1939-ben is az). A v\u00e1ros t\u00e1rsadalm\u00e1ban tev\u00e9kenyen m\u0171k\u00f6d\u00f6tt, a MSE \u00fasz\u00f3szakoszt\u00e1ly\u00e1nak eln\u00f6ke (1921), a mv.-i \u00dasz\u00f3sz\u00f6vets\u00e9g eln\u00f6ke, a ref. egyh\u00e1z [&hellip;]<\/p>\n","protected":false},"featured_media":0,"comment_status":"open","ping_status":"closed","template":"","meta":[],"product_brand":[],"product_cat":[137],"product_tag":[],"class_list":{"0":"post-23916","1":"product","2":"type-product","3":"status-publish","5":"product_cat-maros-megyei-eletrajzi-lexikon","7":"first","8":"instock","9":"shipping-taxable","10":"product-type-simple"},"_links":{"self":[{"href":"https:\/\/uj.adatbank.ro\/lexikon\/wp-json\/wp\/v2\/product\/23916","targetHints":{"allow":["GET"]}}],"collection":[{"href":"https:\/\/uj.adatbank.ro\/lexikon\/wp-json\/wp\/v2\/product"}],"about":[{"href":"https:\/\/uj.adatbank.ro\/lexikon\/wp-json\/wp\/v2\/types\/product"}],"replies":[{"embeddable":true,"href":"https:\/\/uj.adatbank.ro\/lexikon\/wp-json\/wp\/v2\/comments?post=23916"}],"wp:attachment":[{"href":"https:\/\/uj.adatbank.ro\/lexikon\/wp-json\/wp\/v2\/media?parent=23916"}],"wp:term":[{"taxonomy":"product_brand","embeddable":true,"href":"https:\/\/uj.adatbank.ro\/lexikon\/wp-json\/wp\/v2\/product_brand?post=23916"},{"taxonomy":"product_cat","embeddable":true,"href":"https:\/\/uj.adatbank.ro\/lexikon\/wp-json\/wp\/v2\/product_cat?post=23916"},{"taxonomy":"product_tag","embeddable":true,"href":"https:\/\/uj.adatbank.ro\/lexikon\/wp-json\/wp\/v2\/product_tag?post=23916"}],"curies":[{"name":"wp","href":"https:\/\/api.w.org\/{rel}","templated":true}]}}

VADADY F. Károly

<p>Mv., 1893., † ?: jogász, városi jegyző. – Kereskedő családból való, érettségizett (1911), majd a kv.-i egyetem jogi fakultásán végzett (1915). A mv.-i Árvaszék tanácsjegyzője (–1926), a városi polgármesteri hivatal főtisztviselője, a közigazgatási ügyosztályhoz vezetője lett (1939-ben is az). A város társadalmában tevékenyen működött, a MSE úszószakosztályának elnöke (1921), a mv.-i Úszószövetség elnöke, a ref. egyház képviselőtestületének tagja, a Tornakerület vál. tagja, városi szakreferens, a Dalműjátszó Társaság vál. tagja, és több egyesületben tag. Az I. o. Román Szolgálati Érdemkereszt kitüntetettje. A Mv.-i Kaszinó vezetőségi tagja, titkára (1932). –  <strong>F. m..:</strong> A közszámvitelről, a költségvetés és a közvagyon ellenőrzéséről szóló törvény magyar fordítása és magyarázata (Mv., 1930), <strong>antológ.:</strong> Az úszásról = Illyés. <br /><strong>– Irod.:</strong> Biás István; Fülöp–Ferencz; Illyés; Ki kicsoda?; Pană.</br></p>

<p>Mv., 1893., † ?: jogász, városi jegyző. – Kereskedő családból való, érettségizett (1911), majd a kv.-i egyetem jogi fakultásán végzett (1915). A mv.-i Árvaszék tanácsjegyzője (–1926), a városi polgármesteri hivatal főtisztviselője, a közigazgatási ügyosztályhoz vezetője lett (1939-ben is az). A város társadalmában tevékenyen működött, a MSE úszószakosztályának elnöke (1921), a mv.-i Úszószövetség elnöke, a ref. egyház [&hellip;]</p>
