{"id":23918,"date":"2025-08-01T17:47:19","date_gmt":"2025-08-01T15:47:19","guid":{"rendered":"https:\/\/uj.adatbank.ro\/lexikon\/termek\/vadady-f-sandor\/"},"modified":"2025-08-01T17:47:19","modified_gmt":"2025-08-01T15:47:19","slug":"vadady-f-sandor","status":"publish","type":"product","link":"https:\/\/uj.adatbank.ro\/lexikon\/termek\/vadady-f-sandor\/","title":{"rendered":"VADADY F. S\u00e1ndor"},"content":{"rendered":"<p>1864? \u2020\u00a0Mv., 1934. dec. 15.: keresked\u0151. \u2013 Feles\u00e9ge: Vadady F. Berta (1872?-Mv., 1923. j\u00fan. 9.). Gyermekeik: Jol\u00e1n dr. Schronk Lajosn\u00e9; K\u00e1roly, feles\u00e9ge Zaka Margit; K\u00e1lm\u00e1n, feles\u00e9ge Schronk Ilona. \u2013 Mv.-en keresked\u0151, a Meritul Comercial kit\u00fcntet\u00e9s tulajdonosa, a ref. egyh\u00e1z presbitere, a mv.-i Keresked\u0151 T\u00e1rsulat aleln\u00f6ke, a K\u00f6zhaszn\u00fa Takar\u00e9kp\u00e9nzt\u00e1r alap\u00edt\u00f3 igazgat\u00f3s\u00e1gi tagja, a Temetkez\u00e9si Nagy Egylet aleln\u00f6ke \u00e9s m\u00e9g sz\u00e1mos t\u00e1rsas\u00e1g \u00e9s kult\u00farint\u00e9zm\u00e9ny vezet\u0151 tagja. <br \/><strong>\u2013 Irod.:<\/strong> Gy\u00e1szjelent\u0151.<\/br><\/p>\n","protected":false},"excerpt":{"rendered":"<p>1864? \u2020\u00a0Mv., 1934. dec. 15.: keresked\u0151. \u2013 Feles\u00e9ge: Vadady F. Berta (1872?-Mv., 1923. j\u00fan. 9.). Gyermekeik: Jol\u00e1n dr. Schronk Lajosn\u00e9; K\u00e1roly, feles\u00e9ge Zaka Margit; K\u00e1lm\u00e1n, feles\u00e9ge Schronk Ilona. \u2013 Mv.-en keresked\u0151, a Meritul Comercial kit\u00fcntet\u00e9s tulajdonosa, a ref. egyh\u00e1z presbitere, a mv.-i Keresked\u0151 T\u00e1rsulat aleln\u00f6ke, a K\u00f6zhaszn\u00fa Takar\u00e9kp\u00e9nzt\u00e1r alap\u00edt\u00f3 igazgat\u00f3s\u00e1gi tagja, a Temetkez\u00e9si Nagy Egylet [&hellip;]<\/p>\n","protected":false},"featured_media":0,"comment_status":"open","ping_status":"closed","template":"","meta":[],"product_brand":[],"product_cat":[137],"product_tag":[],"class_list":{"0":"post-23918","1":"product","2":"type-product","3":"status-publish","5":"product_cat-maros-megyei-eletrajzi-lexikon","7":"first","8":"instock","9":"shipping-taxable","10":"product-type-simple"},"_links":{"self":[{"href":"https:\/\/uj.adatbank.ro\/lexikon\/wp-json\/wp\/v2\/product\/23918","targetHints":{"allow":["GET"]}}],"collection":[{"href":"https:\/\/uj.adatbank.ro\/lexikon\/wp-json\/wp\/v2\/product"}],"about":[{"href":"https:\/\/uj.adatbank.ro\/lexikon\/wp-json\/wp\/v2\/types\/product"}],"replies":[{"embeddable":true,"href":"https:\/\/uj.adatbank.ro\/lexikon\/wp-json\/wp\/v2\/comments?post=23918"}],"wp:attachment":[{"href":"https:\/\/uj.adatbank.ro\/lexikon\/wp-json\/wp\/v2\/media?parent=23918"}],"wp:term":[{"taxonomy":"product_brand","embeddable":true,"href":"https:\/\/uj.adatbank.ro\/lexikon\/wp-json\/wp\/v2\/product_brand?post=23918"},{"taxonomy":"product_cat","embeddable":true,"href":"https:\/\/uj.adatbank.ro\/lexikon\/wp-json\/wp\/v2\/product_cat?post=23918"},{"taxonomy":"product_tag","embeddable":true,"href":"https:\/\/uj.adatbank.ro\/lexikon\/wp-json\/wp\/v2\/product_tag?post=23918"}],"curies":[{"name":"wp","href":"https:\/\/api.w.org\/{rel}","templated":true}]}}

VADADY F. Sándor

<p>1864? † Mv., 1934. dec. 15.: kereskedő. – Felesége: Vadady F. Berta (1872?-Mv., 1923. jún. 9.). Gyermekeik: Jolán dr. Schronk Lajosné; Károly, felesége Zaka Margit; Kálmán, felesége Schronk Ilona. – Mv.-en kereskedő, a Meritul Comercial kitüntetés tulajdonosa, a ref. egyház presbitere, a mv.-i Kereskedő Társulat alelnöke, a Közhasznú Takarékpénztár alapító igazgatósági tagja, a Temetkezési Nagy Egylet alelnöke és még számos társaság és kultúrintézmény vezető tagja. <br /><strong>– Irod.:</strong> Gyászjelentő.</br></p>

<p>1864? † Mv., 1934. dec. 15.: kereskedő. – Felesége: Vadady F. Berta (1872?-Mv., 1923. jún. 9.). Gyermekeik: Jolán dr. Schronk Lajosné; Károly, felesége Zaka Margit; Kálmán, felesége Schronk Ilona. – Mv.-en kereskedő, a Meritul Comercial kitüntetés tulajdonosa, a ref. egyház presbitere, a mv.-i Kereskedő Társulat alelnöke, a Közhasznú Takarékpénztár alapító igazgatósági tagja, a Temetkezési Nagy Egylet [&hellip;]</p>
