{"id":23929,"date":"2025-08-01T17:47:44","date_gmt":"2025-08-01T15:47:44","guid":{"rendered":"https:\/\/uj.adatbank.ro\/lexikon\/termek\/vadasz-janos\/"},"modified":"2025-08-01T17:47:44","modified_gmt":"2025-08-01T15:47:44","slug":"vadasz-janos","status":"publish","type":"product","link":"https:\/\/uj.adatbank.ro\/lexikon\/termek\/vadasz-janos\/","title":{"rendered":"VAD\u00c1SZ J\u00e1nos"},"content":{"rendered":"<p>? \u2020\u00a0?: \u00e1csmester. \u2013 Iskol\u00e1it Szov\u00e1t\u00e1n v\u00e9gezte, uo. tanulta a szakm\u00e1j\u00e1t. R\u00e9szt vett az els\u0151 vh.-ban (1914\u201318) a 62. gy. ezreddel, kit\u00fcntet\u00e9sekkel szerelt le. A MP tagja volt. <br \/><strong>\u2013 Irod.:<\/strong> Visnai.<\/br><\/p>\n","protected":false},"excerpt":{"rendered":"<p>? \u2020\u00a0?: \u00e1csmester. \u2013 Iskol\u00e1it Szov\u00e1t\u00e1n v\u00e9gezte, uo. tanulta a szakm\u00e1j\u00e1t. R\u00e9szt vett az els\u0151 vh.-ban (1914\u201318) a 62. gy. ezreddel, kit\u00fcntet\u00e9sekkel szerelt le. A MP tagja volt. \u2013 Irod.: Visnai.<\/p>\n","protected":false},"featured_media":0,"comment_status":"open","ping_status":"closed","template":"","meta":[],"product_brand":[],"product_cat":[137],"product_tag":[],"class_list":{"0":"post-23929","1":"product","2":"type-product","3":"status-publish","5":"product_cat-maros-megyei-eletrajzi-lexikon","7":"first","8":"instock","9":"shipping-taxable","10":"product-type-simple"},"_links":{"self":[{"href":"https:\/\/uj.adatbank.ro\/lexikon\/wp-json\/wp\/v2\/product\/23929","targetHints":{"allow":["GET"]}}],"collection":[{"href":"https:\/\/uj.adatbank.ro\/lexikon\/wp-json\/wp\/v2\/product"}],"about":[{"href":"https:\/\/uj.adatbank.ro\/lexikon\/wp-json\/wp\/v2\/types\/product"}],"replies":[{"embeddable":true,"href":"https:\/\/uj.adatbank.ro\/lexikon\/wp-json\/wp\/v2\/comments?post=23929"}],"wp:attachment":[{"href":"https:\/\/uj.adatbank.ro\/lexikon\/wp-json\/wp\/v2\/media?parent=23929"}],"wp:term":[{"taxonomy":"product_brand","embeddable":true,"href":"https:\/\/uj.adatbank.ro\/lexikon\/wp-json\/wp\/v2\/product_brand?post=23929"},{"taxonomy":"product_cat","embeddable":true,"href":"https:\/\/uj.adatbank.ro\/lexikon\/wp-json\/wp\/v2\/product_cat?post=23929"},{"taxonomy":"product_tag","embeddable":true,"href":"https:\/\/uj.adatbank.ro\/lexikon\/wp-json\/wp\/v2\/product_tag?post=23929"}],"curies":[{"name":"wp","href":"https:\/\/api.w.org\/{rel}","templated":true}]}}