{"id":23930,"date":"2025-08-01T17:47:46","date_gmt":"2025-08-01T15:47:46","guid":{"rendered":"https:\/\/uj.adatbank.ro\/lexikon\/termek\/vagacs-janos\/"},"modified":"2025-08-01T17:47:46","modified_gmt":"2025-08-01T15:47:46","slug":"vagacs-janos","status":"publish","type":"product","link":"https:\/\/uj.adatbank.ro\/lexikon\/termek\/vagacs-janos\/","title":{"rendered":"V\u00c1G\u00c1CS J\u00e1nos"},"content":{"rendered":"<p>1839? \u2020\u00a0Mv., 1914. febr. 14.: ?. \u2013 Feles\u00e9ge: Engel Jozefa (1842? \u2013 Mv., 1914. aug. 20.). Testv\u00e9rei: V. Fl\u00f3ri\u00e1n, V. Irma Hvisztk\u00f3 Alajosn\u00e9. Nevelt gyermek\u00fck: V\u00e1g\u00e1cs Keresztes B\u00e9la, feles\u00e9ge Felmerer Lujza. <br \/><strong>\u2013 Irod.:<\/strong> Gy\u00e1szjelent\u0151.<\/br><\/p>\n","protected":false},"excerpt":{"rendered":"<p>1839? \u2020\u00a0Mv., 1914. febr. 14.: ?. \u2013 Feles\u00e9ge: Engel Jozefa (1842? \u2013 Mv., 1914. aug. 20.). Testv\u00e9rei: V. Fl\u00f3ri\u00e1n, V. Irma Hvisztk\u00f3 Alajosn\u00e9. Nevelt gyermek\u00fck: V\u00e1g\u00e1cs Keresztes B\u00e9la, feles\u00e9ge Felmerer Lujza. \u2013 Irod.: Gy\u00e1szjelent\u0151.<\/p>\n","protected":false},"featured_media":0,"comment_status":"open","ping_status":"closed","template":"","meta":[],"product_brand":[],"product_cat":[137],"product_tag":[],"class_list":{"0":"post-23930","1":"product","2":"type-product","3":"status-publish","5":"product_cat-maros-megyei-eletrajzi-lexikon","7":"first","8":"instock","9":"shipping-taxable","10":"product-type-simple"},"_links":{"self":[{"href":"https:\/\/uj.adatbank.ro\/lexikon\/wp-json\/wp\/v2\/product\/23930","targetHints":{"allow":["GET"]}}],"collection":[{"href":"https:\/\/uj.adatbank.ro\/lexikon\/wp-json\/wp\/v2\/product"}],"about":[{"href":"https:\/\/uj.adatbank.ro\/lexikon\/wp-json\/wp\/v2\/types\/product"}],"replies":[{"embeddable":true,"href":"https:\/\/uj.adatbank.ro\/lexikon\/wp-json\/wp\/v2\/comments?post=23930"}],"wp:attachment":[{"href":"https:\/\/uj.adatbank.ro\/lexikon\/wp-json\/wp\/v2\/media?parent=23930"}],"wp:term":[{"taxonomy":"product_brand","embeddable":true,"href":"https:\/\/uj.adatbank.ro\/lexikon\/wp-json\/wp\/v2\/product_brand?post=23930"},{"taxonomy":"product_cat","embeddable":true,"href":"https:\/\/uj.adatbank.ro\/lexikon\/wp-json\/wp\/v2\/product_cat?post=23930"},{"taxonomy":"product_tag","embeddable":true,"href":"https:\/\/uj.adatbank.ro\/lexikon\/wp-json\/wp\/v2\/product_tag?post=23930"}],"curies":[{"name":"wp","href":"https:\/\/api.w.org\/{rel}","templated":true}]}}