{"id":23935,"date":"2025-08-01T17:47:57","date_gmt":"2025-08-01T15:47:57","guid":{"rendered":"https:\/\/uj.adatbank.ro\/lexikon\/termek\/vaida-mircea\/"},"modified":"2025-08-01T17:47:57","modified_gmt":"2025-08-01T15:47:57","slug":"vaida-mircea","status":"publish","type":"product","link":"https:\/\/uj.adatbank.ro\/lexikon\/termek\/vaida-mircea\/","title":{"rendered":"VAIDA Mircea"},"content":{"rendered":"<p>? \u2020 ?: f\u00f6ldbirtokos, miniszter? \u2013 Alexandru Vaida-Voevod minisztereln\u00f6k fia. A maross\u00e1rpataki Teleki Domokos-f\u00e9le fels\u0151 udvari kast\u00e9lyt megv\u00e1s\u00e1rolta 500 hold sz\u00e1nt\u00f3 \u00e9s 20 holdnyi parkhelyis\u00e9get Teleki B\u00e9l\u00e1t\u00f3l (1933). \u0150 csak tavaszt\u00f3l \u0151szig tart\u00f3zkodott ott t\u00e1voll\u00e9t\u00e9ben Kis L\u00e1szl\u00f3 int\u00e9z\u0151 viselte gondj\u00e1t az \u00e9p\u00fcletnek \u00e9s a birtoknak. A birtokot eladta (1937), azt Adorj\u00e1ni K\u00e1roly tan\u00edt\u00f3 a Hitelsz\u00f6vetkezet seg\u00edts\u00e9g\u00e9vel megvette \u00e9s az s\u00e1rpataki n\u00e9p tulajdon\u00e1ba ker\u00fclt. Csak a kast\u00e9lyt tartotta meg a parkkal egy\u00fctt. A majort a gazdas\u00e1gi \u00e9p\u00fcletekkel az int\u00e9z\u0151 kapta. A II. vh. alatt a kast\u00e9ly megrong\u00e1l\u00f3dott, eladta egy toldalagi birtokosnak Petreanu Dumitrunak, aki lebontatta, az udvari telkeket felparcell\u00e1zta \u00e9s eladta a s\u00e1rpatakiaknak. <br \/><strong>\u2013 Irod.:<\/strong> Berekm\u00e9ri\u2013G\u00e1lfi.<\/br><\/p>\n","protected":false},"excerpt":{"rendered":"<p>? \u2020 ?: f\u00f6ldbirtokos, miniszter? \u2013 Alexandru Vaida-Voevod minisztereln\u00f6k fia. A maross\u00e1rpataki Teleki Domokos-f\u00e9le fels\u0151 udvari kast\u00e9lyt megv\u00e1s\u00e1rolta 500 hold sz\u00e1nt\u00f3 \u00e9s 20 holdnyi parkhelyis\u00e9get Teleki B\u00e9l\u00e1t\u00f3l (1933). \u0150 csak tavaszt\u00f3l \u0151szig tart\u00f3zkodott ott t\u00e1voll\u00e9t\u00e9ben Kis L\u00e1szl\u00f3 int\u00e9z\u0151 viselte gondj\u00e1t az \u00e9p\u00fcletnek \u00e9s a birtoknak. A birtokot eladta (1937), azt Adorj\u00e1ni K\u00e1roly tan\u00edt\u00f3 a Hitelsz\u00f6vetkezet [&hellip;]<\/p>\n","protected":false},"featured_media":0,"comment_status":"open","ping_status":"closed","template":"","meta":[],"product_brand":[],"product_cat":[137],"product_tag":[],"class_list":{"0":"post-23935","1":"product","2":"type-product","3":"status-publish","5":"product_cat-maros-megyei-eletrajzi-lexikon","7":"first","8":"instock","9":"shipping-taxable","10":"product-type-simple"},"_links":{"self":[{"href":"https:\/\/uj.adatbank.ro\/lexikon\/wp-json\/wp\/v2\/product\/23935","targetHints":{"allow":["GET"]}}],"collection":[{"href":"https:\/\/uj.adatbank.ro\/lexikon\/wp-json\/wp\/v2\/product"}],"about":[{"href":"https:\/\/uj.adatbank.ro\/lexikon\/wp-json\/wp\/v2\/types\/product"}],"replies":[{"embeddable":true,"href":"https:\/\/uj.adatbank.ro\/lexikon\/wp-json\/wp\/v2\/comments?post=23935"}],"wp:attachment":[{"href":"https:\/\/uj.adatbank.ro\/lexikon\/wp-json\/wp\/v2\/media?parent=23935"}],"wp:term":[{"taxonomy":"product_brand","embeddable":true,"href":"https:\/\/uj.adatbank.ro\/lexikon\/wp-json\/wp\/v2\/product_brand?post=23935"},{"taxonomy":"product_cat","embeddable":true,"href":"https:\/\/uj.adatbank.ro\/lexikon\/wp-json\/wp\/v2\/product_cat?post=23935"},{"taxonomy":"product_tag","embeddable":true,"href":"https:\/\/uj.adatbank.ro\/lexikon\/wp-json\/wp\/v2\/product_tag?post=23935"}],"curies":[{"name":"wp","href":"https:\/\/api.w.org\/{rel}","templated":true}]}}

<p>? † ?: földbirtokos, miniszter? – Alexandru Vaida-Voevod miniszterelnök fia. A marossárpataki Teleki Domokos-féle felső udvari kastélyt megvásárolta 500 hold szántó és 20 holdnyi parkhelyiséget Teleki Bélától (1933). Ő csak tavasztól őszig tartózkodott ott távollétében Kis László intéző viselte gondját az épületnek és a birtoknak. A birtokot eladta (1937), azt Adorjáni Károly tanító a Hitelszövetkezet segítségével megvette és az sárpataki nép tulajdonába került. Csak a kastélyt tartotta meg a parkkal együtt. A majort a gazdasági épületekkel az intéző kapta. A II. vh. alatt a kastély megrongálódott, eladta egy toldalagi birtokosnak Petreanu Dumitrunak, aki lebontatta, az udvari telkeket felparcellázta és eladta a sárpatakiaknak. <br /><strong>– Irod.:</strong> Berekméri–Gálfi.</br></p>

<p>? † ?: földbirtokos, miniszter? – Alexandru Vaida-Voevod miniszterelnök fia. A marossárpataki Teleki Domokos-féle felső udvari kastélyt megvásárolta 500 hold szántó és 20 holdnyi parkhelyiséget Teleki Bélától (1933). Ő csak tavasztól őszig tartózkodott ott távollétében Kis László intéző viselte gondját az épületnek és a birtoknak. A birtokot eladta (1937), azt Adorjáni Károly tanító a Hitelszövetkezet [&hellip;]</p>
