{"id":23936,"date":"2025-08-01T17:48:02","date_gmt":"2025-08-01T15:48:02","guid":{"rendered":"https:\/\/uj.adatbank.ro\/lexikon\/termek\/vaida-valeriu-p-%c2%a7-vaida-p-valeriu\/"},"modified":"2025-08-01T17:48:02","modified_gmt":"2025-08-01T15:48:02","slug":"vaida-valeriu-p-%c2%a7-vaida-p-valeriu","status":"publish","type":"product","link":"https:\/\/uj.adatbank.ro\/lexikon\/termek\/vaida-valeriu-p-%c2%a7-vaida-p-valeriu\/","title":{"rendered":"VAIDA, Valeriu, P.\u00a7., Vaida P. Valeriu"},"content":{"rendered":"<p>Mv., 1922. j\u00fal. 13., \u2020 Mv., 2005. aug.?: k\u00f6lt\u0151, etnol\u00f3gus, n\u00e9prajzkutat\u00f3. \u2013 Elemi iskol\u00e1ban, az ipari gimn\u00e1ziumban Mv.-en, Brass\u00f3ban tanult, Aradon az \u201eAurel Vlaicu\u201d Fels\u0151bb M\u0171v\u00e9szeti \u00e9s Iparos Iskola, szobr\u00e1szat szekci\u00f3j\u00e1t v\u00e9gezte (1943\u201344). Mv.-en szenvedte el h\u00e1rom csal\u00e1dtagj\u00e1nak hal\u00e1l\u00e1t (1940\u201344). Elmegy\u00f3gyint\u00e9zetbe z\u00e1rt\u00e1k, k\u00e9nyszerlakhelyen \u00e9lt politikai okokb\u00f3l (1948\u201351). Kiszabadul\u00e1sa ut\u00e1n gy\u00e1ri munk\u00e1s, majd Sz\u00e1szr\u00e9genben ipariskolai szakoktat\u00f3, a hangszer k\u00e9sz\u00edt\u00e9st tan\u00edtotta (1951\u201357). Mv.-en tan\u00e1r a 6-os sz. \u00c1ltal\u00e1nos Iskol\u00e1ban (1957\u201359). Technikus az ILEFOR v\u00e1llalatn\u00e1l (1960\u201371), majd nyugd\u00edjaz\u00e1s\u00e1ig a Maros Megyei N\u00e9pi Alkot\u00e1sok H\u00e1za igazgat\u00f3ja (1971\u201386). Gy\u0171jt\u0151je volt a r\u00e9gis\u00e9geknek, ritka darabokat, dokumentumokat, \u00fcveg- \u00e9s faikonokat, n\u00e9pi ker\u00e1mi\u00e1t \u00e9s textili\u00e1t. K\u00fczd\u00f6tt a hagyom\u00e1nyos n\u00e9pi \u00e9rt\u00e9kek kutat\u00e1s\u00e1\u00e9rt \u00e9s felt\u00e1r\u00e1s\u00e1\u00e9rt; m\u0171v\u00e9szeti \u00f6sszej\u00f6veteleket szervezett az \u00f6regek t\u00e1nca, k\u00f6z\u00f6ss\u00e9gi szok\u00e1sok, n\u00e9pi alkot\u00e1sok \u00e9s amat\u0151r k\u00e9pz\u0151m\u0171v\u00e9szeti alkot\u00e1sok n\u00e9pszer\u0171s\u00edt\u00e9se \u00e9rdek\u00e9ben. A Maros M\u0171v\u00e9szegy\u00fcttes k\u00eds\u00e9ret\u00e9ben Eur\u00f3pa sz\u00e1mos orsz\u00e1g\u00e1ban tette ismertt\u00e9 a rom\u00e1n m\u0171v\u00e9szet \u00e9rt\u00e9keit (Ausztria, Bulg\u00e1ria, Csehszlov\u00e1kia, Sv\u00e9do., Franciao., N\u00e9meto., Lichtenstein, Finno., Szovjetuni\u00f3, Sv\u00e1jc, Spanyolo., Olaszo., Magyaro. \u00e9s m\u00e1s orsz\u00e1gokban). N\u00e9meto.-ban, Osnabr\u00fcck N\u00e9pm\u0171v\u00e9szeti Iskol\u00e1j\u00e1ban \u2013 Hagenben \u2013 el\u0151ad\u00e1sokat tartott a rom\u00e1n \u00fcvegikonokr\u00f3l. Rom\u00e1n \u00e9s m. nyelv\u0171 el\u0151ad\u00e1sokat tartott a Radio Rom\u00e2nia- \u00e9s a Rom\u00e1n Telev\u00edzi\u00f3ban, kritikai cikkeket, arck\u00e9pv\u00e1zlatokat \u00edrt \u00e9s k\u00f6z\u00f6lt (Gh. \u015eincai-r\u00f3l, D.D. Ro\u015fc\u00e1r\u00f3l, Barbu L\u0103utarur\u00f3l, Dinu Lipattir\u00f3l, Augustin Maiorr\u00f3l). T\u00f6rt\u00e9nelmi tanulm\u00e1nyokat, \u00e9vfordul\u00f3kat, \u00fati jegyzeteket, interj\u00fakat tett k\u00f6zz\u00e9. A Politikai Foglyok Egyes\u00fclete mv.-i fi\u00f3kj\u00e1nak eln\u00f6ke, a Rom\u00e1n \u00cdr\u00f3sz\u00f6vets\u00e9g tagja. Munkat\u00e1rsa volt: St. r, C.l, \u00daj \u00e9let c. lapoknak. Mv. d\u00edszpolg\u00e1ra (2004); a C.l. lovagja (2001). \u2013  <strong>F. m..:<\/strong> Instrumente muzicale cu coarde \u015fi arcu\u015f (Buc., 1958); Dimitrie \u015etirbulescu (Buc., 1967); M\u0103rturii dintr-un veac apus (Tg. M., 2001);  <strong> szerk.:<\/strong> Egyfelvon\u00e1sos sz\u00ednm\u0171vek (szerk., el\u0151sz\u00f3; Mv., 1972). <br \/><strong>\u2013 Irod.:<\/strong> C.l. (2000. j\u00fal. 15.; 2001. j\u00fal. 13.; 2004. jan. 20.; 2006. j\u00fal. 12.); Cosma; Jurnal de Mures (2001. nov. 22.); Opri\u015f 2018.<\/br><\/p>\n","protected":false},"excerpt":{"rendered":"<p>Mv., 1922. j\u00fal. 13., \u2020 Mv., 2005. aug.?: k\u00f6lt\u0151, etnol\u00f3gus, n\u00e9prajzkutat\u00f3. \u2013 Elemi iskol\u00e1ban, az ipari gimn\u00e1ziumban Mv.-en, Brass\u00f3ban tanult, Aradon az \u201eAurel Vlaicu\u201d Fels\u0151bb M\u0171v\u00e9szeti \u00e9s Iparos Iskola, szobr\u00e1szat szekci\u00f3j\u00e1t v\u00e9gezte (1943\u201344). Mv.-en szenvedte el h\u00e1rom csal\u00e1dtagj\u00e1nak hal\u00e1l\u00e1t (1940\u201344). Elmegy\u00f3gyint\u00e9zetbe z\u00e1rt\u00e1k, k\u00e9nyszerlakhelyen \u00e9lt politikai okokb\u00f3l (1948\u201351). Kiszabadul\u00e1sa ut\u00e1n gy\u00e1ri munk\u00e1s, majd Sz\u00e1szr\u00e9genben ipariskolai szakoktat\u00f3, [&hellip;]<\/p>\n","protected":false},"featured_media":0,"comment_status":"open","ping_status":"closed","template":"","meta":[],"product_brand":[],"product_cat":[137],"product_tag":[],"class_list":{"0":"post-23936","1":"product","2":"type-product","3":"status-publish","5":"product_cat-maros-megyei-eletrajzi-lexikon","7":"first","8":"instock","9":"shipping-taxable","10":"product-type-simple"},"_links":{"self":[{"href":"https:\/\/uj.adatbank.ro\/lexikon\/wp-json\/wp\/v2\/product\/23936","targetHints":{"allow":["GET"]}}],"collection":[{"href":"https:\/\/uj.adatbank.ro\/lexikon\/wp-json\/wp\/v2\/product"}],"about":[{"href":"https:\/\/uj.adatbank.ro\/lexikon\/wp-json\/wp\/v2\/types\/product"}],"replies":[{"embeddable":true,"href":"https:\/\/uj.adatbank.ro\/lexikon\/wp-json\/wp\/v2\/comments?post=23936"}],"wp:attachment":[{"href":"https:\/\/uj.adatbank.ro\/lexikon\/wp-json\/wp\/v2\/media?parent=23936"}],"wp:term":[{"taxonomy":"product_brand","embeddable":true,"href":"https:\/\/uj.adatbank.ro\/lexikon\/wp-json\/wp\/v2\/product_brand?post=23936"},{"taxonomy":"product_cat","embeddable":true,"href":"https:\/\/uj.adatbank.ro\/lexikon\/wp-json\/wp\/v2\/product_cat?post=23936"},{"taxonomy":"product_tag","embeddable":true,"href":"https:\/\/uj.adatbank.ro\/lexikon\/wp-json\/wp\/v2\/product_tag?post=23936"}],"curies":[{"name":"wp","href":"https:\/\/api.w.org\/{rel}","templated":true}]}}

<p>Mv., 1922. júl. 13., † Mv., 2005. aug.?: költő, etnológus, néprajzkutató. – Elemi iskolában, az ipari gimnáziumban Mv.-en, Brassóban tanult, Aradon az „Aurel Vlaicu” Felsőbb Művészeti és Iparos Iskola, szobrászat szekcióját végezte (1943–44). Mv.-en szenvedte el három családtagjának halálát (1940–44). Elmegyógyintézetbe zárták, kényszerlakhelyen élt politikai okokból (1948–51). Kiszabadulása után gyári munkás, majd Szászrégenben ipariskolai szakoktató, a hangszer készítést tanította (1951–57). Mv.-en tanár a 6-os sz. Általános Iskolában (1957–59). Technikus az ILEFOR vállalatnál (1960–71), majd nyugdíjazásáig a Maros Megyei Népi Alkotások Háza igazgatója (1971–86). Gyűjtője volt a régiségeknek, ritka darabokat, dokumentumokat, üveg- és faikonokat, népi kerámiát és textiliát. Küzdött a hagyományos népi értékek kutatásáért és feltárásáért; művészeti összejöveteleket szervezett az öregek tánca, közösségi szokások, népi alkotások és amatőr képzőművészeti alkotások népszerűsítése érdekében. A Maros Művészegyüttes kíséretében Európa számos országában tette ismertté a román művészet értékeit (Ausztria, Bulgária, Csehszlovákia, Svédo., Franciao., Németo., Lichtenstein, Finno., Szovjetunió, Svájc, Spanyolo., Olaszo., Magyaro. és más országokban). Németo.-ban, Osnabrück Népművészeti Iskolájában – Hagenben – előadásokat tartott a román üvegikonokról. Román és m. nyelvű előadásokat tartott a Radio România- és a Román Televízióban, kritikai cikkeket, arcképvázlatokat írt és közölt (Gh. Şincai-ról, D.D. Roşcáról, Barbu Lăutaruról, Dinu Lipattiról, Augustin Maiorról). Történelmi tanulmányokat, évfordulókat, úti jegyzeteket, interjúkat tett közzé. A Politikai Foglyok Egyesülete mv.-i fiókjának elnöke, a Román Írószövetség tagja. Munkatársa volt: St. r, C.l, Új élet c. lapoknak. Mv. díszpolgára (2004); a C.l. lovagja (2001). –  <strong>F. m..:</strong> Instrumente muzicale cu coarde şi arcuş (Buc., 1958); Dimitrie Ştirbulescu (Buc., 1967); Mărturii dintr-un veac apus (Tg. M., 2001);  <strong> szerk.:</strong> Egyfelvonásos színművek (szerk., előszó; Mv., 1972). <br /><strong>– Irod.:</strong> C.l. (2000. júl. 15.; 2001. júl. 13.; 2004. jan. 20.; 2006. júl. 12.); Cosma; Jurnal de Mures (2001. nov. 22.); Opriş 2018.</br></p>

<p>Mv., 1922. júl. 13., † Mv., 2005. aug.?: költő, etnológus, néprajzkutató. – Elemi iskolában, az ipari gimnáziumban Mv.-en, Brassóban tanult, Aradon az „Aurel Vlaicu” Felsőbb Művészeti és Iparos Iskola, szobrászat szekcióját végezte (1943–44). Mv.-en szenvedte el három családtagjának halálát (1940–44). Elmegyógyintézetbe zárták, kényszerlakhelyen élt politikai okokból (1948–51). Kiszabadulása után gyári munkás, majd Szászrégenben ipariskolai szakoktató, [&hellip;]</p>
