{"id":23937,"date":"2025-08-01T17:48:04","date_gmt":"2025-08-01T15:48:04","guid":{"rendered":"https:\/\/uj.adatbank.ro\/lexikon\/termek\/vaidean-cornelia-rusu-cornelia\/"},"modified":"2025-08-01T17:48:04","modified_gmt":"2025-08-01T15:48:04","slug":"vaidean-cornelia-rusu-cornelia","status":"publish","type":"product","link":"https:\/\/uj.adatbank.ro\/lexikon\/termek\/vaidean-cornelia-rusu-cornelia\/","title":{"rendered":"V\u0102IDEAN, Cornelia, Rusu Cornelia"},"content":{"rendered":"<p>Mez\u0151kem\u00e9nytelke, 1939. aug. 19., \u2020 Marosludas, 2001. m\u00e1rc. 18.: tan\u00edt\u00f3n\u0151. \u2013 Elemi iskol\u00e1t a sz\u00fcl\u0151faluban, l\u00edc.-ot \u00e9s tan\u00edt\u00f3k\u00e9pz\u0151 f\u0151iskol\u00e1t Kv.-on v\u00e9gzett (1960). Kem\u00e9nytelk\u00e9re helyezt\u00e9k, azut\u00e1n tan\u00edtott m\u00e9g Maroskec\u00e9ben \u00e9s Ludason. Letette a v\u00e9gleges\u00edt\u0151 vizsg\u00e1t, a II. \u00e9s I. fokozati vizsg\u00e1t. Mindenhol r\u00e9szt vett a m\u0171vel\u0151d\u00e9si \u00e9letben, kir\u00e1ndul\u00e1sokat szervezett, \u00e9s karnagya volt a ludasi g\u00f6r. kat. templom k\u00f3rus\u00e1nak. Nyugd\u00edjazt\u00e1k (1990). <br \/><strong>\u2013 Irod.:<\/strong> Dasc\u0103li mure\u015feni 4.<\/br><\/p>\n","protected":false},"excerpt":{"rendered":"<p>Mez\u0151kem\u00e9nytelke, 1939. aug. 19., \u2020 Marosludas, 2001. m\u00e1rc. 18.: tan\u00edt\u00f3n\u0151. \u2013 Elemi iskol\u00e1t a sz\u00fcl\u0151faluban, l\u00edc.-ot \u00e9s tan\u00edt\u00f3k\u00e9pz\u0151 f\u0151iskol\u00e1t Kv.-on v\u00e9gzett (1960). Kem\u00e9nytelk\u00e9re helyezt\u00e9k, azut\u00e1n tan\u00edtott m\u00e9g Maroskec\u00e9ben \u00e9s Ludason. Letette a v\u00e9gleges\u00edt\u0151 vizsg\u00e1t, a II. \u00e9s I. fokozati vizsg\u00e1t. Mindenhol r\u00e9szt vett a m\u0171vel\u0151d\u00e9si \u00e9letben, kir\u00e1ndul\u00e1sokat szervezett, \u00e9s karnagya volt a ludasi g\u00f6r. kat. [&hellip;]<\/p>\n","protected":false},"featured_media":0,"comment_status":"open","ping_status":"closed","template":"","meta":[],"product_brand":[],"product_cat":[137],"product_tag":[],"class_list":{"0":"post-23937","1":"product","2":"type-product","3":"status-publish","5":"product_cat-maros-megyei-eletrajzi-lexikon","7":"first","8":"instock","9":"shipping-taxable","10":"product-type-simple"},"_links":{"self":[{"href":"https:\/\/uj.adatbank.ro\/lexikon\/wp-json\/wp\/v2\/product\/23937","targetHints":{"allow":["GET"]}}],"collection":[{"href":"https:\/\/uj.adatbank.ro\/lexikon\/wp-json\/wp\/v2\/product"}],"about":[{"href":"https:\/\/uj.adatbank.ro\/lexikon\/wp-json\/wp\/v2\/types\/product"}],"replies":[{"embeddable":true,"href":"https:\/\/uj.adatbank.ro\/lexikon\/wp-json\/wp\/v2\/comments?post=23937"}],"wp:attachment":[{"href":"https:\/\/uj.adatbank.ro\/lexikon\/wp-json\/wp\/v2\/media?parent=23937"}],"wp:term":[{"taxonomy":"product_brand","embeddable":true,"href":"https:\/\/uj.adatbank.ro\/lexikon\/wp-json\/wp\/v2\/product_brand?post=23937"},{"taxonomy":"product_cat","embeddable":true,"href":"https:\/\/uj.adatbank.ro\/lexikon\/wp-json\/wp\/v2\/product_cat?post=23937"},{"taxonomy":"product_tag","embeddable":true,"href":"https:\/\/uj.adatbank.ro\/lexikon\/wp-json\/wp\/v2\/product_tag?post=23937"}],"curies":[{"name":"wp","href":"https:\/\/api.w.org\/{rel}","templated":true}]}}

VĂIDEAN, Cornelia, Rusu Cornelia

<p>Mezőkeménytelke, 1939. aug. 19., † Marosludas, 2001. márc. 18.: tanítónő. – Elemi iskolát a szülőfaluban, líc.-ot és tanítóképző főiskolát Kv.-on végzett (1960). Keménytelkére helyezték, azután tanított még Maroskecében és Ludason. Letette a véglegesítő vizsgát, a II. és I. fokozati vizsgát. Mindenhol részt vett a művelődési életben, kirándulásokat szervezett, és karnagya volt a ludasi gör. kat. templom kórusának. Nyugdíjazták (1990). <br /><strong>– Irod.:</strong> Dascăli mureşeni 4.</br></p>

<p>Mezőkeménytelke, 1939. aug. 19., † Marosludas, 2001. márc. 18.: tanítónő. – Elemi iskolát a szülőfaluban, líc.-ot és tanítóképző főiskolát Kv.-on végzett (1960). Keménytelkére helyezték, azután tanított még Maroskecében és Ludason. Letette a véglegesítő vizsgát, a II. és I. fokozati vizsgát. Mindenhol részt vett a művelődési életben, kirándulásokat szervezett, és karnagya volt a ludasi gör. kat. [&hellip;]</p>
