{"id":23940,"date":"2025-08-01T17:48:13","date_gmt":"2025-08-01T15:48:13","guid":{"rendered":"https:\/\/uj.adatbank.ro\/lexikon\/termek\/vajai-2\/"},"modified":"2025-08-01T17:48:13","modified_gmt":"2025-08-01T15:48:13","slug":"vajai-2","status":"publish","type":"product","link":"https:\/\/uj.adatbank.ro\/lexikon\/termek\/vajai-2\/","title":{"rendered":"VAJAI"},"content":{"rendered":"<p>Berekereszt\u00fari csal\u00e1d: V. J\u00e1nos Berekereszt\u00faron, Vaj\u00e1n stb. kapott jobb\u00e1gytelkeket B\u00e1thory Zsigmondt\u00f3l (1591. m\u00e1j. 2.); V. Mih\u00e1ly nemeslevelet nyert Apafi Mih\u00e1lyt\u00f3l (1664. \u00e1pr. 10.). <br \/><strong>\u2013 Irod.:<\/strong> P\u00e1lmay.<\/br><\/p>\n","protected":false},"excerpt":{"rendered":"<p>Berekereszt\u00fari csal\u00e1d: V. J\u00e1nos Berekereszt\u00faron, Vaj\u00e1n stb. kapott jobb\u00e1gytelkeket B\u00e1thory Zsigmondt\u00f3l (1591. m\u00e1j. 2.); V. Mih\u00e1ly nemeslevelet nyert Apafi Mih\u00e1lyt\u00f3l (1664. \u00e1pr. 10.). \u2013 Irod.: P\u00e1lmay.<\/p>\n","protected":false},"featured_media":0,"comment_status":"open","ping_status":"closed","template":"","meta":[],"product_brand":[],"product_cat":[137],"product_tag":[],"class_list":{"0":"post-23940","1":"product","2":"type-product","3":"status-publish","5":"product_cat-maros-megyei-eletrajzi-lexikon","7":"first","8":"instock","9":"shipping-taxable","10":"product-type-simple"},"_links":{"self":[{"href":"https:\/\/uj.adatbank.ro\/lexikon\/wp-json\/wp\/v2\/product\/23940","targetHints":{"allow":["GET"]}}],"collection":[{"href":"https:\/\/uj.adatbank.ro\/lexikon\/wp-json\/wp\/v2\/product"}],"about":[{"href":"https:\/\/uj.adatbank.ro\/lexikon\/wp-json\/wp\/v2\/types\/product"}],"replies":[{"embeddable":true,"href":"https:\/\/uj.adatbank.ro\/lexikon\/wp-json\/wp\/v2\/comments?post=23940"}],"wp:attachment":[{"href":"https:\/\/uj.adatbank.ro\/lexikon\/wp-json\/wp\/v2\/media?parent=23940"}],"wp:term":[{"taxonomy":"product_brand","embeddable":true,"href":"https:\/\/uj.adatbank.ro\/lexikon\/wp-json\/wp\/v2\/product_brand?post=23940"},{"taxonomy":"product_cat","embeddable":true,"href":"https:\/\/uj.adatbank.ro\/lexikon\/wp-json\/wp\/v2\/product_cat?post=23940"},{"taxonomy":"product_tag","embeddable":true,"href":"https:\/\/uj.adatbank.ro\/lexikon\/wp-json\/wp\/v2\/product_tag?post=23940"}],"curies":[{"name":"wp","href":"https:\/\/api.w.org\/{rel}","templated":true}]}}