{"id":23942,"date":"2025-08-01T17:48:19","date_gmt":"2025-08-01T15:48:19","guid":{"rendered":"https:\/\/uj.adatbank.ro\/lexikon\/termek\/vajai-gabor\/"},"modified":"2025-08-01T17:48:19","modified_gmt":"2025-08-01T15:48:19","slug":"vajai-gabor","status":"publish","type":"product","link":"https:\/\/uj.adatbank.ro\/lexikon\/termek\/vajai-gabor\/","title":{"rendered":"VAJAI G\u00e1bor"},"content":{"rendered":"<p>? \u2020\u00a0?: ref. lelk\u00e9sz. \u2013 Franekerben tanult (1734\u201336). A ny\u00e1r\u00e1dszentbenedeki Ref. Egyh\u00e1zk\u00f6zs\u00e9g lelk\u00e9sze (1737\u201360). K\u00e9t \u00fcdv\u00f6zl\u0151verse maradt fenn nyomtat\u00e1sban: Borosnyai Nagy Zsigmondhoz (1735) \u00e9s Makranczi Istv\u00e1nhoz (1736). <br \/><strong>\u2013 Irod.:<\/strong> Ny\u00e1r\u00e1dszentbenedek.<\/br><\/p>\n","protected":false},"excerpt":{"rendered":"<p>? \u2020\u00a0?: ref. lelk\u00e9sz. \u2013 Franekerben tanult (1734\u201336). A ny\u00e1r\u00e1dszentbenedeki Ref. Egyh\u00e1zk\u00f6zs\u00e9g lelk\u00e9sze (1737\u201360). K\u00e9t \u00fcdv\u00f6zl\u0151verse maradt fenn nyomtat\u00e1sban: Borosnyai Nagy Zsigmondhoz (1735) \u00e9s Makranczi Istv\u00e1nhoz (1736). \u2013 Irod.: Ny\u00e1r\u00e1dszentbenedek.<\/p>\n","protected":false},"featured_media":0,"comment_status":"open","ping_status":"closed","template":"","meta":[],"product_brand":[],"product_cat":[137],"product_tag":[],"class_list":{"0":"post-23942","1":"product","2":"type-product","3":"status-publish","5":"product_cat-maros-megyei-eletrajzi-lexikon","7":"first","8":"instock","9":"shipping-taxable","10":"product-type-simple"},"_links":{"self":[{"href":"https:\/\/uj.adatbank.ro\/lexikon\/wp-json\/wp\/v2\/product\/23942","targetHints":{"allow":["GET"]}}],"collection":[{"href":"https:\/\/uj.adatbank.ro\/lexikon\/wp-json\/wp\/v2\/product"}],"about":[{"href":"https:\/\/uj.adatbank.ro\/lexikon\/wp-json\/wp\/v2\/types\/product"}],"replies":[{"embeddable":true,"href":"https:\/\/uj.adatbank.ro\/lexikon\/wp-json\/wp\/v2\/comments?post=23942"}],"wp:attachment":[{"href":"https:\/\/uj.adatbank.ro\/lexikon\/wp-json\/wp\/v2\/media?parent=23942"}],"wp:term":[{"taxonomy":"product_brand","embeddable":true,"href":"https:\/\/uj.adatbank.ro\/lexikon\/wp-json\/wp\/v2\/product_brand?post=23942"},{"taxonomy":"product_cat","embeddable":true,"href":"https:\/\/uj.adatbank.ro\/lexikon\/wp-json\/wp\/v2\/product_cat?post=23942"},{"taxonomy":"product_tag","embeddable":true,"href":"https:\/\/uj.adatbank.ro\/lexikon\/wp-json\/wp\/v2\/product_tag?post=23942"}],"curies":[{"name":"wp","href":"https:\/\/api.w.org\/{rel}","templated":true}]}}