{"id":23958,"date":"2025-08-01T17:48:57","date_gmt":"2025-08-01T15:48:57","guid":{"rendered":"https:\/\/uj.adatbank.ro\/lexikon\/termek\/vajda-akos-3\/"},"modified":"2025-08-01T17:48:57","modified_gmt":"2025-08-01T15:48:57","slug":"vajda-akos-3","status":"publish","type":"product","link":"https:\/\/uj.adatbank.ro\/lexikon\/termek\/vajda-akos-3\/","title":{"rendered":"VAJDA \u00c1kos"},"content":{"rendered":"<p>? 1919. j\u00fan. 31., \u2020 ?: tisztvisel\u0151. \u2013 A r\u00e9geni Transsylvania F\u0171r\u00e9sz\u00e1ru \u00e9s L\u00e1dagy\u00e1r \u00e1llamos\u00edt\u00e1sakor kinevezett igazgat\u00f3ja (1948. j\u00fan. 11.), azel\u0151tt a r\u00e9geni Foresta Transilv\u0103nean\u0103 F\u0171r\u00e9sz\u00e1rugy\u00e1r tisztvisel\u0151je volt. A RMP tagja (1947\u2013). A Transsylvania gy\u00e1rat Steuer Jakab \u00e9s Godschleiger Ign\u00e1c l\u00e9tes\u00edtette (1946. m\u00e1j. 1.), fakitermel\u00e9ssel, fafeldolgoz\u00e1ssal \u00e9s \u00e9rt\u00e9kes\u00edt\u00e9ssel foglalkoztatott 25 alkalmazottal. A gy\u00e1r er\u0151g\u00e9pei \u00e9s felszerel\u00e9se az \u00e1llamos\u00edt\u00e1skor gyenge \u00e1llapotban volt, mert m\u00e1sodk\u00e9zb\u0151l sz\u00e1rmaztak, de a karbantart\u00e1sukat is elhanyagolt\u00e1k, azonk\u00edv\u00fcl a munkatelep nagyon messze volt a vas\u00fatt\u00f3l. Ezek a hi\u00e1nyoss\u00e1gok odavezettek, hogy a Faipart Koordin\u00e1l\u00f3 Hivatal a gy\u00e1rat bez\u00e1ratta, a munk\u00e1sokat m\u00e1s v\u00e1llalatokn\u00e1l osztotta be (1948. j\u00fal. 15.). <br \/><strong>\u2013 Irod.:<\/strong> Bartos Zolt\u00e1n.<\/br><\/p>\n","protected":false},"excerpt":{"rendered":"<p>? 1919. j\u00fan. 31., \u2020 ?: tisztvisel\u0151. \u2013 A r\u00e9geni Transsylvania F\u0171r\u00e9sz\u00e1ru \u00e9s L\u00e1dagy\u00e1r \u00e1llamos\u00edt\u00e1sakor kinevezett igazgat\u00f3ja (1948. j\u00fan. 11.), azel\u0151tt a r\u00e9geni Foresta Transilv\u0103nean\u0103 F\u0171r\u00e9sz\u00e1rugy\u00e1r tisztvisel\u0151je volt. A RMP tagja (1947\u2013). A Transsylvania gy\u00e1rat Steuer Jakab \u00e9s Godschleiger Ign\u00e1c l\u00e9tes\u00edtette (1946. m\u00e1j. 1.), fakitermel\u00e9ssel, fafeldolgoz\u00e1ssal \u00e9s \u00e9rt\u00e9kes\u00edt\u00e9ssel foglalkoztatott 25 alkalmazottal. A gy\u00e1r er\u0151g\u00e9pei \u00e9s [&hellip;]<\/p>\n","protected":false},"featured_media":0,"comment_status":"open","ping_status":"closed","template":"","meta":[],"product_brand":[],"product_cat":[137],"product_tag":[],"class_list":{"0":"post-23958","1":"product","2":"type-product","3":"status-publish","5":"product_cat-maros-megyei-eletrajzi-lexikon","7":"first","8":"instock","9":"shipping-taxable","10":"product-type-simple"},"_links":{"self":[{"href":"https:\/\/uj.adatbank.ro\/lexikon\/wp-json\/wp\/v2\/product\/23958","targetHints":{"allow":["GET"]}}],"collection":[{"href":"https:\/\/uj.adatbank.ro\/lexikon\/wp-json\/wp\/v2\/product"}],"about":[{"href":"https:\/\/uj.adatbank.ro\/lexikon\/wp-json\/wp\/v2\/types\/product"}],"replies":[{"embeddable":true,"href":"https:\/\/uj.adatbank.ro\/lexikon\/wp-json\/wp\/v2\/comments?post=23958"}],"wp:attachment":[{"href":"https:\/\/uj.adatbank.ro\/lexikon\/wp-json\/wp\/v2\/media?parent=23958"}],"wp:term":[{"taxonomy":"product_brand","embeddable":true,"href":"https:\/\/uj.adatbank.ro\/lexikon\/wp-json\/wp\/v2\/product_brand?post=23958"},{"taxonomy":"product_cat","embeddable":true,"href":"https:\/\/uj.adatbank.ro\/lexikon\/wp-json\/wp\/v2\/product_cat?post=23958"},{"taxonomy":"product_tag","embeddable":true,"href":"https:\/\/uj.adatbank.ro\/lexikon\/wp-json\/wp\/v2\/product_tag?post=23958"}],"curies":[{"name":"wp","href":"https:\/\/api.w.org\/{rel}","templated":true}]}}

VAJDA Ákos

<p>? 1919. jún. 31., † ?: tisztviselő. – A régeni Transsylvania Fűrészáru és Ládagyár államosításakor kinevezett igazgatója (1948. jún. 11.), azelőtt a régeni Foresta Transilvăneană Fűrészárugyár tisztviselője volt. A RMP tagja (1947–). A Transsylvania gyárat Steuer Jakab és Godschleiger Ignác létesítette (1946. máj. 1.), fakitermeléssel, fafeldolgozással és értékesítéssel foglalkoztatott 25 alkalmazottal. A gyár erőgépei és felszerelése az államosításkor gyenge állapotban volt, mert másodkézből származtak, de a karbantartásukat is elhanyagolták, azonkívül a munkatelep nagyon messze volt a vasúttól. Ezek a hiányosságok odavezettek, hogy a Faipart Koordináló Hivatal a gyárat bezáratta, a munkásokat más vállalatoknál osztotta be (1948. júl. 15.). <br /><strong>– Irod.:</strong> Bartos Zoltán.</br></p>

<p>? 1919. jún. 31., † ?: tisztviselő. – A régeni Transsylvania Fűrészáru és Ládagyár államosításakor kinevezett igazgatója (1948. jún. 11.), azelőtt a régeni Foresta Transilvăneană Fűrészárugyár tisztviselője volt. A RMP tagja (1947–). A Transsylvania gyárat Steuer Jakab és Godschleiger Ignác létesítette (1946. máj. 1.), fakitermeléssel, fafeldolgozással és értékesítéssel foglalkoztatott 25 alkalmazottal. A gyár erőgépei és [&hellip;]</p>
