{"id":23960,"date":"2025-08-01T17:49:02","date_gmt":"2025-08-01T15:49:02","guid":{"rendered":"https:\/\/uj.adatbank.ro\/lexikon\/termek\/vajda-andras-2\/"},"modified":"2025-08-01T17:49:02","modified_gmt":"2025-08-01T15:49:02","slug":"vajda-andras-2","status":"publish","type":"product","link":"https:\/\/uj.adatbank.ro\/lexikon\/termek\/vajda-andras-2\/","title":{"rendered":"VAJDA Andr\u00e1s"},"content":{"rendered":"<p>Gernyeszeg, 1902., \u2020\u00a0?: gazd\u00e1lkod\u00f3, k\u00f6zs\u00e9gi p\u00e9nzt\u00e1ros, amerikai kiv\u00e1ndorl\u00f3. \u2013 Iskol\u00e1i elv\u00e9gz\u00e9se ut\u00e1n a sz\u00fcleit\u0151l tanult gazd\u00e1lkodni. Amerik\u00e1ba v\u00e1ndorolt (1912), ahol mint aut\u00f3fuvaroz\u00f3 tev\u00e9kenykedett, saj\u00e1t aut\u00f3j\u00e1val j\u00f6tt haza l\u00e1togat\u00f3ba sz\u00fcl\u0151faluj\u00e1ba (1931). Magyars\u00e1g\u00e1t megtartotta \u00e9s gyermekeit is magyar szellemben nevelte. <br \/><strong>\u2013 Irod.:<\/strong> Csekme Ferenc: Gernyeszegi Vajda Andr\u00e1s amerikai kiv\u00e1ndorl\u00f3 \u00e9lett\u00f6rt\u00e9nete (Mv., \u00e9.n.), Sz\u00e9kelyf\u00f6ld \u00ed. k.<\/br><\/p>\n","protected":false},"excerpt":{"rendered":"<p>Gernyeszeg, 1902., \u2020\u00a0?: gazd\u00e1lkod\u00f3, k\u00f6zs\u00e9gi p\u00e9nzt\u00e1ros, amerikai kiv\u00e1ndorl\u00f3. \u2013 Iskol\u00e1i elv\u00e9gz\u00e9se ut\u00e1n a sz\u00fcleit\u0151l tanult gazd\u00e1lkodni. Amerik\u00e1ba v\u00e1ndorolt (1912), ahol mint aut\u00f3fuvaroz\u00f3 tev\u00e9kenykedett, saj\u00e1t aut\u00f3j\u00e1val j\u00f6tt haza l\u00e1togat\u00f3ba sz\u00fcl\u0151faluj\u00e1ba (1931). Magyars\u00e1g\u00e1t megtartotta \u00e9s gyermekeit is magyar szellemben nevelte. \u2013 Irod.: Csekme Ferenc: Gernyeszegi Vajda Andr\u00e1s amerikai kiv\u00e1ndorl\u00f3 \u00e9lett\u00f6rt\u00e9nete (Mv., \u00e9.n.), Sz\u00e9kelyf\u00f6ld \u00ed. k.<\/p>\n","protected":false},"featured_media":0,"comment_status":"open","ping_status":"closed","template":"","meta":[],"product_brand":[],"product_cat":[137],"product_tag":[],"class_list":{"0":"post-23960","1":"product","2":"type-product","3":"status-publish","5":"product_cat-maros-megyei-eletrajzi-lexikon","7":"first","8":"instock","9":"shipping-taxable","10":"product-type-simple"},"_links":{"self":[{"href":"https:\/\/uj.adatbank.ro\/lexikon\/wp-json\/wp\/v2\/product\/23960","targetHints":{"allow":["GET"]}}],"collection":[{"href":"https:\/\/uj.adatbank.ro\/lexikon\/wp-json\/wp\/v2\/product"}],"about":[{"href":"https:\/\/uj.adatbank.ro\/lexikon\/wp-json\/wp\/v2\/types\/product"}],"replies":[{"embeddable":true,"href":"https:\/\/uj.adatbank.ro\/lexikon\/wp-json\/wp\/v2\/comments?post=23960"}],"wp:attachment":[{"href":"https:\/\/uj.adatbank.ro\/lexikon\/wp-json\/wp\/v2\/media?parent=23960"}],"wp:term":[{"taxonomy":"product_brand","embeddable":true,"href":"https:\/\/uj.adatbank.ro\/lexikon\/wp-json\/wp\/v2\/product_brand?post=23960"},{"taxonomy":"product_cat","embeddable":true,"href":"https:\/\/uj.adatbank.ro\/lexikon\/wp-json\/wp\/v2\/product_cat?post=23960"},{"taxonomy":"product_tag","embeddable":true,"href":"https:\/\/uj.adatbank.ro\/lexikon\/wp-json\/wp\/v2\/product_tag?post=23960"}],"curies":[{"name":"wp","href":"https:\/\/api.w.org\/{rel}","templated":true}]}}

VAJDA András

<p>Gernyeszeg, 1902., † ?: gazdálkodó, községi pénztáros, amerikai kivándorló. – Iskolái elvégzése után a szüleitől tanult gazdálkodni. Amerikába vándorolt (1912), ahol mint autófuvarozó tevékenykedett, saját autójával jött haza látogatóba szülőfalujába (1931). Magyarságát megtartotta és gyermekeit is magyar szellemben nevelte. <br /><strong>– Irod.:</strong> Csekme Ferenc: Gernyeszegi Vajda András amerikai kivándorló élettörténete (Mv., é.n.), Székelyföld í. k.</br></p>

<p>Gernyeszeg, 1902., † ?: gazdálkodó, községi pénztáros, amerikai kivándorló. – Iskolái elvégzése után a szüleitől tanult gazdálkodni. Amerikába vándorolt (1912), ahol mint autófuvarozó tevékenykedett, saját autójával jött haza látogatóba szülőfalujába (1931). Magyarságát megtartotta és gyermekeit is magyar szellemben nevelte. – Irod.: Csekme Ferenc: Gernyeszegi Vajda András amerikai kivándorló élettörténete (Mv., é.n.), Székelyföld í. k.</p>
