{"id":23964,"date":"2025-08-01T17:49:14","date_gmt":"2025-08-01T15:49:14","guid":{"rendered":"https:\/\/uj.adatbank.ro\/lexikon\/termek\/vajda-daniel\/"},"modified":"2025-08-01T17:49:14","modified_gmt":"2025-08-01T15:49:14","slug":"vajda-daniel","status":"publish","type":"product","link":"https:\/\/uj.adatbank.ro\/lexikon\/termek\/vajda-daniel\/","title":{"rendered":"VAJDA D\u00e1niel"},"content":{"rendered":"<p>Mv., 1793. j\u00fal., \u2020 Mv., 1860. febr. 9.: tan\u00e1r, bor\u00e1sz. \u2013 Feles\u00e9ge: Bodor Juli\u00e1nna (1802? \u2013 Mv., 1865. nov. 1.). Gyermekeik: Simon; Anna \u2013 Mentovich Ferencn\u00e9; Mikl\u00f3s \u00e9s K\u00e1rolina. \u2013 Kor\u00e1n \u00e1rvas\u00e1gra jutott; nagy n\u00e9lk\u00fcl\u00f6z\u00e9sek \u00e9s k\u00fczd\u00e9sek k\u00f6z\u00f6tt tanult Mv.-en (1799\u20131808); Bolyai Farkas is fia mell\u00e9 fogadta h\u00e1zitan\u00edt\u00f3nak. A b\u00e9csi m\u0171egyetemen a ref. egyh\u00e1z \u00f6szt\u00f6nd\u00edj\u00e1val tanult (1814\u201315), ahol vegy\u00e9szeti leck\u00e9ket is hallgatott. Hazaj\u00f6tt Mv.-re (1815), br. Kem\u00e9ny Simon fiainak lett a nevel\u0151je, val\u00f3sz\u00edn\u0171 Bolyai Farkas k\u00f6zbenj\u00e1r\u00e1s\u00e1val is, aki tanul\u00f3t\u00e1rsa volt Kem\u00e9ny Simonnak G\u00f6ttingenben. Tev\u00e9kenys\u00e9ge szorosan kapcsol\u00f3dott Csombordhoz, a Kem\u00e9ny csal\u00e1d birtok\u00e1hoz. Az erd\u00e9lyi ref. f\u0151konziszt\u00f3rium a nagyenyedi Bethlen-Koll.-hoz h\u00edvta meg az egyetemes \u00e9s hazai t\u00f6rt\u00e9nelem, a latin irodalom \u00e9s eszt\u00e9tika rendes tan\u00e1r\u00e1nak (1829. \u00e1pr. 24). De szem\u00e9nek gyenges\u00e9ge miatt le kellett mondania tan\u00e1ri \u00e1ll\u00e1s\u00e1r\u00f3l (1830. \u00e1pr.). A kaszin\u00f3 eln\u00f6ks\u00e9g\u00e9vel tisztelte meg Nagyenyed \u00e9rtelmis\u00e9ge. A Kem\u00e9ny-csal\u00e1d (1836. febr. 19-t\u0151l) \u00e9lete v\u00e9g\u00e9ig 500 Rh\u00e9nes-forintot \u00e9s 200 v\u00e9ka tisztab\u00faza nyugd\u00edjat biztos\u00edtott neki. Sikeres bor\u00e1szk\u00e9nt tev\u00e9kenykedett, Kem\u00e9ny b\u00e1r\u00f3n\u00e9 k\u00fcl\u00f6n pinc\u00e9t rendelt sz\u00e1m\u00e1ra Csombordon, ahol k\u00eds\u00e9rletezhetett \u00e9s \u00edgy \u00edrhatta: \u201e\u00c9n teh\u00e1t nevel\u0151b\u0151l bor\u00e1ssz\u00e1, s tan\u00e1rb\u00f3l borkeresked\u0151v\u00e9 lettem\u201d. A m\u00f3cok el\u0151l, akik Nagyenyed feld\u00fal\u00e1sa \u00e9s elpuszt\u00edt\u00e1sakor 12\u00a0000 pfrt \u00e9rt\u00e9k\u0171 bor\u00e1t felpr\u00e9d\u00e1lt\u00e1k \u00e9s 500 k\u00f6tetb\u0151l \u00e1ll\u00f3 k\u00f6nyvt\u00e1r\u00e1t \u00e9s k\u00e9ziratait t\u0171zbe dob\u00e1lt\u00e1k, Kv.-ra menek\u00fclt (1848), majd Pestre (1849), majd le\u00e1ny\u00e1nak csal\u00e1dj\u00e1val, Ann\u00e1nak f\u00e9rj\u00e9vel, Mentovich Ferenccel Nagyk\u0151r\u00f6s\u00f6n lakott (1850), hol bor\u00e1szattal foglalkozott. Nagyk\u0151r\u00f6sr\u0151l Mentovich\u00e9kkal egy\u00fctt Mv.-re t\u00e9rt vissza. (1856). Bolyai J\u00e1nosnak mag\u00e1ntan\u00e1ra, majd mind a k\u00e9t Bolyainak k\u00f6zeli bar\u00e1tja. Meg\u00edrta az els\u0151 m. bor\u00e1szati szakk\u00f6nyvet (1858). Cikkei Bor\u00e1szati k\u00f6zlem\u00e9nyek c\u00edmen a Gazdas\u00e1gi Lapokban jelentek meg (1852\u201355), A. L. \u00e1ln\u00e9ven. \u2013  <strong>F. m..:<\/strong> Bor\u00e1szati k\u00f6zlem\u00e9nyek a magyar pincegazd\u00e1szat mezej\u00e9r\u0151l. T\u00f6bb mint huszon\u00f6t \u00e9ven \u00e1t tett tapasztalatai s k\u00eds\u00e9rletei ut\u00e1n (Mv., 1858). <br \/><strong>\u2013 Irod.:<\/strong> Cs\u00e1vossy; F\u00fcl\u00f6p-Ferenc; Gy\u00e1szjelent\u0151; Koncz J\u00f3zsef; Ol\u00e1h-G\u00e1l R\u00f3bert: Aki Bolyai Farkast testv\u00e9r\u00e9v\u00e9 fogadta 2. (N\u00fa., M\u00fazsa, 2010. j\u00fal. 24.); Ol\u00e1h-G\u00e1l R\u00f3bert: V. D. \u00e9s a Bolyaiak (M\u0171vel\u0151d\u00e9s, 2011. j\u00fan., 6. sz.; N\u00fa., Sz\u00ednes Vil\u00e1g, 2010. jan. 16.); Rugonfalvi Kiss; Sebesty\u00e9n Mih\u00e1ly: Erd\u00e9lyi borosgazd\u00e1knak, avagy V. D. \u00e9breszt\u00e9se (N\u00fa., 1999. j\u00fal. 16., 1999. j\u00fal. 20.); Szab\u00f3\u2013Sz\u00f6gi; Szinnyei; Szinnyei J; Szinnyei J \u2013 Sz.J.<\/br><\/p>\n","protected":false},"excerpt":{"rendered":"<p>Mv., 1793. j\u00fal., \u2020 Mv., 1860. febr. 9.: tan\u00e1r, bor\u00e1sz. \u2013 Feles\u00e9ge: Bodor Juli\u00e1nna (1802? \u2013 Mv., 1865. nov. 1.). Gyermekeik: Simon; Anna \u2013 Mentovich Ferencn\u00e9; Mikl\u00f3s \u00e9s K\u00e1rolina. \u2013 Kor\u00e1n \u00e1rvas\u00e1gra jutott; nagy n\u00e9lk\u00fcl\u00f6z\u00e9sek \u00e9s k\u00fczd\u00e9sek k\u00f6z\u00f6tt tanult Mv.-en (1799\u20131808); Bolyai Farkas is fia mell\u00e9 fogadta h\u00e1zitan\u00edt\u00f3nak. A b\u00e9csi m\u0171egyetemen a ref. egyh\u00e1z \u00f6szt\u00f6nd\u00edj\u00e1val [&hellip;]<\/p>\n","protected":false},"featured_media":0,"comment_status":"open","ping_status":"closed","template":"","meta":[],"product_brand":[],"product_cat":[137],"product_tag":[],"class_list":{"0":"post-23964","1":"product","2":"type-product","3":"status-publish","5":"product_cat-maros-megyei-eletrajzi-lexikon","7":"first","8":"instock","9":"shipping-taxable","10":"product-type-simple"},"_links":{"self":[{"href":"https:\/\/uj.adatbank.ro\/lexikon\/wp-json\/wp\/v2\/product\/23964","targetHints":{"allow":["GET"]}}],"collection":[{"href":"https:\/\/uj.adatbank.ro\/lexikon\/wp-json\/wp\/v2\/product"}],"about":[{"href":"https:\/\/uj.adatbank.ro\/lexikon\/wp-json\/wp\/v2\/types\/product"}],"replies":[{"embeddable":true,"href":"https:\/\/uj.adatbank.ro\/lexikon\/wp-json\/wp\/v2\/comments?post=23964"}],"wp:attachment":[{"href":"https:\/\/uj.adatbank.ro\/lexikon\/wp-json\/wp\/v2\/media?parent=23964"}],"wp:term":[{"taxonomy":"product_brand","embeddable":true,"href":"https:\/\/uj.adatbank.ro\/lexikon\/wp-json\/wp\/v2\/product_brand?post=23964"},{"taxonomy":"product_cat","embeddable":true,"href":"https:\/\/uj.adatbank.ro\/lexikon\/wp-json\/wp\/v2\/product_cat?post=23964"},{"taxonomy":"product_tag","embeddable":true,"href":"https:\/\/uj.adatbank.ro\/lexikon\/wp-json\/wp\/v2\/product_tag?post=23964"}],"curies":[{"name":"wp","href":"https:\/\/api.w.org\/{rel}","templated":true}]}}

VAJDA Dániel

<p>Mv., 1793. júl., † Mv., 1860. febr. 9.: tanár, borász. – Felesége: Bodor Juliánna (1802? – Mv., 1865. nov. 1.). Gyermekeik: Simon; Anna – Mentovich Ferencné; Miklós és Károlina. – Korán árvaságra jutott; nagy nélkülözések és küzdések között tanult Mv.-en (1799–1808); Bolyai Farkas is fia mellé fogadta házitanítónak. A bécsi műegyetemen a ref. egyház ösztöndíjával tanult (1814–15), ahol vegyészeti leckéket is hallgatott. Hazajött Mv.-re (1815), br. Kemény Simon fiainak lett a nevelője, valószínű Bolyai Farkas közbenjárásával is, aki tanulótársa volt Kemény Simonnak Göttingenben. Tevékenysége szorosan kapcsolódott Csombordhoz, a Kemény család birtokához. Az erdélyi ref. főkonzisztórium a nagyenyedi Bethlen-Koll.-hoz hívta meg az egyetemes és hazai történelem, a latin irodalom és esztétika rendes tanárának (1829. ápr. 24). De szemének gyengesége miatt le kellett mondania tanári állásáról (1830. ápr.). A kaszinó elnökségével tisztelte meg Nagyenyed értelmisége. A Kemény-család (1836. febr. 19-től) élete végéig 500 Rhénes-forintot és 200 véka tisztabúza nyugdíjat biztosított neki. Sikeres borászként tevékenykedett, Kemény báróné külön pincét rendelt számára Csombordon, ahol kísérletezhetett és így írhatta: „Én tehát nevelőből borásszá, s tanárból borkereskedővé lettem”. A mócok elől, akik Nagyenyed feldúlása és elpusztításakor 12 000 pfrt értékű borát felprédálták és 500 kötetből álló könyvtárát és kéziratait tűzbe dobálták, Kv.-ra menekült (1848), majd Pestre (1849), majd leányának családjával, Annának férjével, Mentovich Ferenccel Nagykőrösön lakott (1850), hol borászattal foglalkozott. Nagykőrösről Mentovichékkal együtt Mv.-re tért vissza. (1856). Bolyai Jánosnak magántanára, majd mind a két Bolyainak közeli barátja. Megírta az első m. borászati szakkönyvet (1858). Cikkei Borászati közlemények címen a Gazdasági Lapokban jelentek meg (1852–55), A. L. álnéven. –  <strong>F. m..:</strong> Borászati közlemények a magyar pincegazdászat mezejéről. Több mint huszonöt éven át tett tapasztalatai s kísérletei után (Mv., 1858). <br /><strong>– Irod.:</strong> Csávossy; Fülöp-Ferenc; Gyászjelentő; Koncz József; Oláh-Gál Róbert: Aki Bolyai Farkast testvérévé fogadta 2. (Nú., Múzsa, 2010. júl. 24.); Oláh-Gál Róbert: V. D. és a Bolyaiak (Művelődés, 2011. jún., 6. sz.; Nú., Színes Világ, 2010. jan. 16.); Rugonfalvi Kiss; Sebestyén Mihály: Erdélyi borosgazdáknak, avagy V. D. ébresztése (Nú., 1999. júl. 16., 1999. júl. 20.); Szabó–Szögi; Szinnyei; Szinnyei J; Szinnyei J – Sz.J.</br></p>

<p>Mv., 1793. júl., † Mv., 1860. febr. 9.: tanár, borász. – Felesége: Bodor Juliánna (1802? – Mv., 1865. nov. 1.). Gyermekeik: Simon; Anna – Mentovich Ferencné; Miklós és Károlina. – Korán árvaságra jutott; nagy nélkülözések és küzdések között tanult Mv.-en (1799–1808); Bolyai Farkas is fia mellé fogadta házitanítónak. A bécsi műegyetemen a ref. egyház ösztöndíjával [&hellip;]</p>
