{"id":23970,"date":"2025-08-01T17:49:26","date_gmt":"2025-08-01T15:49:26","guid":{"rendered":"https:\/\/uj.adatbank.ro\/lexikon\/termek\/vajda-ferenc-3\/"},"modified":"2025-08-01T17:49:26","modified_gmt":"2025-08-01T15:49:26","slug":"vajda-ferenc-3","status":"publish","type":"product","link":"https:\/\/uj.adatbank.ro\/lexikon\/termek\/vajda-ferenc-3\/","title":{"rendered":"VAJDA Ferenc"},"content":{"rendered":"<p>Sz\u00e1szr\u00e9gen, 1945., \u2020 2019.: orvos. \u2013 Mv.-en \u00e9retts\u00e9gizett (1964) \u00e9s a MOGYI orvosi kar\u00e1n v\u00e9gzett (1971). A Bak\u00f3 megyei Kom\u00e1nfalv\u00e1ra (Com\u0103ne\u0219ti) kapott kinevez\u00e9st \u00fczemorvosnak a sz\u00e9nb\u00e1ny\u00e1ba. Buk.-i szakvizsga ut\u00e1n a munkak\u00e9pess\u00e9get meg\u00e1llap\u00edt\u00f3 orvosk\u00e9nt dolgozott Moine\u0219tiben nyugd\u00edjaz\u00e1s\u00e1ig (1977\u20132004). \u2013  <strong>F. m..:<\/strong> Sz\u00e9kely k\u00e9rd\u00e9s a XVI. sz\u00e1zadban = \u00dcnnepi k\u00f6nyv. <br \/><strong>\u2013 Irod.:<\/strong> Kiss\u2013P\u00e9terffy\u2013P\u00e9terffy.<\/br><\/p>\n","protected":false},"excerpt":{"rendered":"<p>Sz\u00e1szr\u00e9gen, 1945., \u2020 2019.: orvos. \u2013 Mv.-en \u00e9retts\u00e9gizett (1964) \u00e9s a MOGYI orvosi kar\u00e1n v\u00e9gzett (1971). A Bak\u00f3 megyei Kom\u00e1nfalv\u00e1ra (Com\u0103ne\u0219ti) kapott kinevez\u00e9st \u00fczemorvosnak a sz\u00e9nb\u00e1ny\u00e1ba. Buk.-i szakvizsga ut\u00e1n a munkak\u00e9pess\u00e9get meg\u00e1llap\u00edt\u00f3 orvosk\u00e9nt dolgozott Moine\u0219tiben nyugd\u00edjaz\u00e1s\u00e1ig (1977\u20132004). \u2013 F. m..: Sz\u00e9kely k\u00e9rd\u00e9s a XVI. sz\u00e1zadban = \u00dcnnepi k\u00f6nyv. \u2013 Irod.: Kiss\u2013P\u00e9terffy\u2013P\u00e9terffy.<\/p>\n","protected":false},"featured_media":0,"comment_status":"open","ping_status":"closed","template":"","meta":[],"product_brand":[],"product_cat":[137],"product_tag":[],"class_list":{"0":"post-23970","1":"product","2":"type-product","3":"status-publish","5":"product_cat-maros-megyei-eletrajzi-lexikon","7":"first","8":"instock","9":"shipping-taxable","10":"product-type-simple"},"_links":{"self":[{"href":"https:\/\/uj.adatbank.ro\/lexikon\/wp-json\/wp\/v2\/product\/23970","targetHints":{"allow":["GET"]}}],"collection":[{"href":"https:\/\/uj.adatbank.ro\/lexikon\/wp-json\/wp\/v2\/product"}],"about":[{"href":"https:\/\/uj.adatbank.ro\/lexikon\/wp-json\/wp\/v2\/types\/product"}],"replies":[{"embeddable":true,"href":"https:\/\/uj.adatbank.ro\/lexikon\/wp-json\/wp\/v2\/comments?post=23970"}],"wp:attachment":[{"href":"https:\/\/uj.adatbank.ro\/lexikon\/wp-json\/wp\/v2\/media?parent=23970"}],"wp:term":[{"taxonomy":"product_brand","embeddable":true,"href":"https:\/\/uj.adatbank.ro\/lexikon\/wp-json\/wp\/v2\/product_brand?post=23970"},{"taxonomy":"product_cat","embeddable":true,"href":"https:\/\/uj.adatbank.ro\/lexikon\/wp-json\/wp\/v2\/product_cat?post=23970"},{"taxonomy":"product_tag","embeddable":true,"href":"https:\/\/uj.adatbank.ro\/lexikon\/wp-json\/wp\/v2\/product_tag?post=23970"}],"curies":[{"name":"wp","href":"https:\/\/api.w.org\/{rel}","templated":true}]}}

<p>Szászrégen, 1945., † 2019.: orvos. – Mv.-en érettségizett (1964) és a MOGYI orvosi karán végzett (1971). A Bakó megyei Kománfalvára (Comănești) kapott kinevezést üzemorvosnak a szénbányába. Buk.-i szakvizsga után a munkaképességet megállapító orvosként dolgozott Moineștiben nyugdíjazásáig (1977–2004). –  <strong>F. m..:</strong> Székely kérdés a XVI. században = Ünnepi könyv. <br /><strong>– Irod.:</strong> Kiss–Péterffy–Péterffy.</br></p>

<p>Szászrégen, 1945., † 2019.: orvos. – Mv.-en érettségizett (1964) és a MOGYI orvosi karán végzett (1971). A Bakó megyei Kománfalvára (Comănești) kapott kinevezést üzemorvosnak a szénbányába. Buk.-i szakvizsga után a munkaképességet megállapító orvosként dolgozott Moineștiben nyugdíjazásáig (1977–2004). – F. m..: Székely kérdés a XVI. században = Ünnepi könyv. – Irod.: Kiss–Péterffy–Péterffy.</p>
