{"id":23971,"date":"2025-08-01T17:49:29","date_gmt":"2025-08-01T15:49:29","guid":{"rendered":"https:\/\/uj.adatbank.ro\/lexikon\/termek\/vajda-gaspar-wajda-gasper\/"},"modified":"2025-08-01T17:49:29","modified_gmt":"2025-08-01T15:49:29","slug":"vajda-gaspar-wajda-gasper","status":"publish","type":"product","link":"https:\/\/uj.adatbank.ro\/lexikon\/termek\/vajda-gaspar-wajda-gasper\/","title":{"rendered":"VAJDA G\u00e1sp\u00e1r, Wajda G\u00e1sp\u00e9r"},"content":{"rendered":"<p>? \u2020\u00a0?: mester. \u2013 L\u0151rincfalv\u00e1n (1790\u20131800), G\u00f6csben l\u00e9vita (1803), Csejden (1817\u201318), Kend\u0151n (1819\u201324) ref. tan\u00edt\u00f3. <br \/><strong>\u2013 Irod.:<\/strong> Imreh B.<\/br><\/p>\n","protected":false},"excerpt":{"rendered":"<p>? \u2020\u00a0?: mester. \u2013 L\u0151rincfalv\u00e1n (1790\u20131800), G\u00f6csben l\u00e9vita (1803), Csejden (1817\u201318), Kend\u0151n (1819\u201324) ref. tan\u00edt\u00f3. \u2013 Irod.: Imreh B.<\/p>\n","protected":false},"featured_media":0,"comment_status":"open","ping_status":"closed","template":"","meta":[],"product_brand":[],"product_cat":[137],"product_tag":[],"class_list":{"0":"post-23971","1":"product","2":"type-product","3":"status-publish","5":"product_cat-maros-megyei-eletrajzi-lexikon","7":"first","8":"instock","9":"shipping-taxable","10":"product-type-simple"},"_links":{"self":[{"href":"https:\/\/uj.adatbank.ro\/lexikon\/wp-json\/wp\/v2\/product\/23971","targetHints":{"allow":["GET"]}}],"collection":[{"href":"https:\/\/uj.adatbank.ro\/lexikon\/wp-json\/wp\/v2\/product"}],"about":[{"href":"https:\/\/uj.adatbank.ro\/lexikon\/wp-json\/wp\/v2\/types\/product"}],"replies":[{"embeddable":true,"href":"https:\/\/uj.adatbank.ro\/lexikon\/wp-json\/wp\/v2\/comments?post=23971"}],"wp:attachment":[{"href":"https:\/\/uj.adatbank.ro\/lexikon\/wp-json\/wp\/v2\/media?parent=23971"}],"wp:term":[{"taxonomy":"product_brand","embeddable":true,"href":"https:\/\/uj.adatbank.ro\/lexikon\/wp-json\/wp\/v2\/product_brand?post=23971"},{"taxonomy":"product_cat","embeddable":true,"href":"https:\/\/uj.adatbank.ro\/lexikon\/wp-json\/wp\/v2\/product_cat?post=23971"},{"taxonomy":"product_tag","embeddable":true,"href":"https:\/\/uj.adatbank.ro\/lexikon\/wp-json\/wp\/v2\/product_tag?post=23971"}],"curies":[{"name":"wp","href":"https:\/\/api.w.org\/{rel}","templated":true}]}}