{"id":23972,"date":"2025-08-01T17:49:32","date_gmt":"2025-08-01T15:49:32","guid":{"rendered":"https:\/\/uj.adatbank.ro\/lexikon\/termek\/vajda-gyorgy\/"},"modified":"2025-08-01T17:49:32","modified_gmt":"2025-08-01T15:49:32","slug":"vajda-gyorgy","status":"publish","type":"product","link":"https:\/\/uj.adatbank.ro\/lexikon\/termek\/vajda-gyorgy\/","title":{"rendered":"VAJDA Gy\u00f6rgy"},"content":{"rendered":"<p>Maross\u00e1rpatak (Maros), 1880., \u2020\u00a0?: csend\u0151r, gazd\u00e1lkod\u00f3. \u2013 Iskol\u00e1i elv\u00e9gz\u00e9se ut\u00e1n, apja mellett gazd\u00e1lkodni kezdett, majd katona lett a 12. ut\u00e1szokn\u00e1l, azut\u00e1n a csend\u0151rs\u00e9ghez ker\u00fclt, ahol \u0151rsvezet\u0151 volt (\u20131911), majd Mv.-en mint v\u00e1rosi rend\u0151r teljes\u00edtett szolg\u00e1latot (1911\u201320), azut\u00e1n v\u00e1rosi ad\u00f3szed\u0151 volt (1920\u201323), elbocs\u00e1t\u00e1sa ut\u00e1n gazd\u00e1lkodott N\u00e1zn\u00e1nfalv\u00e1n. Az els\u0151 vh.-ban az orosz fronton megsebes\u00fclt, \u0151rmesterk\u00e9nt szerelt le. <br \/><strong>\u2013 Irod.:<\/strong> Sz\u00e9kelyf\u00f6ld \u00ed. k.<\/br><\/p>\n","protected":false},"excerpt":{"rendered":"<p>Maross\u00e1rpatak (Maros), 1880., \u2020\u00a0?: csend\u0151r, gazd\u00e1lkod\u00f3. \u2013 Iskol\u00e1i elv\u00e9gz\u00e9se ut\u00e1n, apja mellett gazd\u00e1lkodni kezdett, majd katona lett a 12. ut\u00e1szokn\u00e1l, azut\u00e1n a csend\u0151rs\u00e9ghez ker\u00fclt, ahol \u0151rsvezet\u0151 volt (\u20131911), majd Mv.-en mint v\u00e1rosi rend\u0151r teljes\u00edtett szolg\u00e1latot (1911\u201320), azut\u00e1n v\u00e1rosi ad\u00f3szed\u0151 volt (1920\u201323), elbocs\u00e1t\u00e1sa ut\u00e1n gazd\u00e1lkodott N\u00e1zn\u00e1nfalv\u00e1n. Az els\u0151 vh.-ban az orosz fronton megsebes\u00fclt, \u0151rmesterk\u00e9nt szerelt le. [&hellip;]<\/p>\n","protected":false},"featured_media":0,"comment_status":"open","ping_status":"closed","template":"","meta":[],"product_brand":[],"product_cat":[137],"product_tag":[],"class_list":{"0":"post-23972","1":"product","2":"type-product","3":"status-publish","5":"product_cat-maros-megyei-eletrajzi-lexikon","7":"first","8":"instock","9":"shipping-taxable","10":"product-type-simple"},"_links":{"self":[{"href":"https:\/\/uj.adatbank.ro\/lexikon\/wp-json\/wp\/v2\/product\/23972","targetHints":{"allow":["GET"]}}],"collection":[{"href":"https:\/\/uj.adatbank.ro\/lexikon\/wp-json\/wp\/v2\/product"}],"about":[{"href":"https:\/\/uj.adatbank.ro\/lexikon\/wp-json\/wp\/v2\/types\/product"}],"replies":[{"embeddable":true,"href":"https:\/\/uj.adatbank.ro\/lexikon\/wp-json\/wp\/v2\/comments?post=23972"}],"wp:attachment":[{"href":"https:\/\/uj.adatbank.ro\/lexikon\/wp-json\/wp\/v2\/media?parent=23972"}],"wp:term":[{"taxonomy":"product_brand","embeddable":true,"href":"https:\/\/uj.adatbank.ro\/lexikon\/wp-json\/wp\/v2\/product_brand?post=23972"},{"taxonomy":"product_cat","embeddable":true,"href":"https:\/\/uj.adatbank.ro\/lexikon\/wp-json\/wp\/v2\/product_cat?post=23972"},{"taxonomy":"product_tag","embeddable":true,"href":"https:\/\/uj.adatbank.ro\/lexikon\/wp-json\/wp\/v2\/product_tag?post=23972"}],"curies":[{"name":"wp","href":"https:\/\/api.w.org\/{rel}","templated":true}]}}

VAJDA György

<p>Marossárpatak (Maros), 1880., † ?: csendőr, gazdálkodó. – Iskolái elvégzése után, apja mellett gazdálkodni kezdett, majd katona lett a 12. utászoknál, azután a csendőrséghez került, ahol őrsvezető volt (–1911), majd Mv.-en mint városi rendőr teljesített szolgálatot (1911–20), azután városi adószedő volt (1920–23), elbocsátása után gazdálkodott Náznánfalván. Az első vh.-ban az orosz fronton megsebesült, őrmesterként szerelt le. <br /><strong>– Irod.:</strong> Székelyföld í. k.</br></p>

<p>Marossárpatak (Maros), 1880., † ?: csendőr, gazdálkodó. – Iskolái elvégzése után, apja mellett gazdálkodni kezdett, majd katona lett a 12. utászoknál, azután a csendőrséghez került, ahol őrsvezető volt (–1911), majd Mv.-en mint városi rendőr teljesített szolgálatot (1911–20), azután városi adószedő volt (1920–23), elbocsátása után gazdálkodott Náznánfalván. Az első vh.-ban az orosz fronton megsebesült, őrmesterként szerelt le. [&hellip;]</p>
