{"id":23978,"date":"2025-08-01T17:49:44","date_gmt":"2025-08-01T15:49:44","guid":{"rendered":"https:\/\/uj.adatbank.ro\/lexikon\/termek\/vajda-istvan-5\/"},"modified":"2025-08-01T17:49:44","modified_gmt":"2025-08-01T15:49:44","slug":"vajda-istvan-5","status":"publish","type":"product","link":"https:\/\/uj.adatbank.ro\/lexikon\/termek\/vajda-istvan-5\/","title":{"rendered":"VAJDA Istv\u00e1n"},"content":{"rendered":"<p>Mez\u0151madaras, 1906. \u2020\u00a0?: uradalmi int\u00e9z\u0151. \u2013 Tanulm\u00e1nyait Mv.-en \u00e9s a cs\u00edkszeredai k\u00f6z\u00e9pfok\u00fa gazdas\u00e1gi iskol\u00e1ban v\u00e9gezte. Mint uradalmi gyakornok kezdte m\u0171k\u00f6d\u00e9s\u00e9t Mez\u0151madarason. Orb\u00e1n K\u00e1roly int\u00e9z\u0151je lett (1927), 520 holdon korszer\u0171 mez\u0151gazdas\u00e1got folytatott. A k\u00f6zs\u00e9g tekint\u00e9lyes polg\u00e1ra, a MP tagja, a Gazdak\u00f6r titk\u00e1ra, a Tejsz\u00f6vetkezet aleln\u00f6ke, a Hangya igazgat\u00f3s\u00e1gi tagja volt. <br \/><strong>\u2013 Irod.:<\/strong> Sz\u00e9kelyf\u00f6ld \u00ed. k.<\/br><\/p>\n","protected":false},"excerpt":{"rendered":"<p>Mez\u0151madaras, 1906. \u2020\u00a0?: uradalmi int\u00e9z\u0151. \u2013 Tanulm\u00e1nyait Mv.-en \u00e9s a cs\u00edkszeredai k\u00f6z\u00e9pfok\u00fa gazdas\u00e1gi iskol\u00e1ban v\u00e9gezte. Mint uradalmi gyakornok kezdte m\u0171k\u00f6d\u00e9s\u00e9t Mez\u0151madarason. Orb\u00e1n K\u00e1roly int\u00e9z\u0151je lett (1927), 520 holdon korszer\u0171 mez\u0151gazdas\u00e1got folytatott. A k\u00f6zs\u00e9g tekint\u00e9lyes polg\u00e1ra, a MP tagja, a Gazdak\u00f6r titk\u00e1ra, a Tejsz\u00f6vetkezet aleln\u00f6ke, a Hangya igazgat\u00f3s\u00e1gi tagja volt. \u2013 Irod.: Sz\u00e9kelyf\u00f6ld \u00ed. k.<\/p>\n","protected":false},"featured_media":0,"comment_status":"open","ping_status":"closed","template":"","meta":[],"product_brand":[],"product_cat":[137],"product_tag":[],"class_list":{"0":"post-23978","1":"product","2":"type-product","3":"status-publish","5":"product_cat-maros-megyei-eletrajzi-lexikon","7":"first","8":"instock","9":"shipping-taxable","10":"product-type-simple"},"_links":{"self":[{"href":"https:\/\/uj.adatbank.ro\/lexikon\/wp-json\/wp\/v2\/product\/23978","targetHints":{"allow":["GET"]}}],"collection":[{"href":"https:\/\/uj.adatbank.ro\/lexikon\/wp-json\/wp\/v2\/product"}],"about":[{"href":"https:\/\/uj.adatbank.ro\/lexikon\/wp-json\/wp\/v2\/types\/product"}],"replies":[{"embeddable":true,"href":"https:\/\/uj.adatbank.ro\/lexikon\/wp-json\/wp\/v2\/comments?post=23978"}],"wp:attachment":[{"href":"https:\/\/uj.adatbank.ro\/lexikon\/wp-json\/wp\/v2\/media?parent=23978"}],"wp:term":[{"taxonomy":"product_brand","embeddable":true,"href":"https:\/\/uj.adatbank.ro\/lexikon\/wp-json\/wp\/v2\/product_brand?post=23978"},{"taxonomy":"product_cat","embeddable":true,"href":"https:\/\/uj.adatbank.ro\/lexikon\/wp-json\/wp\/v2\/product_cat?post=23978"},{"taxonomy":"product_tag","embeddable":true,"href":"https:\/\/uj.adatbank.ro\/lexikon\/wp-json\/wp\/v2\/product_tag?post=23978"}],"curies":[{"name":"wp","href":"https:\/\/api.w.org\/{rel}","templated":true}]}}

VAJDA István

<p>Mezőmadaras, 1906. † ?: uradalmi intéző. – Tanulmányait Mv.-en és a csíkszeredai középfokú gazdasági iskolában végezte. Mint uradalmi gyakornok kezdte működését Mezőmadarason. Orbán Károly intézője lett (1927), 520 holdon korszerű mezőgazdaságot folytatott. A község tekintélyes polgára, a MP tagja, a Gazdakör titkára, a Tejszövetkezet alelnöke, a Hangya igazgatósági tagja volt. <br /><strong>– Irod.:</strong> Székelyföld í. k.</br></p>

<p>Mezőmadaras, 1906. † ?: uradalmi intéző. – Tanulmányait Mv.-en és a csíkszeredai középfokú gazdasági iskolában végezte. Mint uradalmi gyakornok kezdte működését Mezőmadarason. Orbán Károly intézője lett (1927), 520 holdon korszerű mezőgazdaságot folytatott. A község tekintélyes polgára, a MP tagja, a Gazdakör titkára, a Tejszövetkezet alelnöke, a Hangya igazgatósági tagja volt. – Irod.: Székelyföld í. k.</p>
