{"id":23987,"date":"2025-08-01T17:50:08","date_gmt":"2025-08-01T15:50:08","guid":{"rendered":"https:\/\/uj.adatbank.ro\/lexikon\/termek\/vajda-lajos-ludovic\/"},"modified":"2025-08-01T17:50:08","modified_gmt":"2025-08-01T15:50:08","slug":"vajda-lajos-ludovic","status":"publish","type":"product","link":"https:\/\/uj.adatbank.ro\/lexikon\/termek\/vajda-lajos-ludovic\/","title":{"rendered":"VAJDA Lajos, Ludovic"},"content":{"rendered":"<p>Szentdemeter, 1926. dec. 27., \u2020 Kv., 1990. m\u00e1rc. 23.: t\u00f6rt\u00e9n\u00e9sz. \u2013 K\u00f6z\u00e9piskol\u00e1t Kv.-on a R. K. F\u0151gimn\u00e1ziumban v\u00e9gzett (1946), diplom\u00e1j\u00e1t a BTE t\u00f6rt\u00e9nelem szak\u00e1n szerezte (1951), doktor\u00e1lt (1969). Egyetemi tan\u00e1rseg\u00e9d a BTE T\u00f6rt\u00e9nelem kar\u00e1n (1951\u201355); oszt\u00e1lyvezet\u0151 a kv.-i T\u00f6rt\u00e9nelem \u00e9s T\u00e1rsadalomtudom\u00e1nyi Kutat\u00f3 Int\u00e9zetben (1955\u201389). Els\u0151 \u00edr\u00e1sa az Igazs\u00e1gban jelent meg (1954). Kutat\u00e1si ter\u00fclete: az erd\u00e9lyi ipar, k\u00fcl\u00f6n\u00f6sk\u00e9ppen az erd\u00e9lyi b\u00e1nya- \u00e9s vasipar ut\u00f3bbi m\u00e1sf\u00e9l sz\u00e1zad\u00e1nak t\u00f6rt\u00e9nete, az ipari forradalom erd\u00e9lyi kibontakoz\u00e1sa, az ipari prolet\u00e1ri\u00e1tus kialakul\u00e1sa \u00e9s a munk\u00e1smozgalom t\u00f6rt\u00e9nete. Tudom\u00e1nyos dolgozatait k\u00f6z\u00f6lte az Acta Musei Napocensis, Anale de Istorie, Anuarul Institutului de Istorie din Cluj, Studia Universitatis Babes-Bolyai. Cikkei megjelentek az El\u0151re, Igazs\u00e1g, Korunk, Familia, F\u0103clia, Sc\u00e2nteia, Tribuna lapokban. \u2013  <strong>F. m..:<\/strong> Industria minier\u0103 \u015fi metalurgic\u0103 din Transilvania \u00eentre 1848\u20131867: Rezumatul tezei de doctorat. Institutul de istorie si arheologie (Cluj., 1967); 1907 A nagy parasztfelkel\u00e9s erd\u00e9lyi visszhangja (Buk., 1977); Erd\u00e9lyi b\u00e1ny\u00e1k, koh\u00f3k, emberek, sz\u00e1zadok. Gazdas\u00e1g-, t\u00e1rsadalom- \u00e9s munk\u00e1smozgalom t\u00f6rt\u00e9net a XVIII. sz. m\u00e1sodik fel\u00e9t\u0151l 1918-ig (Buk, 1981); A szentkeresztb\u00e1nyai vasgy\u00e1rt\u00e1s t\u00f6rt\u00e9nete (Buk., 1983);  <strong>t\u00e1rssz.:<\/strong> Adal\u00e9kok az erd\u00e9lyi szakszervezeti mozgalom t\u00f6rt\u00e9net\u00e9hez 1848\u20131917 (Fodor L\u00e1szl\u00f3val; Buk., 1957; Contribu\u0163ii la istoria mi\u015fc\u0103rii sindicale din Transilvania 1848\u20131917; Buc., 1957); Greva general\u0103 din Rom\u00e2nia 1920 (Buk., 1960); Munk\u00e1s \u00e9s parasztmozgalmak Erd\u00e9lyben 1905\u20131907 (Egyed \u00c1kossal, Cical\u0103 Ionnal; Buk., 1962); \u00cen sprijinul Republicii Ungare a Sfaturilor (Buc., 1969); Pagini de istorie revolu\u0163ionar\u0103.1848\u20131971.Oameni, fapte, locuri (Kv., 1971); Fabrica de Mobil\u0103 Libertatea din Cluj 1870\u20131970 (Kv., 1971); K\u00f6pecb\u00e1nya 1872\u20131972 (Sepsiszentgy\u00f6rgy, 1972 rom\u00e1n ford\u00edt\u00e1sban is); Rezisten\u0163a antifascist\u0103 \u00een parte de nord a Transilvaniei septembrie 1940-octombrie 1944 (Cluj N., 1974; The anti-fascist resistance in the North-East of Transylvania. September 1940 \u2013 October 1944; Buc., 1979); <strong>antol\u00f3g.:<\/strong> A kolozsv\u00e1ri Bolyai Tudom\u00e1nyegyetem 1945\u201355 (Kv., 1956); Destr\u0103marea Monarchiei Austro-Ungare 1900\u20131918 (Buk., 1964, magyar, n\u00e9met, francia ford. 1965);  <strong> szerk.:<\/strong> Okt\u00f3ber z\u00e1szlaja alatt. A Nagy Okt\u00f3beri Szoci\u00e1lista Forradalomban r\u00e9szt vett Kolozsv\u00e1r tartom\u00e1nyi v\u00f6r\u00f6sg\u00e1rdist\u00e1k visszaeml\u00e9kez\u00e9seib\u0151l (Kv., 1957, rom\u00e1n v\u00e1ltozat is); A 19 sz\u00e1zadi \u201320. sz\u00e1zad eleji szocialista \u00e9s munk\u00e1smozgalom rom\u00e1n nyelv\u0171 forr\u00e1sgy\u0171jtem\u00e9nye (1971\u201375). <br \/><strong>\u2013 Irod.:<\/strong> Clujeni ai sec. 20, R\u00e9thy\u2013\u00dajv\u00e1ri\u2013V\u00e1czi, RMIL.<\/br><\/p>\n","protected":false},"excerpt":{"rendered":"<p>Szentdemeter, 1926. dec. 27., \u2020 Kv., 1990. m\u00e1rc. 23.: t\u00f6rt\u00e9n\u00e9sz. \u2013 K\u00f6z\u00e9piskol\u00e1t Kv.-on a R. K. F\u0151gimn\u00e1ziumban v\u00e9gzett (1946), diplom\u00e1j\u00e1t a BTE t\u00f6rt\u00e9nelem szak\u00e1n szerezte (1951), doktor\u00e1lt (1969). Egyetemi tan\u00e1rseg\u00e9d a BTE T\u00f6rt\u00e9nelem kar\u00e1n (1951\u201355); oszt\u00e1lyvezet\u0151 a kv.-i T\u00f6rt\u00e9nelem \u00e9s T\u00e1rsadalomtudom\u00e1nyi Kutat\u00f3 Int\u00e9zetben (1955\u201389). Els\u0151 \u00edr\u00e1sa az Igazs\u00e1gban jelent meg (1954). Kutat\u00e1si ter\u00fclete: az erd\u00e9lyi [&hellip;]<\/p>\n","protected":false},"featured_media":0,"comment_status":"open","ping_status":"closed","template":"","meta":[],"product_brand":[],"product_cat":[137],"product_tag":[],"class_list":{"0":"post-23987","1":"product","2":"type-product","3":"status-publish","5":"product_cat-maros-megyei-eletrajzi-lexikon","7":"first","8":"instock","9":"shipping-taxable","10":"product-type-simple"},"_links":{"self":[{"href":"https:\/\/uj.adatbank.ro\/lexikon\/wp-json\/wp\/v2\/product\/23987","targetHints":{"allow":["GET"]}}],"collection":[{"href":"https:\/\/uj.adatbank.ro\/lexikon\/wp-json\/wp\/v2\/product"}],"about":[{"href":"https:\/\/uj.adatbank.ro\/lexikon\/wp-json\/wp\/v2\/types\/product"}],"replies":[{"embeddable":true,"href":"https:\/\/uj.adatbank.ro\/lexikon\/wp-json\/wp\/v2\/comments?post=23987"}],"wp:attachment":[{"href":"https:\/\/uj.adatbank.ro\/lexikon\/wp-json\/wp\/v2\/media?parent=23987"}],"wp:term":[{"taxonomy":"product_brand","embeddable":true,"href":"https:\/\/uj.adatbank.ro\/lexikon\/wp-json\/wp\/v2\/product_brand?post=23987"},{"taxonomy":"product_cat","embeddable":true,"href":"https:\/\/uj.adatbank.ro\/lexikon\/wp-json\/wp\/v2\/product_cat?post=23987"},{"taxonomy":"product_tag","embeddable":true,"href":"https:\/\/uj.adatbank.ro\/lexikon\/wp-json\/wp\/v2\/product_tag?post=23987"}],"curies":[{"name":"wp","href":"https:\/\/api.w.org\/{rel}","templated":true}]}}

<p>Szentdemeter, 1926. dec. 27., † Kv., 1990. márc. 23.: történész. – Középiskolát Kv.-on a R. K. Főgimnáziumban végzett (1946), diplomáját a BTE történelem szakán szerezte (1951), doktorált (1969). Egyetemi tanársegéd a BTE Történelem karán (1951–55); osztályvezető a kv.-i Történelem és Társadalomtudományi Kutató Intézetben (1955–89). Első írása az Igazságban jelent meg (1954). Kutatási területe: az erdélyi ipar, különösképpen az erdélyi bánya- és vasipar utóbbi másfél századának története, az ipari forradalom erdélyi kibontakozása, az ipari proletáriátus kialakulása és a munkásmozgalom története. Tudományos dolgozatait közölte az Acta Musei Napocensis, Anale de Istorie, Anuarul Institutului de Istorie din Cluj, Studia Universitatis Babes-Bolyai. Cikkei megjelentek az Előre, Igazság, Korunk, Familia, Făclia, Scânteia, Tribuna lapokban. –  <strong>F. m..:</strong> Industria minieră şi metalurgică din Transilvania între 1848–1867: Rezumatul tezei de doctorat. Institutul de istorie si arheologie (Cluj., 1967); 1907 A nagy parasztfelkelés erdélyi visszhangja (Buk., 1977); Erdélyi bányák, kohók, emberek, századok. Gazdaság-, társadalom- és munkásmozgalom történet a XVIII. sz. második felétől 1918-ig (Buk, 1981); A szentkeresztbányai vasgyártás története (Buk., 1983);  <strong>társsz.:</strong> Adalékok az erdélyi szakszervezeti mozgalom történetéhez 1848–1917 (Fodor Lászlóval; Buk., 1957; Contribuţii la istoria mişcării sindicale din Transilvania 1848–1917; Buc., 1957); Greva generală din România 1920 (Buk., 1960); Munkás és parasztmozgalmak Erdélyben 1905–1907 (Egyed Ákossal, Cicală Ionnal; Buk., 1962); În sprijinul Republicii Ungare a Sfaturilor (Buc., 1969); Pagini de istorie revoluţionară.1848–1971.Oameni, fapte, locuri (Kv., 1971); Fabrica de Mobilă Libertatea din Cluj 1870–1970 (Kv., 1971); Köpecbánya 1872–1972 (Sepsiszentgyörgy, 1972 román fordításban is); Rezistenţa antifascistă în parte de nord a Transilvaniei septembrie 1940-octombrie 1944 (Cluj N., 1974; The anti-fascist resistance in the North-East of Transylvania. September 1940 – October 1944; Buc., 1979); <strong>antológ.:</strong> A kolozsvári Bolyai Tudományegyetem 1945–55 (Kv., 1956); Destrămarea Monarchiei Austro-Ungare 1900–1918 (Buk., 1964, magyar, német, francia ford. 1965);  <strong> szerk.:</strong> Október zászlaja alatt. A Nagy Októberi Szociálista Forradalomban részt vett Kolozsvár tartományi vörösgárdisták visszaemlékezéseiből (Kv., 1957, román változat is); A 19 századi –20. század eleji szocialista és munkásmozgalom román nyelvű forrásgyűjteménye (1971–75). <br /><strong>– Irod.:</strong> Clujeni ai sec. 20, Réthy–Újvári–Váczi, RMIL.</br></p>

<p>Szentdemeter, 1926. dec. 27., † Kv., 1990. márc. 23.: történész. – Középiskolát Kv.-on a R. K. Főgimnáziumban végzett (1946), diplomáját a BTE történelem szakán szerezte (1951), doktorált (1969). Egyetemi tanársegéd a BTE Történelem karán (1951–55); osztályvezető a kv.-i Történelem és Társadalomtudományi Kutató Intézetben (1955–89). Első írása az Igazságban jelent meg (1954). Kutatási területe: az erdélyi [&hellip;]</p>
