{"id":23988,"date":"2025-08-01T17:50:10","date_gmt":"2025-08-01T15:50:10","guid":{"rendered":"https:\/\/uj.adatbank.ro\/lexikon\/termek\/vajda-laszlo\/"},"modified":"2025-08-01T17:50:10","modified_gmt":"2025-08-01T15:50:10","slug":"vajda-laszlo","status":"publish","type":"product","link":"https:\/\/uj.adatbank.ro\/lexikon\/termek\/vajda-laszlo\/","title":{"rendered":"VAJDA L\u00e1szl\u00f3"},"content":{"rendered":"<p>? \u2020\u00a01686\u20137 k.: birtokos. \u2013 Bog\u00e1ti, radn\u00f3ti birtokos. Apafi Mih\u00e1ly fejedelem bizalmas h\u00edve, f\u0151postamestere, t\u00f6bbsz\u00f6r volt k\u00f6vete B\u00e9csben. A fejedelemt\u0151l, az ut\u00f3dok n\u00e9lk\u00fcl elhunyt Kendi J\u00e1nos, kelementelki, k\u00f3r\u00f3di, k\u00f3rodszentm\u00e1rtoni \u00e9s z\u00e1gori birtokait adom\u00e1nyk\u00e9nt kapta meg (1678. j\u00fal. 10.). Tofeus Mih\u00e1ly levele V. L. -hoz (1678 Bog\u00e1t); Radn\u00f3t V.L. Ellenfelei megbuktatt\u00e1k \u00e9s beb\u00f6rt\u00f6n\u00f6zt\u00e9k (1685). <br \/><strong>\u2013 Irod.:<\/strong> Cs\u00e1ki \u00c1rp\u00e1d: K. J., Apafi Mih\u00e1ly fejedelem \u00edt\u00e9l\u0151mestere (1661\u20131677) = P\u00e1l-Antal \u2013 Simon; D\u00e9si Lajos: Magyar \u00edr\u00f3 \u00e9s k\u00f6nyvnyomtat\u00f3 a XVII. sz\u00e1zadban&#8230; (Bp., 1899); Erd\u00e9lyi f\u00e9niks Teleki Mih\u00e1ly levelez\u00e9se 6 (Bp., 1906\u201316).<\/br><\/p>\n","protected":false},"excerpt":{"rendered":"<p>? \u2020\u00a01686\u20137 k.: birtokos. \u2013 Bog\u00e1ti, radn\u00f3ti birtokos. Apafi Mih\u00e1ly fejedelem bizalmas h\u00edve, f\u0151postamestere, t\u00f6bbsz\u00f6r volt k\u00f6vete B\u00e9csben. A fejedelemt\u0151l, az ut\u00f3dok n\u00e9lk\u00fcl elhunyt Kendi J\u00e1nos, kelementelki, k\u00f3r\u00f3di, k\u00f3rodszentm\u00e1rtoni \u00e9s z\u00e1gori birtokait adom\u00e1nyk\u00e9nt kapta meg (1678. j\u00fal. 10.). Tofeus Mih\u00e1ly levele V. L. -hoz (1678 Bog\u00e1t); Radn\u00f3t V.L. Ellenfelei megbuktatt\u00e1k \u00e9s beb\u00f6rt\u00f6n\u00f6zt\u00e9k (1685). \u2013 Irod.: [&hellip;]<\/p>\n","protected":false},"featured_media":0,"comment_status":"open","ping_status":"closed","template":"","meta":[],"product_brand":[],"product_cat":[137],"product_tag":[],"class_list":{"0":"post-23988","1":"product","2":"type-product","3":"status-publish","5":"product_cat-maros-megyei-eletrajzi-lexikon","7":"first","8":"instock","9":"shipping-taxable","10":"product-type-simple"},"_links":{"self":[{"href":"https:\/\/uj.adatbank.ro\/lexikon\/wp-json\/wp\/v2\/product\/23988","targetHints":{"allow":["GET"]}}],"collection":[{"href":"https:\/\/uj.adatbank.ro\/lexikon\/wp-json\/wp\/v2\/product"}],"about":[{"href":"https:\/\/uj.adatbank.ro\/lexikon\/wp-json\/wp\/v2\/types\/product"}],"replies":[{"embeddable":true,"href":"https:\/\/uj.adatbank.ro\/lexikon\/wp-json\/wp\/v2\/comments?post=23988"}],"wp:attachment":[{"href":"https:\/\/uj.adatbank.ro\/lexikon\/wp-json\/wp\/v2\/media?parent=23988"}],"wp:term":[{"taxonomy":"product_brand","embeddable":true,"href":"https:\/\/uj.adatbank.ro\/lexikon\/wp-json\/wp\/v2\/product_brand?post=23988"},{"taxonomy":"product_cat","embeddable":true,"href":"https:\/\/uj.adatbank.ro\/lexikon\/wp-json\/wp\/v2\/product_cat?post=23988"},{"taxonomy":"product_tag","embeddable":true,"href":"https:\/\/uj.adatbank.ro\/lexikon\/wp-json\/wp\/v2\/product_tag?post=23988"}],"curies":[{"name":"wp","href":"https:\/\/api.w.org\/{rel}","templated":true}]}}

VAJDA László

<p>? † 1686–7 k.: birtokos. – Bogáti, radnóti birtokos. Apafi Mihály fejedelem bizalmas híve, főpostamestere, többször volt követe Bécsben. A fejedelemtől, az utódok nélkül elhunyt Kendi János, kelementelki, kóródi, kórodszentmártoni és zágori birtokait adományként kapta meg (1678. júl. 10.). Tofeus Mihály levele V. L. -hoz (1678 Bogát); Radnót V.L. Ellenfelei megbuktatták és bebörtönözték (1685). <br /><strong>– Irod.:</strong> Csáki Árpád: K. J., Apafi Mihály fejedelem ítélőmestere (1661–1677) = Pál-Antal – Simon; Dési Lajos: Magyar író és könyvnyomtató a XVII. században&#8230; (Bp., 1899); Erdélyi féniks Teleki Mihály levelezése 6 (Bp., 1906–16).</br></p>

<p>? † 1686–7 k.: birtokos. – Bogáti, radnóti birtokos. Apafi Mihály fejedelem bizalmas híve, főpostamestere, többször volt követe Bécsben. A fejedelemtől, az utódok nélkül elhunyt Kendi János, kelementelki, kóródi, kórodszentmártoni és zágori birtokait adományként kapta meg (1678. júl. 10.). Tofeus Mihály levele V. L. -hoz (1678 Bogát); Radnót V.L. Ellenfelei megbuktatták és bebörtönözték (1685). – Irod.: [&hellip;]</p>
