{"id":23989,"date":"2025-08-01T17:50:12","date_gmt":"2025-08-01T15:50:12","guid":{"rendered":"https:\/\/uj.adatbank.ro\/lexikon\/termek\/vajda-marton\/"},"modified":"2025-08-01T17:50:12","modified_gmt":"2025-08-01T15:50:12","slug":"vajda-marton","status":"publish","type":"product","link":"https:\/\/uj.adatbank.ro\/lexikon\/termek\/vajda-marton\/","title":{"rendered":"VAJDA M\u00e1rton"},"content":{"rendered":"<p>S\u00e1romberke, 1893. m\u00e1j. 29., \u2020\u00a0Mv., 1961. \u00e1pr. 10.: zenetan\u00e1r. \u2013 Feles\u00e9ge: D\u00e9nes Ir\u00e9n. Le\u00e1nyaik: V. Enik\u0151 dr. Cs\u00f3k\u00e1si Ferencn\u00e9; M\u00e1rta Kaj\u00e1n J\u00e1nosn\u00e9. \u2013 R\u00e9szt vett az I. vh.-ban (1914\u201315), az orosz \u00e9s az olasz fronton harcolt. F\u0151hadnagyi rangban szerelt le kit\u00fcntet\u00e9sekkel. A mv.-i Ref. Koll. tan\u00e1ra (1919\u201345). Zeneirodalommal \u00e9s eszt\u00e9tik\u00e1val foglalkozott. <br \/><strong>\u2013 Irod.:<\/strong> Csekme; Elekes B\u00e9la 1999; EM; Erd\u00e9lyi ezredek; Gy\u00e1szjelent\u0151; Keresztes Gyula: Zene- \u00e9s tornavizsga a koll\u00e9giumban (N\u00fa., 1990. j\u00fan. 22.); Mv. t\u00f6rt. 2.; Sebesty\u00e9n; T\u0151k\u00e9s.<\/br><\/p>\n","protected":false},"excerpt":{"rendered":"<p>S\u00e1romberke, 1893. m\u00e1j. 29., \u2020\u00a0Mv., 1961. \u00e1pr. 10.: zenetan\u00e1r. \u2013 Feles\u00e9ge: D\u00e9nes Ir\u00e9n. Le\u00e1nyaik: V. Enik\u0151 dr. Cs\u00f3k\u00e1si Ferencn\u00e9; M\u00e1rta Kaj\u00e1n J\u00e1nosn\u00e9. \u2013 R\u00e9szt vett az I. vh.-ban (1914\u201315), az orosz \u00e9s az olasz fronton harcolt. F\u0151hadnagyi rangban szerelt le kit\u00fcntet\u00e9sekkel. A mv.-i Ref. Koll. tan\u00e1ra (1919\u201345). Zeneirodalommal \u00e9s eszt\u00e9tik\u00e1val foglalkozott. \u2013 Irod.: Csekme; Elekes [&hellip;]<\/p>\n","protected":false},"featured_media":0,"comment_status":"open","ping_status":"closed","template":"","meta":[],"product_brand":[],"product_cat":[137],"product_tag":[],"class_list":{"0":"post-23989","1":"product","2":"type-product","3":"status-publish","5":"product_cat-maros-megyei-eletrajzi-lexikon","7":"first","8":"instock","9":"shipping-taxable","10":"product-type-simple"},"_links":{"self":[{"href":"https:\/\/uj.adatbank.ro\/lexikon\/wp-json\/wp\/v2\/product\/23989","targetHints":{"allow":["GET"]}}],"collection":[{"href":"https:\/\/uj.adatbank.ro\/lexikon\/wp-json\/wp\/v2\/product"}],"about":[{"href":"https:\/\/uj.adatbank.ro\/lexikon\/wp-json\/wp\/v2\/types\/product"}],"replies":[{"embeddable":true,"href":"https:\/\/uj.adatbank.ro\/lexikon\/wp-json\/wp\/v2\/comments?post=23989"}],"wp:attachment":[{"href":"https:\/\/uj.adatbank.ro\/lexikon\/wp-json\/wp\/v2\/media?parent=23989"}],"wp:term":[{"taxonomy":"product_brand","embeddable":true,"href":"https:\/\/uj.adatbank.ro\/lexikon\/wp-json\/wp\/v2\/product_brand?post=23989"},{"taxonomy":"product_cat","embeddable":true,"href":"https:\/\/uj.adatbank.ro\/lexikon\/wp-json\/wp\/v2\/product_cat?post=23989"},{"taxonomy":"product_tag","embeddable":true,"href":"https:\/\/uj.adatbank.ro\/lexikon\/wp-json\/wp\/v2\/product_tag?post=23989"}],"curies":[{"name":"wp","href":"https:\/\/api.w.org\/{rel}","templated":true}]}}

VAJDA Márton

<p>Sáromberke, 1893. máj. 29., † Mv., 1961. ápr. 10.: zenetanár. – Felesége: Dénes Irén. Leányaik: V. Enikő dr. Csókási Ferencné; Márta Kaján Jánosné. – Részt vett az I. vh.-ban (1914–15), az orosz és az olasz fronton harcolt. Főhadnagyi rangban szerelt le kitüntetésekkel. A mv.-i Ref. Koll. tanára (1919–45). Zeneirodalommal és esztétikával foglalkozott. <br /><strong>– Irod.:</strong> Csekme; Elekes Béla 1999; EM; Erdélyi ezredek; Gyászjelentő; Keresztes Gyula: Zene- és tornavizsga a kollégiumban (Nú., 1990. jún. 22.); Mv. tört. 2.; Sebestyén; Tőkés.</br></p>

<p>Sáromberke, 1893. máj. 29., † Mv., 1961. ápr. 10.: zenetanár. – Felesége: Dénes Irén. Leányaik: V. Enikő dr. Csókási Ferencné; Márta Kaján Jánosné. – Részt vett az I. vh.-ban (1914–15), az orosz és az olasz fronton harcolt. Főhadnagyi rangban szerelt le kitüntetésekkel. A mv.-i Ref. Koll. tanára (1919–45). Zeneirodalommal és esztétikával foglalkozott. – Irod.: Csekme; Elekes [&hellip;]</p>
