{"id":23990,"date":"2025-08-01T17:50:17","date_gmt":"2025-08-01T15:50:17","guid":{"rendered":"https:\/\/uj.adatbank.ro\/lexikon\/termek\/vajda-mihaly\/"},"modified":"2025-08-01T17:50:17","modified_gmt":"2025-08-01T15:50:17","slug":"vajda-mihaly","status":"publish","type":"product","link":"https:\/\/uj.adatbank.ro\/lexikon\/termek\/vajda-mihaly\/","title":{"rendered":"VAJDA Mih\u00e1ly"},"content":{"rendered":"<p>S\u00e1romberke, 1883., \u2020\u00a0?: vasutas, gazd\u00e1lkod\u00f3. \u2013 A sz\u00fcleit\u0151l tanult gazd\u00e1lkodni, majd a vas\u00fathoz ker\u00fclt \u00e9s a besztercei vonalon S\u00e1romberk\u00e9n teljes\u00edtett szolg\u00e1latot (\u20131931), azut\u00e1n gazd\u00e1lkod\u00e1ssal foglalkozott. A presbit\u00e9rium tagja, r\u00e9szt vett a sz\u00f6vetkezetek m\u0171k\u00f6d\u00e9s\u00e9ben is. <br \/><strong>\u2013 Irod.:<\/strong> Sz\u00e9kelyf\u00f6ld \u00ed. k.<\/br><\/p>\n","protected":false},"excerpt":{"rendered":"<p>S\u00e1romberke, 1883., \u2020\u00a0?: vasutas, gazd\u00e1lkod\u00f3. \u2013 A sz\u00fcleit\u0151l tanult gazd\u00e1lkodni, majd a vas\u00fathoz ker\u00fclt \u00e9s a besztercei vonalon S\u00e1romberk\u00e9n teljes\u00edtett szolg\u00e1latot (\u20131931), azut\u00e1n gazd\u00e1lkod\u00e1ssal foglalkozott. A presbit\u00e9rium tagja, r\u00e9szt vett a sz\u00f6vetkezetek m\u0171k\u00f6d\u00e9s\u00e9ben is. \u2013 Irod.: Sz\u00e9kelyf\u00f6ld \u00ed. k.<\/p>\n","protected":false},"featured_media":0,"comment_status":"open","ping_status":"closed","template":"","meta":[],"product_brand":[],"product_cat":[137],"product_tag":[],"class_list":{"0":"post-23990","1":"product","2":"type-product","3":"status-publish","5":"product_cat-maros-megyei-eletrajzi-lexikon","7":"first","8":"instock","9":"shipping-taxable","10":"product-type-simple"},"_links":{"self":[{"href":"https:\/\/uj.adatbank.ro\/lexikon\/wp-json\/wp\/v2\/product\/23990","targetHints":{"allow":["GET"]}}],"collection":[{"href":"https:\/\/uj.adatbank.ro\/lexikon\/wp-json\/wp\/v2\/product"}],"about":[{"href":"https:\/\/uj.adatbank.ro\/lexikon\/wp-json\/wp\/v2\/types\/product"}],"replies":[{"embeddable":true,"href":"https:\/\/uj.adatbank.ro\/lexikon\/wp-json\/wp\/v2\/comments?post=23990"}],"wp:attachment":[{"href":"https:\/\/uj.adatbank.ro\/lexikon\/wp-json\/wp\/v2\/media?parent=23990"}],"wp:term":[{"taxonomy":"product_brand","embeddable":true,"href":"https:\/\/uj.adatbank.ro\/lexikon\/wp-json\/wp\/v2\/product_brand?post=23990"},{"taxonomy":"product_cat","embeddable":true,"href":"https:\/\/uj.adatbank.ro\/lexikon\/wp-json\/wp\/v2\/product_cat?post=23990"},{"taxonomy":"product_tag","embeddable":true,"href":"https:\/\/uj.adatbank.ro\/lexikon\/wp-json\/wp\/v2\/product_tag?post=23990"}],"curies":[{"name":"wp","href":"https:\/\/api.w.org\/{rel}","templated":true}]}}