{"id":23991,"date":"2025-08-01T17:50:19","date_gmt":"2025-08-01T15:50:19","guid":{"rendered":"https:\/\/uj.adatbank.ro\/lexikon\/termek\/vajda-miklos\/"},"modified":"2025-08-01T17:50:19","modified_gmt":"2025-08-01T15:50:19","slug":"vajda-miklos","status":"publish","type":"product","link":"https:\/\/uj.adatbank.ro\/lexikon\/termek\/vajda-miklos\/","title":{"rendered":"VAJDA Mikl\u00f3s"},"content":{"rendered":"<p>? \u2020\u00a0?: tan\u00edt\u00f3 Beresztelk\u00e9n. <br \/><strong>\u2013 Irod.:<\/strong> A magyaro.-i. N\u00e9ptan\u00edt\u00f3k 1869. \u00e9vi aug. 20\u201323. Bp.-en tartott negyedik egyetemes gy\u0171l\u00e9s\u00e9nek napl\u00f3ja. (Bp., 1891).<\/br><\/p>\n","protected":false},"excerpt":{"rendered":"<p>? \u2020\u00a0?: tan\u00edt\u00f3 Beresztelk\u00e9n. \u2013 Irod.: A magyaro.-i. N\u00e9ptan\u00edt\u00f3k 1869. \u00e9vi aug. 20\u201323. Bp.-en tartott negyedik egyetemes gy\u0171l\u00e9s\u00e9nek napl\u00f3ja. (Bp., 1891).<\/p>\n","protected":false},"featured_media":0,"comment_status":"open","ping_status":"closed","template":"","meta":[],"product_brand":[],"product_cat":[137],"product_tag":[],"class_list":{"0":"post-23991","1":"product","2":"type-product","3":"status-publish","5":"product_cat-maros-megyei-eletrajzi-lexikon","7":"first","8":"instock","9":"shipping-taxable","10":"product-type-simple"},"_links":{"self":[{"href":"https:\/\/uj.adatbank.ro\/lexikon\/wp-json\/wp\/v2\/product\/23991","targetHints":{"allow":["GET"]}}],"collection":[{"href":"https:\/\/uj.adatbank.ro\/lexikon\/wp-json\/wp\/v2\/product"}],"about":[{"href":"https:\/\/uj.adatbank.ro\/lexikon\/wp-json\/wp\/v2\/types\/product"}],"replies":[{"embeddable":true,"href":"https:\/\/uj.adatbank.ro\/lexikon\/wp-json\/wp\/v2\/comments?post=23991"}],"wp:attachment":[{"href":"https:\/\/uj.adatbank.ro\/lexikon\/wp-json\/wp\/v2\/media?parent=23991"}],"wp:term":[{"taxonomy":"product_brand","embeddable":true,"href":"https:\/\/uj.adatbank.ro\/lexikon\/wp-json\/wp\/v2\/product_brand?post=23991"},{"taxonomy":"product_cat","embeddable":true,"href":"https:\/\/uj.adatbank.ro\/lexikon\/wp-json\/wp\/v2\/product_cat?post=23991"},{"taxonomy":"product_tag","embeddable":true,"href":"https:\/\/uj.adatbank.ro\/lexikon\/wp-json\/wp\/v2\/product_tag?post=23991"}],"curies":[{"name":"wp","href":"https:\/\/api.w.org\/{rel}","templated":true}]}}