{"id":23996,"date":"2025-08-01T17:50:28","date_gmt":"2025-08-01T15:50:28","guid":{"rendered":"https:\/\/uj.adatbank.ro\/lexikon\/termek\/vajda-zoltan\/"},"modified":"2025-08-01T17:50:28","modified_gmt":"2025-08-01T15:50:28","slug":"vajda-zoltan","status":"publish","type":"product","link":"https:\/\/uj.adatbank.ro\/lexikon\/termek\/vajda-zoltan\/","title":{"rendered":"VAJDA Zolt\u00e1n"},"content":{"rendered":"<p>Mez\u0151macs, 1920., \u2020\u00a0\u2020 Mv., 1981. m\u00e1j. 13.: tan\u00edt\u00f3. \u2013 \u0150sei S\u00e1romberk\u00e9r\u0151l sz\u00e1rmaznak. Tanulm\u00e1nyait Nagyenyeden v\u00e9gezte, tan\u00edt\u00f3i oklevelet szerzett (1940). N\u00e1zn\u00e1nfalv\u00e1n kezdett tan\u00edtani, majd Marosszentkir\u00e1lyra ker\u00fclt. Akt\u00edvan vett r\u00e9szt a sportegyes\u00fcletek m\u0171k\u00f6d\u00e9s\u00e9ben. <br \/><strong>\u2013 Irod.:<\/strong> [Nekrol\u00f3g] (V. Z., 1981. m\u00e1j. 14.); Sz\u00e9kelyf\u00f6ld \u00ed. k.<\/br><\/p>\n","protected":false},"excerpt":{"rendered":"<p>Mez\u0151macs, 1920., \u2020\u00a0\u2020 Mv., 1981. m\u00e1j. 13.: tan\u00edt\u00f3. \u2013 \u0150sei S\u00e1romberk\u00e9r\u0151l sz\u00e1rmaznak. Tanulm\u00e1nyait Nagyenyeden v\u00e9gezte, tan\u00edt\u00f3i oklevelet szerzett (1940). N\u00e1zn\u00e1nfalv\u00e1n kezdett tan\u00edtani, majd Marosszentkir\u00e1lyra ker\u00fclt. Akt\u00edvan vett r\u00e9szt a sportegyes\u00fcletek m\u0171k\u00f6d\u00e9s\u00e9ben. \u2013 Irod.: [Nekrol\u00f3g] (V. Z., 1981. m\u00e1j. 14.); Sz\u00e9kelyf\u00f6ld \u00ed. k.<\/p>\n","protected":false},"featured_media":0,"comment_status":"open","ping_status":"closed","template":"","meta":[],"product_brand":[],"product_cat":[137],"product_tag":[],"class_list":{"0":"post-23996","1":"product","2":"type-product","3":"status-publish","5":"product_cat-maros-megyei-eletrajzi-lexikon","7":"first","8":"instock","9":"shipping-taxable","10":"product-type-simple"},"_links":{"self":[{"href":"https:\/\/uj.adatbank.ro\/lexikon\/wp-json\/wp\/v2\/product\/23996","targetHints":{"allow":["GET"]}}],"collection":[{"href":"https:\/\/uj.adatbank.ro\/lexikon\/wp-json\/wp\/v2\/product"}],"about":[{"href":"https:\/\/uj.adatbank.ro\/lexikon\/wp-json\/wp\/v2\/types\/product"}],"replies":[{"embeddable":true,"href":"https:\/\/uj.adatbank.ro\/lexikon\/wp-json\/wp\/v2\/comments?post=23996"}],"wp:attachment":[{"href":"https:\/\/uj.adatbank.ro\/lexikon\/wp-json\/wp\/v2\/media?parent=23996"}],"wp:term":[{"taxonomy":"product_brand","embeddable":true,"href":"https:\/\/uj.adatbank.ro\/lexikon\/wp-json\/wp\/v2\/product_brand?post=23996"},{"taxonomy":"product_cat","embeddable":true,"href":"https:\/\/uj.adatbank.ro\/lexikon\/wp-json\/wp\/v2\/product_cat?post=23996"},{"taxonomy":"product_tag","embeddable":true,"href":"https:\/\/uj.adatbank.ro\/lexikon\/wp-json\/wp\/v2\/product_tag?post=23996"}],"curies":[{"name":"wp","href":"https:\/\/api.w.org\/{rel}","templated":true}]}}