{"id":24003,"date":"2025-08-01T17:50:45","date_gmt":"2025-08-01T15:50:45","guid":{"rendered":"https:\/\/uj.adatbank.ro\/lexikon\/termek\/vajna-elek-pavai\/"},"modified":"2025-08-01T17:50:45","modified_gmt":"2025-08-01T15:50:45","slug":"vajna-elek-pavai","status":"publish","type":"product","link":"https:\/\/uj.adatbank.ro\/lexikon\/termek\/vajna-elek-pavai\/","title":{"rendered":"VAJNA Elek, p\u00e1vai"},"content":{"rendered":"<p>? \u2020\u00a0?: birtokos, \u00edt\u00e9l\u0151mester. \u2013 Mv.-i Kir. t\u00e1blai \u00edt\u00e9l\u0151mester, aki Getse D\u00e1niel orvos nevezetes \u00e9s emberboldog\u00edt\u00f3 v\u00e9grendelet\u00e9t hivatalos pecs\u00e9ttel ell\u00e1tva hiteles\u00edtette \u00e9s azt a nemes \u00f6r\u00f6khagy\u00f3 meghagy\u00e1s\u00e1hoz h\u00edven a megk\u00edv\u00e1ntat\u00f3 sz\u00e1m\u00fa p\u00e9ld\u00e1nyban kiadta (1824. m\u00e1rc. 10.); majd a n\u00e9hai Brandacker Simon gy\u00f3gyszer\u00e9sz t\u00f6bb sz\u00e1z darabb\u00f3l \u00e1ll\u00f3 \u00e1sv\u00e1nygy\u0171jtem\u00e9ny\u00e9t megvette \u00e9s a Ref. Koll. \u00e1sv\u00e1nyt\u00e1ra sz\u00e1m\u00e1ra aj\u00e1nd\u00e9kozta (1859. j\u00fan. 18.). Berekereszt\u00faron volt birtoka (1848) <br \/><strong>\u2013 Irod.:<\/strong> H\u00edres polg\u00e1rok; Id\u0151t\u00e1r 2; P\u00e1l-Antal 2003.<\/br><\/p>\n","protected":false},"excerpt":{"rendered":"<p>? \u2020\u00a0?: birtokos, \u00edt\u00e9l\u0151mester. \u2013 Mv.-i Kir. t\u00e1blai \u00edt\u00e9l\u0151mester, aki Getse D\u00e1niel orvos nevezetes \u00e9s emberboldog\u00edt\u00f3 v\u00e9grendelet\u00e9t hivatalos pecs\u00e9ttel ell\u00e1tva hiteles\u00edtette \u00e9s azt a nemes \u00f6r\u00f6khagy\u00f3 meghagy\u00e1s\u00e1hoz h\u00edven a megk\u00edv\u00e1ntat\u00f3 sz\u00e1m\u00fa p\u00e9ld\u00e1nyban kiadta (1824. m\u00e1rc. 10.); majd a n\u00e9hai Brandacker Simon gy\u00f3gyszer\u00e9sz t\u00f6bb sz\u00e1z darabb\u00f3l \u00e1ll\u00f3 \u00e1sv\u00e1nygy\u0171jtem\u00e9ny\u00e9t megvette \u00e9s a Ref. Koll. \u00e1sv\u00e1nyt\u00e1ra sz\u00e1m\u00e1ra aj\u00e1nd\u00e9kozta [&hellip;]<\/p>\n","protected":false},"featured_media":0,"comment_status":"open","ping_status":"closed","template":"","meta":[],"product_brand":[],"product_cat":[137],"product_tag":[],"class_list":{"0":"post-24003","1":"product","2":"type-product","3":"status-publish","5":"product_cat-maros-megyei-eletrajzi-lexikon","7":"first","8":"instock","9":"shipping-taxable","10":"product-type-simple"},"_links":{"self":[{"href":"https:\/\/uj.adatbank.ro\/lexikon\/wp-json\/wp\/v2\/product\/24003","targetHints":{"allow":["GET"]}}],"collection":[{"href":"https:\/\/uj.adatbank.ro\/lexikon\/wp-json\/wp\/v2\/product"}],"about":[{"href":"https:\/\/uj.adatbank.ro\/lexikon\/wp-json\/wp\/v2\/types\/product"}],"replies":[{"embeddable":true,"href":"https:\/\/uj.adatbank.ro\/lexikon\/wp-json\/wp\/v2\/comments?post=24003"}],"wp:attachment":[{"href":"https:\/\/uj.adatbank.ro\/lexikon\/wp-json\/wp\/v2\/media?parent=24003"}],"wp:term":[{"taxonomy":"product_brand","embeddable":true,"href":"https:\/\/uj.adatbank.ro\/lexikon\/wp-json\/wp\/v2\/product_brand?post=24003"},{"taxonomy":"product_cat","embeddable":true,"href":"https:\/\/uj.adatbank.ro\/lexikon\/wp-json\/wp\/v2\/product_cat?post=24003"},{"taxonomy":"product_tag","embeddable":true,"href":"https:\/\/uj.adatbank.ro\/lexikon\/wp-json\/wp\/v2\/product_tag?post=24003"}],"curies":[{"name":"wp","href":"https:\/\/api.w.org\/{rel}","templated":true}]}}

VAJNA Elek, pávai

<p>? † ?: birtokos, ítélőmester. – Mv.-i Kir. táblai ítélőmester, aki Getse Dániel orvos nevezetes és emberboldogító végrendeletét hivatalos pecséttel ellátva hitelesítette és azt a nemes örökhagyó meghagyásához híven a megkívántató számú példányban kiadta (1824. márc. 10.); majd a néhai Brandacker Simon gyógyszerész több száz darabból álló ásványgyűjteményét megvette és a Ref. Koll. ásványtára számára ajándékozta (1859. jún. 18.). Berekeresztúron volt birtoka (1848) <br /><strong>– Irod.:</strong> Híres polgárok; Időtár 2; Pál-Antal 2003.</br></p>

<p>? † ?: birtokos, ítélőmester. – Mv.-i Kir. táblai ítélőmester, aki Getse Dániel orvos nevezetes és emberboldogító végrendeletét hivatalos pecséttel ellátva hitelesítette és azt a nemes örökhagyó meghagyásához híven a megkívántató számú példányban kiadta (1824. márc. 10.); majd a néhai Brandacker Simon gyógyszerész több száz darabból álló ásványgyűjteményét megvette és a Ref. Koll. ásványtára számára ajándékozta [&hellip;]</p>
