{"id":24007,"date":"2025-08-01T17:50:56","date_gmt":"2025-08-01T15:50:56","guid":{"rendered":"https:\/\/uj.adatbank.ro\/lexikon\/termek\/vajna-imre\/"},"modified":"2025-08-01T17:50:56","modified_gmt":"2025-08-01T15:50:56","slug":"vajna-imre","status":"publish","type":"product","link":"https:\/\/uj.adatbank.ro\/lexikon\/termek\/vajna-imre\/","title":{"rendered":"VAJNA Imre"},"content":{"rendered":"<p>Torja, 1924. \u00e1pr. 15., \u2020\u00a0?: gy\u00f3gyszer\u00e9sz. \u2013 Gy\u00f3gyszer\u00e9sz diplom\u00e1t a szegedi egyetemen nyert (1946. j\u00fal. 13.). Gy\u00f3gyszer\u00e9sz volt K\u00e9zdiv\u00e1s\u00e1rhelyen, Brass\u00f3ban, majd Mv.-en, ahol az \u00e1llamos\u00edt\u00e1s ut\u00e1n Izmael M\u00e1rton Feh\u00e9r Kereszt (Kossuth \/ C\u0103l\u0103ra\u015filor u. 55. sz.) gy\u00f3gyszert\u00e1r vezette (1949. \u00e1pr. \u2013), majd nyugd\u00edjaz\u00e1s\u00e1ig volt vezet\u0151je a Maros megyei Gy\u00f3gyszerellen\u0151rz\u0151 Laborat\u00f3riumnak. <br \/><strong>\u2013 Irod.:<\/strong> P\u00e9ter H. M.; P\u00e9ter H. M. 2013.<\/br><\/p>\n","protected":false},"excerpt":{"rendered":"<p>Torja, 1924. \u00e1pr. 15., \u2020\u00a0?: gy\u00f3gyszer\u00e9sz. \u2013 Gy\u00f3gyszer\u00e9sz diplom\u00e1t a szegedi egyetemen nyert (1946. j\u00fal. 13.). Gy\u00f3gyszer\u00e9sz volt K\u00e9zdiv\u00e1s\u00e1rhelyen, Brass\u00f3ban, majd Mv.-en, ahol az \u00e1llamos\u00edt\u00e1s ut\u00e1n Izmael M\u00e1rton Feh\u00e9r Kereszt (Kossuth \/ C\u0103l\u0103ra\u015filor u. 55. sz.) gy\u00f3gyszert\u00e1r vezette (1949. \u00e1pr. \u2013), majd nyugd\u00edjaz\u00e1s\u00e1ig volt vezet\u0151je a Maros megyei Gy\u00f3gyszerellen\u0151rz\u0151 Laborat\u00f3riumnak. \u2013 Irod.: P\u00e9ter H. M.; [&hellip;]<\/p>\n","protected":false},"featured_media":0,"comment_status":"open","ping_status":"closed","template":"","meta":[],"product_brand":[],"product_cat":[137],"product_tag":[],"class_list":{"0":"post-24007","1":"product","2":"type-product","3":"status-publish","5":"product_cat-maros-megyei-eletrajzi-lexikon","7":"first","8":"instock","9":"shipping-taxable","10":"product-type-simple"},"_links":{"self":[{"href":"https:\/\/uj.adatbank.ro\/lexikon\/wp-json\/wp\/v2\/product\/24007","targetHints":{"allow":["GET"]}}],"collection":[{"href":"https:\/\/uj.adatbank.ro\/lexikon\/wp-json\/wp\/v2\/product"}],"about":[{"href":"https:\/\/uj.adatbank.ro\/lexikon\/wp-json\/wp\/v2\/types\/product"}],"replies":[{"embeddable":true,"href":"https:\/\/uj.adatbank.ro\/lexikon\/wp-json\/wp\/v2\/comments?post=24007"}],"wp:attachment":[{"href":"https:\/\/uj.adatbank.ro\/lexikon\/wp-json\/wp\/v2\/media?parent=24007"}],"wp:term":[{"taxonomy":"product_brand","embeddable":true,"href":"https:\/\/uj.adatbank.ro\/lexikon\/wp-json\/wp\/v2\/product_brand?post=24007"},{"taxonomy":"product_cat","embeddable":true,"href":"https:\/\/uj.adatbank.ro\/lexikon\/wp-json\/wp\/v2\/product_cat?post=24007"},{"taxonomy":"product_tag","embeddable":true,"href":"https:\/\/uj.adatbank.ro\/lexikon\/wp-json\/wp\/v2\/product_tag?post=24007"}],"curies":[{"name":"wp","href":"https:\/\/api.w.org\/{rel}","templated":true}]}}