{"id":24009,"date":"2025-08-01T17:51:00","date_gmt":"2025-08-01T15:51:00","guid":{"rendered":"https:\/\/uj.adatbank.ro\/lexikon\/termek\/vajna-janos\/"},"modified":"2025-08-01T17:51:00","modified_gmt":"2025-08-01T15:51:00","slug":"vajna-janos","status":"publish","type":"product","link":"https:\/\/uj.adatbank.ro\/lexikon\/termek\/vajna-janos\/","title":{"rendered":"VAJNA J\u00e1nos"},"content":{"rendered":"<p>P\u00e1va, 1818., \u2020\u00a0Mv., 1899. j\u00fal. 22.: orvos. \u2013 Feles\u00e9ge gyulafeh\u00e9rv\u00e1ri Szegedy Ant\u00f3nia. \u2013 Maros-Torda v\u00e1rmegyei j\u00e1r\u00e1si orvos volt. Honv\u00e9d t\u00e1bori orvos volt (1848\u201349). A M. Orvosok \u00e9s Term\u00e9szetvizsg\u00e1l\u00f3k Mv.-i v\u00e1ndorgy\u0171l\u00e9s\u00e9n (1864. aug. 27. \u2013 szept. 2.), ahol a 491 r\u00e9sztvev\u0151 a medicina csaknem minden ter\u00fclet\u00e9r\u0151l mutatott be dolgozatokat, V.J. a Korond k\u00f6rny\u00e9ke \u00e9s f\u00fcrd\u0151je ismertet\u00e9se c. dolgozattal szerepelt. \u2013  <strong>F. m..:<\/strong>  <strong>t\u00e1rssz.:<\/strong> M. Orvosok \u00e9s Term\u00e9szetvizsg\u00e1l\u00f3k 1864. aug. 24. \u2013 szept. 2. Mv.-en tartott X. nagygy\u0171l\u00e9s\u00e9nek t\u00f6rt\u00e9neti v\u00e1zlata \u00e9s munk\u00e1latai (Pest, 1865). <br \/><strong>\u2013 Irod.:<\/strong> F\u00fcl\u00f6p\u2013Ferencz; Gy\u00e1szjelent\u0151; Kiss\u2013P\u00e9terffy\u2013P\u00e9terffy; P\u00e1l-Antal\u2013Szab\u00f3 2; P\u00e1lmay J\u00f3zsef.<\/br><\/p>\n","protected":false},"excerpt":{"rendered":"<p>P\u00e1va, 1818., \u2020\u00a0Mv., 1899. j\u00fal. 22.: orvos. \u2013 Feles\u00e9ge gyulafeh\u00e9rv\u00e1ri Szegedy Ant\u00f3nia. \u2013 Maros-Torda v\u00e1rmegyei j\u00e1r\u00e1si orvos volt. Honv\u00e9d t\u00e1bori orvos volt (1848\u201349). A M. Orvosok \u00e9s Term\u00e9szetvizsg\u00e1l\u00f3k Mv.-i v\u00e1ndorgy\u0171l\u00e9s\u00e9n (1864. aug. 27. \u2013 szept. 2.), ahol a 491 r\u00e9sztvev\u0151 a medicina csaknem minden ter\u00fclet\u00e9r\u0151l mutatott be dolgozatokat, V.J. a Korond k\u00f6rny\u00e9ke \u00e9s f\u00fcrd\u0151je ismertet\u00e9se [&hellip;]<\/p>\n","protected":false},"featured_media":0,"comment_status":"open","ping_status":"closed","template":"","meta":[],"product_brand":[],"product_cat":[137],"product_tag":[],"class_list":{"0":"post-24009","1":"product","2":"type-product","3":"status-publish","5":"product_cat-maros-megyei-eletrajzi-lexikon","7":"first","8":"instock","9":"shipping-taxable","10":"product-type-simple"},"_links":{"self":[{"href":"https:\/\/uj.adatbank.ro\/lexikon\/wp-json\/wp\/v2\/product\/24009","targetHints":{"allow":["GET"]}}],"collection":[{"href":"https:\/\/uj.adatbank.ro\/lexikon\/wp-json\/wp\/v2\/product"}],"about":[{"href":"https:\/\/uj.adatbank.ro\/lexikon\/wp-json\/wp\/v2\/types\/product"}],"replies":[{"embeddable":true,"href":"https:\/\/uj.adatbank.ro\/lexikon\/wp-json\/wp\/v2\/comments?post=24009"}],"wp:attachment":[{"href":"https:\/\/uj.adatbank.ro\/lexikon\/wp-json\/wp\/v2\/media?parent=24009"}],"wp:term":[{"taxonomy":"product_brand","embeddable":true,"href":"https:\/\/uj.adatbank.ro\/lexikon\/wp-json\/wp\/v2\/product_brand?post=24009"},{"taxonomy":"product_cat","embeddable":true,"href":"https:\/\/uj.adatbank.ro\/lexikon\/wp-json\/wp\/v2\/product_cat?post=24009"},{"taxonomy":"product_tag","embeddable":true,"href":"https:\/\/uj.adatbank.ro\/lexikon\/wp-json\/wp\/v2\/product_tag?post=24009"}],"curies":[{"name":"wp","href":"https:\/\/api.w.org\/{rel}","templated":true}]}}

VAJNA János

<p>Páva, 1818., † Mv., 1899. júl. 22.: orvos. – Felesége gyulafehérvári Szegedy Antónia. – Maros-Torda vármegyei járási orvos volt. Honvéd tábori orvos volt (1848–49). A M. Orvosok és Természetvizsgálók Mv.-i vándorgyűlésén (1864. aug. 27. – szept. 2.), ahol a 491 résztvevő a medicina csaknem minden területéről mutatott be dolgozatokat, V.J. a Korond környéke és fürdője ismertetése c. dolgozattal szerepelt. –  <strong>F. m..:</strong>  <strong>társsz.:</strong> M. Orvosok és Természetvizsgálók 1864. aug. 24. – szept. 2. Mv.-en tartott X. nagygyűlésének történeti vázlata és munkálatai (Pest, 1865). <br /><strong>– Irod.:</strong> Fülöp–Ferencz; Gyászjelentő; Kiss–Péterffy–Péterffy; Pál-Antal–Szabó 2; Pálmay József.</br></p>

<p>Páva, 1818., † Mv., 1899. júl. 22.: orvos. – Felesége gyulafehérvári Szegedy Antónia. – Maros-Torda vármegyei járási orvos volt. Honvéd tábori orvos volt (1848–49). A M. Orvosok és Természetvizsgálók Mv.-i vándorgyűlésén (1864. aug. 27. – szept. 2.), ahol a 491 résztvevő a medicina csaknem minden területéről mutatott be dolgozatokat, V.J. a Korond környéke és fürdője ismertetése [&hellip;]</p>
