{"id":24012,"date":"2025-08-01T17:51:08","date_gmt":"2025-08-01T15:51:08","guid":{"rendered":"https:\/\/uj.adatbank.ro\/lexikon\/termek\/vajna-katalin\/"},"modified":"2025-08-01T17:51:08","modified_gmt":"2025-08-01T15:51:08","slug":"vajna-katalin","status":"publish","type":"product","link":"https:\/\/uj.adatbank.ro\/lexikon\/termek\/vajna-katalin\/","title":{"rendered":"VAJNA Katalin"},"content":{"rendered":"<p>Ny\u00e1r\u00e1dszereda, ? \u2020\u00a0?: tan\u00edt\u00f3n\u0151. \u2013 Tanulm\u00e1nyait Mv.-en \u00e9s Sz\u00e9kelyudvarhelyen v\u00e9gezte, majd a makkfalvi iskol\u00e1ban tan\u00edtott (1940\u2013). A szoci\u00e1lis \u00e9s kultur\u00e1lis egyes\u00fcletek munk\u00e1j\u00e1ban r\u00e9szt vett. <br \/><strong>\u2013 Irod.:<\/strong> Sz\u00e9kelyf\u00f6ld \u00ed. k.<\/br><\/p>\n","protected":false},"excerpt":{"rendered":"<p>Ny\u00e1r\u00e1dszereda, ? \u2020\u00a0?: tan\u00edt\u00f3n\u0151. \u2013 Tanulm\u00e1nyait Mv.-en \u00e9s Sz\u00e9kelyudvarhelyen v\u00e9gezte, majd a makkfalvi iskol\u00e1ban tan\u00edtott (1940\u2013). A szoci\u00e1lis \u00e9s kultur\u00e1lis egyes\u00fcletek munk\u00e1j\u00e1ban r\u00e9szt vett. \u2013 Irod.: Sz\u00e9kelyf\u00f6ld \u00ed. k.<\/p>\n","protected":false},"featured_media":0,"comment_status":"open","ping_status":"closed","template":"","meta":[],"product_brand":[],"product_cat":[137],"product_tag":[],"class_list":{"0":"post-24012","1":"product","2":"type-product","3":"status-publish","5":"product_cat-maros-megyei-eletrajzi-lexikon","7":"first","8":"instock","9":"shipping-taxable","10":"product-type-simple"},"_links":{"self":[{"href":"https:\/\/uj.adatbank.ro\/lexikon\/wp-json\/wp\/v2\/product\/24012","targetHints":{"allow":["GET"]}}],"collection":[{"href":"https:\/\/uj.adatbank.ro\/lexikon\/wp-json\/wp\/v2\/product"}],"about":[{"href":"https:\/\/uj.adatbank.ro\/lexikon\/wp-json\/wp\/v2\/types\/product"}],"replies":[{"embeddable":true,"href":"https:\/\/uj.adatbank.ro\/lexikon\/wp-json\/wp\/v2\/comments?post=24012"}],"wp:attachment":[{"href":"https:\/\/uj.adatbank.ro\/lexikon\/wp-json\/wp\/v2\/media?parent=24012"}],"wp:term":[{"taxonomy":"product_brand","embeddable":true,"href":"https:\/\/uj.adatbank.ro\/lexikon\/wp-json\/wp\/v2\/product_brand?post=24012"},{"taxonomy":"product_cat","embeddable":true,"href":"https:\/\/uj.adatbank.ro\/lexikon\/wp-json\/wp\/v2\/product_cat?post=24012"},{"taxonomy":"product_tag","embeddable":true,"href":"https:\/\/uj.adatbank.ro\/lexikon\/wp-json\/wp\/v2\/product_tag?post=24012"}],"curies":[{"name":"wp","href":"https:\/\/api.w.org\/{rel}","templated":true}]}}