{"id":24014,"date":"2025-08-01T17:51:12","date_gmt":"2025-08-01T15:51:12","guid":{"rendered":"https:\/\/uj.adatbank.ro\/lexikon\/termek\/vajna-miklos\/"},"modified":"2025-08-01T17:51:12","modified_gmt":"2025-08-01T15:51:12","slug":"vajna-miklos","status":"publish","type":"product","link":"https:\/\/uj.adatbank.ro\/lexikon\/termek\/vajna-miklos\/","title":{"rendered":"VAJNA Mikl\u00f3s"},"content":{"rendered":"<p>Gernyeszeg, ? \u2020\u00a0Gernyeszeg, 1738. \u00e1pr. 23.: ref. lelk\u00e9sz. \u2013 A Teleki csal\u00e1d t\u00e1mogat\u00e1s\u00e1val a nagyenyedi ref. koll.-ban tanult (1715\u2013), a mv.-i ref. f\u0151tanod\u00e1ban subscrib\u00e1lt (1718), \u00e9s a franekeri egyetemen (1723\u2013) peregrin\u00e1lt. A g\u00f6rg\u00e9nyi ref. egyh\u00e1zmegyei jegyz\u0151 (1725\u201336), esperes (1737. jan. 1. \u2013 1738. \u00e1pr. 5.). Vizit\u00e1ci\u00f3i alatt felm\u00e9r\u00e9st k\u00e9sz\u00edtett az egyh\u00e1zk\u00f6zs\u00e9g ingatlanjair\u00f3l \u00e9s ing\u00f3s\u00e1gair\u00f3l, t\u0151kep\u00e9nz\u00e9r\u0151l (1737). A Teleki csal\u00e1d gernyeszegi udvari papja hal\u00e1l\u00e1ig (1736\u201338). <br \/><strong>\u2013 Irod.:<\/strong> B\u00f6jthe; Magyarf\u00fclp\u00f6s; \u0150sz; Zov\u00e1nyi.<\/br><\/p>\n","protected":false},"excerpt":{"rendered":"<p>Gernyeszeg, ? \u2020\u00a0Gernyeszeg, 1738. \u00e1pr. 23.: ref. lelk\u00e9sz. \u2013 A Teleki csal\u00e1d t\u00e1mogat\u00e1s\u00e1val a nagyenyedi ref. koll.-ban tanult (1715\u2013), a mv.-i ref. f\u0151tanod\u00e1ban subscrib\u00e1lt (1718), \u00e9s a franekeri egyetemen (1723\u2013) peregrin\u00e1lt. A g\u00f6rg\u00e9nyi ref. egyh\u00e1zmegyei jegyz\u0151 (1725\u201336), esperes (1737. jan. 1. \u2013 1738. \u00e1pr. 5.). Vizit\u00e1ci\u00f3i alatt felm\u00e9r\u00e9st k\u00e9sz\u00edtett az egyh\u00e1zk\u00f6zs\u00e9g ingatlanjair\u00f3l \u00e9s ing\u00f3s\u00e1gair\u00f3l, t\u0151kep\u00e9nz\u00e9r\u0151l [&hellip;]<\/p>\n","protected":false},"featured_media":0,"comment_status":"open","ping_status":"closed","template":"","meta":[],"product_brand":[],"product_cat":[137],"product_tag":[],"class_list":{"0":"post-24014","1":"product","2":"type-product","3":"status-publish","5":"product_cat-maros-megyei-eletrajzi-lexikon","7":"first","8":"instock","9":"shipping-taxable","10":"product-type-simple"},"_links":{"self":[{"href":"https:\/\/uj.adatbank.ro\/lexikon\/wp-json\/wp\/v2\/product\/24014","targetHints":{"allow":["GET"]}}],"collection":[{"href":"https:\/\/uj.adatbank.ro\/lexikon\/wp-json\/wp\/v2\/product"}],"about":[{"href":"https:\/\/uj.adatbank.ro\/lexikon\/wp-json\/wp\/v2\/types\/product"}],"replies":[{"embeddable":true,"href":"https:\/\/uj.adatbank.ro\/lexikon\/wp-json\/wp\/v2\/comments?post=24014"}],"wp:attachment":[{"href":"https:\/\/uj.adatbank.ro\/lexikon\/wp-json\/wp\/v2\/media?parent=24014"}],"wp:term":[{"taxonomy":"product_brand","embeddable":true,"href":"https:\/\/uj.adatbank.ro\/lexikon\/wp-json\/wp\/v2\/product_brand?post=24014"},{"taxonomy":"product_cat","embeddable":true,"href":"https:\/\/uj.adatbank.ro\/lexikon\/wp-json\/wp\/v2\/product_cat?post=24014"},{"taxonomy":"product_tag","embeddable":true,"href":"https:\/\/uj.adatbank.ro\/lexikon\/wp-json\/wp\/v2\/product_tag?post=24014"}],"curies":[{"name":"wp","href":"https:\/\/api.w.org\/{rel}","templated":true}]}}

VAJNA Miklós

<p>Gernyeszeg, ? † Gernyeszeg, 1738. ápr. 23.: ref. lelkész. – A Teleki család támogatásával a nagyenyedi ref. koll.-ban tanult (1715–), a mv.-i ref. főtanodában subscribált (1718), és a franekeri egyetemen (1723–) peregrinált. A görgényi ref. egyházmegyei jegyző (1725–36), esperes (1737. jan. 1. – 1738. ápr. 5.). Vizitációi alatt felmérést készített az egyházközség ingatlanjairól és ingóságairól, tőkepénzéről (1737). A Teleki család gernyeszegi udvari papja haláláig (1736–38). <br /><strong>– Irod.:</strong> Böjthe; Magyarfülpös; Ősz; Zoványi.</br></p>

<p>Gernyeszeg, ? † Gernyeszeg, 1738. ápr. 23.: ref. lelkész. – A Teleki család támogatásával a nagyenyedi ref. koll.-ban tanult (1715–), a mv.-i ref. főtanodában subscribált (1718), és a franekeri egyetemen (1723–) peregrinált. A görgényi ref. egyházmegyei jegyző (1725–36), esperes (1737. jan. 1. – 1738. ápr. 5.). Vizitációi alatt felmérést készített az egyházközség ingatlanjairól és ingóságairól, tőkepénzéről [&hellip;]</p>
