{"id":24019,"date":"2025-08-01T17:51:22","date_gmt":"2025-08-01T15:51:22","guid":{"rendered":"https:\/\/uj.adatbank.ro\/lexikon\/termek\/vakar-tibor\/"},"modified":"2025-08-01T17:51:22","modified_gmt":"2025-08-01T15:51:22","slug":"vakar-tibor","status":"publish","type":"product","link":"https:\/\/uj.adatbank.ro\/lexikon\/termek\/vakar-tibor\/","title":{"rendered":"V\u00c1K\u00c1R Tibor"},"content":{"rendered":"<p>Gyergy\u00f3szentmikl\u00f3s, 1908. m\u00e1j. 14., \u2020\u00a02002.: \u00e9p\u00edt\u00e9szm\u00e9rn\u00f6k. \u2013 V. P. Art\u00far M. kir. korm\u00e1nytan\u00e1csos, politikus, k\u00f6z\u00edr\u00f3, \u00e9s V. M\u00e1ria fia. \u2013 Gazdag \u00e9p\u00edt\u00e9szeti munk\u00e1ss\u00e1ga. Saj\u00e1t k\u00e9r\u00e9s\u00e9re Mv.-re helyezt\u00e9k, mint a v\u00e1ros f\u0151m\u00e9rn\u00f6ke (1941\u2013). Feladata volt a v\u00e1ros m\u0171szaki-k\u00f6zigazgat\u00e1s\u00e1nak megszervez\u00e9se, a v\u00e1rosrendez\u00e9s fejleszt\u00e9s\u00e9nek ir\u00e1ny\u00edt\u00e1sa. \u2013  <strong>F. m..:<\/strong> Sz\u00e9kelyf\u00f6ld \u00e9p\u00edt\u00e9szszemmel. <br \/><strong>\u2013 Irod.:<\/strong> Sz\u00e1va 2012.<\/br><\/p>\n","protected":false},"excerpt":{"rendered":"<p>Gyergy\u00f3szentmikl\u00f3s, 1908. m\u00e1j. 14., \u2020\u00a02002.: \u00e9p\u00edt\u00e9szm\u00e9rn\u00f6k. \u2013 V. P. Art\u00far M. kir. korm\u00e1nytan\u00e1csos, politikus, k\u00f6z\u00edr\u00f3, \u00e9s V. M\u00e1ria fia. \u2013 Gazdag \u00e9p\u00edt\u00e9szeti munk\u00e1ss\u00e1ga. Saj\u00e1t k\u00e9r\u00e9s\u00e9re Mv.-re helyezt\u00e9k, mint a v\u00e1ros f\u0151m\u00e9rn\u00f6ke (1941\u2013). Feladata volt a v\u00e1ros m\u0171szaki-k\u00f6zigazgat\u00e1s\u00e1nak megszervez\u00e9se, a v\u00e1rosrendez\u00e9s fejleszt\u00e9s\u00e9nek ir\u00e1ny\u00edt\u00e1sa. \u2013 F. m..: Sz\u00e9kelyf\u00f6ld \u00e9p\u00edt\u00e9szszemmel. \u2013 Irod.: Sz\u00e1va 2012.<\/p>\n","protected":false},"featured_media":0,"comment_status":"open","ping_status":"closed","template":"","meta":[],"product_brand":[],"product_cat":[137],"product_tag":[],"class_list":{"0":"post-24019","1":"product","2":"type-product","3":"status-publish","5":"product_cat-maros-megyei-eletrajzi-lexikon","7":"first","8":"instock","9":"shipping-taxable","10":"product-type-simple"},"_links":{"self":[{"href":"https:\/\/uj.adatbank.ro\/lexikon\/wp-json\/wp\/v2\/product\/24019","targetHints":{"allow":["GET"]}}],"collection":[{"href":"https:\/\/uj.adatbank.ro\/lexikon\/wp-json\/wp\/v2\/product"}],"about":[{"href":"https:\/\/uj.adatbank.ro\/lexikon\/wp-json\/wp\/v2\/types\/product"}],"replies":[{"embeddable":true,"href":"https:\/\/uj.adatbank.ro\/lexikon\/wp-json\/wp\/v2\/comments?post=24019"}],"wp:attachment":[{"href":"https:\/\/uj.adatbank.ro\/lexikon\/wp-json\/wp\/v2\/media?parent=24019"}],"wp:term":[{"taxonomy":"product_brand","embeddable":true,"href":"https:\/\/uj.adatbank.ro\/lexikon\/wp-json\/wp\/v2\/product_brand?post=24019"},{"taxonomy":"product_cat","embeddable":true,"href":"https:\/\/uj.adatbank.ro\/lexikon\/wp-json\/wp\/v2\/product_cat?post=24019"},{"taxonomy":"product_tag","embeddable":true,"href":"https:\/\/uj.adatbank.ro\/lexikon\/wp-json\/wp\/v2\/product_tag?post=24019"}],"curies":[{"name":"wp","href":"https:\/\/api.w.org\/{rel}","templated":true}]}}

VÁKÁR Tibor

<p>Gyergyószentmiklós, 1908. máj. 14., † 2002.: építészmérnök. – V. P. Artúr M. kir. kormánytanácsos, politikus, közíró, és V. Mária fia. – Gazdag építészeti munkássága. Saját kérésére Mv.-re helyezték, mint a város főmérnöke (1941–). Feladata volt a város műszaki-közigazgatásának megszervezése, a városrendezés fejlesztésének irányítása. –  <strong>F. m..:</strong> Székelyföld építészszemmel. <br /><strong>– Irod.:</strong> Száva 2012.</br></p>

<p>Gyergyószentmiklós, 1908. máj. 14., † 2002.: építészmérnök. – V. P. Artúr M. kir. kormánytanácsos, politikus, közíró, és V. Mária fia. – Gazdag építészeti munkássága. Saját kérésére Mv.-re helyezték, mint a város főmérnöke (1941–). Feladata volt a város műszaki-közigazgatásának megszervezése, a városrendezés fejlesztésének irányítása. – F. m..: Székelyföld építészszemmel. – Irod.: Száva 2012.</p>
