{"id":24020,"date":"2025-08-01T17:51:28","date_gmt":"2025-08-01T15:51:28","guid":{"rendered":"https:\/\/uj.adatbank.ro\/lexikon\/termek\/vakarcs-domokos-vakarcs-ii\/"},"modified":"2025-08-01T17:51:28","modified_gmt":"2025-08-01T15:51:28","slug":"vakarcs-domokos-vakarcs-ii","status":"publish","type":"product","link":"https:\/\/uj.adatbank.ro\/lexikon\/termek\/vakarcs-domokos-vakarcs-ii\/","title":{"rendered":"VAKARCS Domokos, Vakarcs II."},"content":{"rendered":"<p>? 1927., \u2020 Mv., 2010. febr. 16.: labdar\u00fag\u00f3, edz\u0151. \u2013 Kereskedelmi iskol\u00e1t v\u00e9gzett Mv.-en. Gyermekk\u00e9nt a b\u00e1tyja hat\u00e1s\u00e1ra szerette meg a sportot, nemcsak a labdar\u00fag\u00e1st, de a j\u00e9gkorongot \u00e9s a kos\u00e1rlabd\u00e1t is. \u00c9desapja az MTE aleln\u00f6ke volt, k\u00fcl\u00f6n\u00f6sen a futball\u00e9rt rajongott. A Dermagant k\u00f6ly\u00f6k csapat\u00e1ban kezdett (1947). Ezut\u00e1n a Locomotiv\u00e1ban j\u00e1tszott (\u20131963) k\u00e9t\u00e9ves megszak\u00edt\u00e1ssal, amikor a kv.-i Armat\u00e1n\u00e1l volt katonas\u00e1ga alatt. H\u00e9t \u00e9vet j\u00e1tszott az els\u0151-, kilencet a m\u00e1sodoszt\u00e1lyban el\u0151sz\u00f6r mint sz\u00e9ls\u0151, k\u00f6z\u00e9pcsat\u00e1r, majd mint k\u00f6z\u00e9ph\u00e1tv\u00e9d v\u00e1lt v\u00e9gk\u00e9pp elismertt\u00e9. Rom\u00e1nia v\u00e1logatottj\u00e1nak is tagja volt (1953\u201355). J\u00e1tszott a buk.-i Vil\u00e1gifj\u00fas\u00e1gi Tal\u00e1lkoz\u00f3n (1953), ahol a rom\u00e1n csapat a d\u00f6nt\u0151be ker\u00fclt. Mint edz\u0151 a \u015etiin\u0163a, Constructorul \u00e9s az ASA ificsapatait ir\u00e1ny\u00edtotta. Tan\u00edtv\u00e1nyai k\u00f6z\u00f6tt eml\u00edthet\u0151k: Sz\u00f6ll\u0151si L\u00e1szl\u00f3, Hajnal Gyula, Kanyar\u00f3 Attila, Csisz\u00e9r, Lokodi, Luk\u00e1cs Ede. Ny\u00e1r\u00e1dszered\u00e1ban, Szov\u00e1t\u00e1n \u00e9s a Ciocanun\u00e1l edz\u0151sk\u00f6d\u00f6tt. J\u00e1tszott az ASA \u00f6regfi\u00fak csapat\u00e1ban (1982). J\u00e9gkorongozott a katonai szolg\u00e1lat idej\u00e9n Kv.-on, a brass\u00f3i Dinam\u00f3n\u00e1l majd Mv.-en A Constructorul csapat\u00e1ban, amelyet edzett is egy ideig. \u00c9vekig j\u00e1tszott a v\u00e1ros kos\u00e1rlabda csapat\u00e1ban. Feles\u00e9ge M\u00e1rta kos\u00e1rlabd\u00e1zott, k\u00e9t gyermek\u00fck sz\u00fcletett. <br \/><strong>\u2013 Irod.:<\/strong> Czimbalmos Ferenc-Attila: V. D. (1927\u20132010) (N\u00fa., 2010. febr. 22.); Gh. Botezan: A Vakarcs testv\u00e9rek \u2013 Ern\u0151 \u00e9s Domokos (N\u00fa. 2001. j\u00fan. 25.); ([Nekrol\u00f3g] (N\u00fa., 2001. szept. 24.).<\/br><\/p>\n","protected":false},"excerpt":{"rendered":"<p>? 1927., \u2020 Mv., 2010. febr. 16.: labdar\u00fag\u00f3, edz\u0151. \u2013 Kereskedelmi iskol\u00e1t v\u00e9gzett Mv.-en. Gyermekk\u00e9nt a b\u00e1tyja hat\u00e1s\u00e1ra szerette meg a sportot, nemcsak a labdar\u00fag\u00e1st, de a j\u00e9gkorongot \u00e9s a kos\u00e1rlabd\u00e1t is. \u00c9desapja az MTE aleln\u00f6ke volt, k\u00fcl\u00f6n\u00f6sen a futball\u00e9rt rajongott. A Dermagant k\u00f6ly\u00f6k csapat\u00e1ban kezdett (1947). Ezut\u00e1n a Locomotiv\u00e1ban j\u00e1tszott (\u20131963) k\u00e9t\u00e9ves megszak\u00edt\u00e1ssal, amikor [&hellip;]<\/p>\n","protected":false},"featured_media":0,"comment_status":"open","ping_status":"closed","template":"","meta":[],"product_brand":[],"product_cat":[137],"product_tag":[],"class_list":{"0":"post-24020","1":"product","2":"type-product","3":"status-publish","5":"product_cat-maros-megyei-eletrajzi-lexikon","7":"first","8":"instock","9":"shipping-taxable","10":"product-type-simple"},"_links":{"self":[{"href":"https:\/\/uj.adatbank.ro\/lexikon\/wp-json\/wp\/v2\/product\/24020","targetHints":{"allow":["GET"]}}],"collection":[{"href":"https:\/\/uj.adatbank.ro\/lexikon\/wp-json\/wp\/v2\/product"}],"about":[{"href":"https:\/\/uj.adatbank.ro\/lexikon\/wp-json\/wp\/v2\/types\/product"}],"replies":[{"embeddable":true,"href":"https:\/\/uj.adatbank.ro\/lexikon\/wp-json\/wp\/v2\/comments?post=24020"}],"wp:attachment":[{"href":"https:\/\/uj.adatbank.ro\/lexikon\/wp-json\/wp\/v2\/media?parent=24020"}],"wp:term":[{"taxonomy":"product_brand","embeddable":true,"href":"https:\/\/uj.adatbank.ro\/lexikon\/wp-json\/wp\/v2\/product_brand?post=24020"},{"taxonomy":"product_cat","embeddable":true,"href":"https:\/\/uj.adatbank.ro\/lexikon\/wp-json\/wp\/v2\/product_cat?post=24020"},{"taxonomy":"product_tag","embeddable":true,"href":"https:\/\/uj.adatbank.ro\/lexikon\/wp-json\/wp\/v2\/product_tag?post=24020"}],"curies":[{"name":"wp","href":"https:\/\/api.w.org\/{rel}","templated":true}]}}

<p>? 1927., † Mv., 2010. febr. 16.: labdarúgó, edző. – Kereskedelmi iskolát végzett Mv.-en. Gyermekként a bátyja hatására szerette meg a sportot, nemcsak a labdarúgást, de a jégkorongot és a kosárlabdát is. Édesapja az MTE alelnöke volt, különösen a futballért rajongott. A Dermagant kölyök csapatában kezdett (1947). Ezután a Locomotivában játszott (–1963) kétéves megszakítással, amikor a kv.-i Armatánál volt katonasága alatt. Hét évet játszott az első-, kilencet a másodosztályban először mint szélső, középcsatár, majd mint középhátvéd vált végképp elismertté. Románia válogatottjának is tagja volt (1953–55). Játszott a buk.-i Világifjúsági Találkozón (1953), ahol a román csapat a döntőbe került. Mint edző a Ştiinţa, Constructorul és az ASA ificsapatait irányította. Tanítványai között említhetők: Szöllősi László, Hajnal Gyula, Kanyaró Attila, Csiszér, Lokodi, Lukács Ede. Nyárádszeredában, Szovátán és a Ciocanunál edzősködött. Játszott az ASA öregfiúk csapatában (1982). Jégkorongozott a katonai szolgálat idején Kv.-on, a brassói Dinamónál majd Mv.-en A Constructorul csapatában, amelyet edzett is egy ideig. Évekig játszott a város kosárlabda csapatában. Felesége Márta kosárlabdázott, két gyermekük született. <br /><strong>– Irod.:</strong> Czimbalmos Ferenc-Attila: V. D. (1927–2010) (Nú., 2010. febr. 22.); Gh. Botezan: A Vakarcs testvérek – Ernő és Domokos (Nú. 2001. jún. 25.); ([Nekrológ] (Nú., 2001. szept. 24.).</br></p>

<p>? 1927., † Mv., 2010. febr. 16.: labdarúgó, edző. – Kereskedelmi iskolát végzett Mv.-en. Gyermekként a bátyja hatására szerette meg a sportot, nemcsak a labdarúgást, de a jégkorongot és a kosárlabdát is. Édesapja az MTE alelnöke volt, különösen a futballért rajongott. A Dermagant kölyök csapatában kezdett (1947). Ezután a Locomotivában játszott (–1963) kétéves megszakítással, amikor [&hellip;]</p>
