{"id":24028,"date":"2025-08-01T17:51:45","date_gmt":"2025-08-01T15:51:45","guid":{"rendered":"https:\/\/uj.adatbank.ro\/lexikon\/termek\/vali-zita\/"},"modified":"2025-08-01T17:51:45","modified_gmt":"2025-08-01T15:51:45","slug":"vali-zita","status":"publish","type":"product","link":"https:\/\/uj.adatbank.ro\/lexikon\/termek\/vali-zita\/","title":{"rendered":"V\u00c1LI Zita"},"content":{"rendered":"<p>? 1949., \u2020 Eger, 2010. febr. 26. Mv.-en a ref. temet\u0151ben nyugszik: sz\u00ednm\u0171v\u00e9szn\u0151. <br \/><strong>\u2013 Irod.:<\/strong> [Nekrol\u00f3g], (N\u00fa., 2010. \u00e1pr. 20.).<\/br><\/p>\n","protected":false},"excerpt":{"rendered":"<p>? 1949., \u2020 Eger, 2010. febr. 26. Mv.-en a ref. temet\u0151ben nyugszik: sz\u00ednm\u0171v\u00e9szn\u0151. \u2013 Irod.: [Nekrol\u00f3g], (N\u00fa., 2010. \u00e1pr. 20.).<\/p>\n","protected":false},"featured_media":0,"comment_status":"open","ping_status":"closed","template":"","meta":[],"product_brand":[],"product_cat":[137],"product_tag":[],"class_list":{"0":"post-24028","1":"product","2":"type-product","3":"status-publish","5":"product_cat-maros-megyei-eletrajzi-lexikon","7":"first","8":"instock","9":"shipping-taxable","10":"product-type-simple"},"_links":{"self":[{"href":"https:\/\/uj.adatbank.ro\/lexikon\/wp-json\/wp\/v2\/product\/24028","targetHints":{"allow":["GET"]}}],"collection":[{"href":"https:\/\/uj.adatbank.ro\/lexikon\/wp-json\/wp\/v2\/product"}],"about":[{"href":"https:\/\/uj.adatbank.ro\/lexikon\/wp-json\/wp\/v2\/types\/product"}],"replies":[{"embeddable":true,"href":"https:\/\/uj.adatbank.ro\/lexikon\/wp-json\/wp\/v2\/comments?post=24028"}],"wp:attachment":[{"href":"https:\/\/uj.adatbank.ro\/lexikon\/wp-json\/wp\/v2\/media?parent=24028"}],"wp:term":[{"taxonomy":"product_brand","embeddable":true,"href":"https:\/\/uj.adatbank.ro\/lexikon\/wp-json\/wp\/v2\/product_brand?post=24028"},{"taxonomy":"product_cat","embeddable":true,"href":"https:\/\/uj.adatbank.ro\/lexikon\/wp-json\/wp\/v2\/product_cat?post=24028"},{"taxonomy":"product_tag","embeddable":true,"href":"https:\/\/uj.adatbank.ro\/lexikon\/wp-json\/wp\/v2\/product_tag?post=24028"}],"curies":[{"name":"wp","href":"https:\/\/api.w.org\/{rel}","templated":true}]}}