{"id":24033,"date":"2025-08-01T17:51:58","date_gmt":"2025-08-01T15:51:58","guid":{"rendered":"https:\/\/uj.adatbank.ro\/lexikon\/termek\/valovits-istvan-valovics-istvan\/"},"modified":"2025-08-01T17:51:58","modified_gmt":"2025-08-01T15:51:58","slug":"valovits-istvan-valovics-istvan","status":"publish","type":"product","link":"https:\/\/uj.adatbank.ro\/lexikon\/termek\/valovits-istvan-valovics-istvan\/","title":{"rendered":"VALOVITS Istv\u00e1n, Valovics Istv\u00e1n"},"content":{"rendered":"<p>Bar\u00f3t, 1911. aug. 4., \u2020\u00a0Kudzsir, 1999. febr. 25.: r. k. pap. \u2013 Fogarason \u00e9s Gyulafeh\u00e9rv\u00e1ron tanult \u00e9s papp\u00e1 szentelt\u00e9k (1936. \u00e1pr. 11.). Pl\u00e9b\u00e1nos Cs\u00edkszentgy\u00f6rgy\u00f6n, Lemh\u00e9nyben, Gyergy\u00f3csomafalv\u00e1n, Cs\u00edkszentdomokoson, Petrozs\u00e9nyban, Tordat\u00faron, Verespatakon, majd Bordosra nevezte ki M\u00e1rton \u00c1ron p\u00fcsp\u00f6k pl\u00e9b\u00e1nosnak (1968\u2013). Rendbehozta a bordosi \u00e9s a cs\u00f6bi templomokat. Gyulakut\u00e1n h\u00e1zat v\u00e1s\u00e1rolt, amit k\u00e1poln\u00e1v\u00e1 alak\u00edtott. Kudzsiros pl\u00e9b\u00e1nos. <br \/><strong>\u2013 Irod.:<\/strong> Ferenczi S\u00e1ndor 2009; Maros-k\u00fck\u00fcll\u0151i f\u0151esp.<\/br><\/p>\n","protected":false},"excerpt":{"rendered":"<p>Bar\u00f3t, 1911. aug. 4., \u2020\u00a0Kudzsir, 1999. febr. 25.: r. k. pap. \u2013 Fogarason \u00e9s Gyulafeh\u00e9rv\u00e1ron tanult \u00e9s papp\u00e1 szentelt\u00e9k (1936. \u00e1pr. 11.). Pl\u00e9b\u00e1nos Cs\u00edkszentgy\u00f6rgy\u00f6n, Lemh\u00e9nyben, Gyergy\u00f3csomafalv\u00e1n, Cs\u00edkszentdomokoson, Petrozs\u00e9nyban, Tordat\u00faron, Verespatakon, majd Bordosra nevezte ki M\u00e1rton \u00c1ron p\u00fcsp\u00f6k pl\u00e9b\u00e1nosnak (1968\u2013). Rendbehozta a bordosi \u00e9s a cs\u00f6bi templomokat. Gyulakut\u00e1n h\u00e1zat v\u00e1s\u00e1rolt, amit k\u00e1poln\u00e1v\u00e1 alak\u00edtott. Kudzsiros pl\u00e9b\u00e1nos. \u2013 [&hellip;]<\/p>\n","protected":false},"featured_media":0,"comment_status":"open","ping_status":"closed","template":"","meta":[],"product_brand":[],"product_cat":[137],"product_tag":[],"class_list":{"0":"post-24033","1":"product","2":"type-product","3":"status-publish","5":"product_cat-maros-megyei-eletrajzi-lexikon","7":"first","8":"instock","9":"shipping-taxable","10":"product-type-simple"},"_links":{"self":[{"href":"https:\/\/uj.adatbank.ro\/lexikon\/wp-json\/wp\/v2\/product\/24033","targetHints":{"allow":["GET"]}}],"collection":[{"href":"https:\/\/uj.adatbank.ro\/lexikon\/wp-json\/wp\/v2\/product"}],"about":[{"href":"https:\/\/uj.adatbank.ro\/lexikon\/wp-json\/wp\/v2\/types\/product"}],"replies":[{"embeddable":true,"href":"https:\/\/uj.adatbank.ro\/lexikon\/wp-json\/wp\/v2\/comments?post=24033"}],"wp:attachment":[{"href":"https:\/\/uj.adatbank.ro\/lexikon\/wp-json\/wp\/v2\/media?parent=24033"}],"wp:term":[{"taxonomy":"product_brand","embeddable":true,"href":"https:\/\/uj.adatbank.ro\/lexikon\/wp-json\/wp\/v2\/product_brand?post=24033"},{"taxonomy":"product_cat","embeddable":true,"href":"https:\/\/uj.adatbank.ro\/lexikon\/wp-json\/wp\/v2\/product_cat?post=24033"},{"taxonomy":"product_tag","embeddable":true,"href":"https:\/\/uj.adatbank.ro\/lexikon\/wp-json\/wp\/v2\/product_tag?post=24033"}],"curies":[{"name":"wp","href":"https:\/\/api.w.org\/{rel}","templated":true}]}}

VALOVITS István, Valovics István

<p>Barót, 1911. aug. 4., † Kudzsir, 1999. febr. 25.: r. k. pap. – Fogarason és Gyulafehérváron tanult és pappá szentelték (1936. ápr. 11.). Plébános Csíkszentgyörgyön, Lemhényben, Gyergyócsomafalván, Csíkszentdomokoson, Petrozsényban, Tordatúron, Verespatakon, majd Bordosra nevezte ki Márton Áron püspök plébánosnak (1968–). Rendbehozta a bordosi és a csöbi templomokat. Gyulakután házat vásárolt, amit kápolnává alakított. Kudzsiros plébános. <br /><strong>– Irod.:</strong> Ferenczi Sándor 2009; Maros-küküllői főesp.</br></p>

<p>Barót, 1911. aug. 4., † Kudzsir, 1999. febr. 25.: r. k. pap. – Fogarason és Gyulafehérváron tanult és pappá szentelték (1936. ápr. 11.). Plébános Csíkszentgyörgyön, Lemhényben, Gyergyócsomafalván, Csíkszentdomokoson, Petrozsényban, Tordatúron, Verespatakon, majd Bordosra nevezte ki Márton Áron püspök plébánosnak (1968–). Rendbehozta a bordosi és a csöbi templomokat. Gyulakután házat vásárolt, amit kápolnává alakított. Kudzsiros plébános. – [&hellip;]</p>
