{"id":24035,"date":"2025-08-01T17:52:01","date_gmt":"2025-08-01T15:52:01","guid":{"rendered":"https:\/\/uj.adatbank.ro\/lexikon\/termek\/valyi-elek\/"},"modified":"2025-08-01T17:52:01","modified_gmt":"2025-08-01T15:52:01","slug":"valyi-elek","status":"publish","type":"product","link":"https:\/\/uj.adatbank.ro\/lexikon\/termek\/valyi-elek\/","title":{"rendered":"V\u00c1LYI Elek"},"content":{"rendered":"<p>1781. nov. 25., \u2020\u00a0Kv., 1811. m\u00e1rc. 17.: ref. lelk\u00e9sz. \u2013 Feles\u00e9ge: Nemes Julianna (1808\u2013), mv.-i volt szen\u00e1tor, Nemes P\u00e1l \u00e9s \u00f6zv. Buz\u00e1si M\u00e1ria le\u00e1nya. Fiuk: K\u00e1roly. \u2013 Mv.-en ispot\u00e1lytemplomi lelk\u00e9sz, tan\u00edtott a k\u00fcls\u0151 templomn\u00e1l hal\u00e1l\u00e1ig (1807\u20131811). Kv.-ra k\u00fcldt\u00e9k Borosnyai L\u00e1szl\u00f3val a Kistemplom \u00e9p\u00edt\u00e9s\u00e9hez sz\u00fcks\u00e9ges p\u00e9nz megszerz\u00e9s\u00e9re. Kem\u00e9ny S\u00e1muel gr. \u00e9s feles\u00e9ge ikt\u00e1ri Bethlen Kata h\u00e1z\u00e1n\u00e1l halt meg \u00e9s \u0151k temett\u00e9k el. <br \/><strong>\u2013 Irod.:<\/strong> Farcz\u00e1dy; P\u00e1l-Antal 2009.<\/br><\/p>\n","protected":false},"excerpt":{"rendered":"<p>1781. nov. 25., \u2020\u00a0Kv., 1811. m\u00e1rc. 17.: ref. lelk\u00e9sz. \u2013 Feles\u00e9ge: Nemes Julianna (1808\u2013), mv.-i volt szen\u00e1tor, Nemes P\u00e1l \u00e9s \u00f6zv. Buz\u00e1si M\u00e1ria le\u00e1nya. Fiuk: K\u00e1roly. \u2013 Mv.-en ispot\u00e1lytemplomi lelk\u00e9sz, tan\u00edtott a k\u00fcls\u0151 templomn\u00e1l hal\u00e1l\u00e1ig (1807\u20131811). Kv.-ra k\u00fcldt\u00e9k Borosnyai L\u00e1szl\u00f3val a Kistemplom \u00e9p\u00edt\u00e9s\u00e9hez sz\u00fcks\u00e9ges p\u00e9nz megszerz\u00e9s\u00e9re. Kem\u00e9ny S\u00e1muel gr. \u00e9s feles\u00e9ge ikt\u00e1ri Bethlen Kata h\u00e1z\u00e1n\u00e1l [&hellip;]<\/p>\n","protected":false},"featured_media":0,"comment_status":"open","ping_status":"closed","template":"","meta":[],"product_brand":[],"product_cat":[137],"product_tag":[],"class_list":{"0":"post-24035","1":"product","2":"type-product","3":"status-publish","5":"product_cat-maros-megyei-eletrajzi-lexikon","7":"first","8":"instock","9":"shipping-taxable","10":"product-type-simple"},"_links":{"self":[{"href":"https:\/\/uj.adatbank.ro\/lexikon\/wp-json\/wp\/v2\/product\/24035","targetHints":{"allow":["GET"]}}],"collection":[{"href":"https:\/\/uj.adatbank.ro\/lexikon\/wp-json\/wp\/v2\/product"}],"about":[{"href":"https:\/\/uj.adatbank.ro\/lexikon\/wp-json\/wp\/v2\/types\/product"}],"replies":[{"embeddable":true,"href":"https:\/\/uj.adatbank.ro\/lexikon\/wp-json\/wp\/v2\/comments?post=24035"}],"wp:attachment":[{"href":"https:\/\/uj.adatbank.ro\/lexikon\/wp-json\/wp\/v2\/media?parent=24035"}],"wp:term":[{"taxonomy":"product_brand","embeddable":true,"href":"https:\/\/uj.adatbank.ro\/lexikon\/wp-json\/wp\/v2\/product_brand?post=24035"},{"taxonomy":"product_cat","embeddable":true,"href":"https:\/\/uj.adatbank.ro\/lexikon\/wp-json\/wp\/v2\/product_cat?post=24035"},{"taxonomy":"product_tag","embeddable":true,"href":"https:\/\/uj.adatbank.ro\/lexikon\/wp-json\/wp\/v2\/product_tag?post=24035"}],"curies":[{"name":"wp","href":"https:\/\/api.w.org\/{rel}","templated":true}]}}

VÁLYI Elek

<p>1781. nov. 25., † Kv., 1811. márc. 17.: ref. lelkész. – Felesége: Nemes Julianna (1808–), mv.-i volt szenátor, Nemes Pál és özv. Buzási Mária leánya. Fiuk: Károly. – Mv.-en ispotálytemplomi lelkész, tanított a külső templomnál haláláig (1807–1811). Kv.-ra küldték Borosnyai Lászlóval a Kistemplom építéséhez szükséges pénz megszerzésére. Kemény Sámuel gr. és felesége iktári Bethlen Kata házánál halt meg és ők temették el. <br /><strong>– Irod.:</strong> Farczády; Pál-Antal 2009.</br></p>

<p>1781. nov. 25., † Kv., 1811. márc. 17.: ref. lelkész. – Felesége: Nemes Julianna (1808–), mv.-i volt szenátor, Nemes Pál és özv. Buzási Mária leánya. Fiuk: Károly. – Mv.-en ispotálytemplomi lelkész, tanított a külső templomnál haláláig (1807–1811). Kv.-ra küldték Borosnyai Lászlóval a Kistemplom építéséhez szükséges pénz megszerzésére. Kemény Sámuel gr. és felesége iktári Bethlen Kata házánál [&hellip;]</p>
