{"id":24036,"date":"2025-08-01T17:52:03","date_gmt":"2025-08-01T15:52:03","guid":{"rendered":"https:\/\/uj.adatbank.ro\/lexikon\/termek\/valyi-elek-2\/"},"modified":"2025-08-01T17:52:03","modified_gmt":"2025-08-01T15:52:03","slug":"valyi-elek-2","status":"publish","type":"product","link":"https:\/\/uj.adatbank.ro\/lexikon\/termek\/valyi-elek-2\/","title":{"rendered":"V\u00c1LYI Elek"},"content":{"rendered":"<p>1820., \u2020\u00a0?: ref. lelk\u00e9sz. \u2013 V. P\u00e1l \u00e9s Fogarasi Zsuzsanna fia. \u2013 Gyermekeik: V. Anna, R\u00e9thy M\u00f3zesn\u00e9; V. Borb\u00e1la, a vajai lelk\u00e9sz Muzsnai K\u00e1roly feles\u00e9ge. \u2013 Mv.-en a Ref. Koll.-ban subscrib\u00e1lt (1836). Bolyai Farkas tan\u00edtv\u00e1nya volt. R\u00e9szt vett az 1848\u201349-es forradalomban, majd bujdosni k\u00e9nyszer\u00fclt. A Bolyai Farkas m\u00f3dszere szerint kemenc\u00e9ket rakott. Kelementelki lelk\u00e9sz. Kiv\u00e1l\u00f3 kert\u00e9sz, pomol\u00f3gus, gy\u00fcm\u00f6lcstermel\u0151. <br \/><strong>\u2013 Irod.:<\/strong> Abaf\u00e1ja; Ny\u00e1r\u00e1dszentbenedek; Ol\u00e1h Anna: \u201eTan\u00edtani kell, de j\u00f3l tan\u00edtani \u2013 mindent\u201d = Iskol\u00e1k, iskolamesterek.<\/br><\/p>\n","protected":false},"excerpt":{"rendered":"<p>1820., \u2020\u00a0?: ref. lelk\u00e9sz. \u2013 V. P\u00e1l \u00e9s Fogarasi Zsuzsanna fia. \u2013 Gyermekeik: V. Anna, R\u00e9thy M\u00f3zesn\u00e9; V. Borb\u00e1la, a vajai lelk\u00e9sz Muzsnai K\u00e1roly feles\u00e9ge. \u2013 Mv.-en a Ref. Koll.-ban subscrib\u00e1lt (1836). Bolyai Farkas tan\u00edtv\u00e1nya volt. R\u00e9szt vett az 1848\u201349-es forradalomban, majd bujdosni k\u00e9nyszer\u00fclt. A Bolyai Farkas m\u00f3dszere szerint kemenc\u00e9ket rakott. Kelementelki lelk\u00e9sz. Kiv\u00e1l\u00f3 kert\u00e9sz, [&hellip;]<\/p>\n","protected":false},"featured_media":0,"comment_status":"open","ping_status":"closed","template":"","meta":[],"product_brand":[],"product_cat":[137],"product_tag":[],"class_list":{"0":"post-24036","1":"product","2":"type-product","3":"status-publish","5":"product_cat-maros-megyei-eletrajzi-lexikon","7":"first","8":"instock","9":"shipping-taxable","10":"product-type-simple"},"_links":{"self":[{"href":"https:\/\/uj.adatbank.ro\/lexikon\/wp-json\/wp\/v2\/product\/24036","targetHints":{"allow":["GET"]}}],"collection":[{"href":"https:\/\/uj.adatbank.ro\/lexikon\/wp-json\/wp\/v2\/product"}],"about":[{"href":"https:\/\/uj.adatbank.ro\/lexikon\/wp-json\/wp\/v2\/types\/product"}],"replies":[{"embeddable":true,"href":"https:\/\/uj.adatbank.ro\/lexikon\/wp-json\/wp\/v2\/comments?post=24036"}],"wp:attachment":[{"href":"https:\/\/uj.adatbank.ro\/lexikon\/wp-json\/wp\/v2\/media?parent=24036"}],"wp:term":[{"taxonomy":"product_brand","embeddable":true,"href":"https:\/\/uj.adatbank.ro\/lexikon\/wp-json\/wp\/v2\/product_brand?post=24036"},{"taxonomy":"product_cat","embeddable":true,"href":"https:\/\/uj.adatbank.ro\/lexikon\/wp-json\/wp\/v2\/product_cat?post=24036"},{"taxonomy":"product_tag","embeddable":true,"href":"https:\/\/uj.adatbank.ro\/lexikon\/wp-json\/wp\/v2\/product_tag?post=24036"}],"curies":[{"name":"wp","href":"https:\/\/api.w.org\/{rel}","templated":true}]}}

VÁLYI Elek

<p>1820., † ?: ref. lelkész. – V. Pál és Fogarasi Zsuzsanna fia. – Gyermekeik: V. Anna, Réthy Mózesné; V. Borbála, a vajai lelkész Muzsnai Károly felesége. – Mv.-en a Ref. Koll.-ban subscribált (1836). Bolyai Farkas tanítványa volt. Részt vett az 1848–49-es forradalomban, majd bujdosni kényszerült. A Bolyai Farkas módszere szerint kemencéket rakott. Kelementelki lelkész. Kiváló kertész, pomológus, gyümölcstermelő. <br /><strong>– Irod.:</strong> Abafája; Nyárádszentbenedek; Oláh Anna: „Tanítani kell, de jól tanítani – mindent” = Iskolák, iskolamesterek.</br></p>

<p>1820., † ?: ref. lelkész. – V. Pál és Fogarasi Zsuzsanna fia. – Gyermekeik: V. Anna, Réthy Mózesné; V. Borbála, a vajai lelkész Muzsnai Károly felesége. – Mv.-en a Ref. Koll.-ban subscribált (1836). Bolyai Farkas tanítványa volt. Részt vett az 1848–49-es forradalomban, majd bujdosni kényszerült. A Bolyai Farkas módszere szerint kemencéket rakott. Kelementelki lelkész. Kiváló kertész, [&hellip;]</p>
