{"id":24038,"date":"2025-08-01T17:52:10","date_gmt":"2025-08-01T15:52:10","guid":{"rendered":"https:\/\/uj.adatbank.ro\/lexikon\/termek\/valyi-gabor-%c2%a7\/"},"modified":"2025-08-01T17:52:10","modified_gmt":"2025-08-01T15:52:10","slug":"valyi-gabor-%c2%a7","status":"publish","type":"product","link":"https:\/\/uj.adatbank.ro\/lexikon\/termek\/valyi-gabor-%c2%a7\/","title":{"rendered":"V\u00c1LYI G\u00e1bor, \u00a7"},"content":{"rendered":"<p>Mv., 1844. m\u00e1j. 12., \u2020 Kv., 1926. m\u00e1j. 16., a H\u00e1zsong\u00e1rdi temet\u0151ben nyugszik: jog\u00e1sz, statisztikus. V. K\u00e1roly \u00e9s D\u00f3zsa R\u00e1chel fia. Testv\u00e9rei: V. R\u00f3za dr. D\u00f3sa Mikl\u00f3sn\u00e9, V. Gyula matematikus. Feles\u00e9ge: Bucher Eliz (1852? \u2013 Mv., .1881. j\u00fal. 30.) \u2013 A k\u00f6z\u00e9piskol\u00e1t \u00e9s a jogakad. els\u0151 k\u00e9t \u00e9v\u00e9t Mv.-en v\u00e9gezte (1861\u201364), a pesti egy.-en tanult (1864\u2013), ahol jogtud. doktori oklevelet szerzett (1866). A mv.-i jogakad. tan\u00e1r\u00e1t, nagyb\u00e1tyj\u00e1t, D\u00f3sa Eleket helyettes\u00edtette (1866\u201367), az akad. r. tan\u00e1ra, az akad. megsz\u0171n\u00e9s\u00e9ig (1867\u201370). Marossz\u00e9k t\u00f6rv\u00e9nysz\u00e9k\u00e9n\u00e9l \u00fcln\u00f6k (1870\u2013), majd mv.-i t\u00f6rv\u00e9nysz\u00e9ki b\u00edr\u00f3 volt. A kv.-i egy.-en a statisztika ny. r. tan\u00e1ra nyugd\u00edjaz\u00e1s\u00e1ig (1872\u20131905); a jog- \u00e9s \u00e1llamtud. kar d\u00e9k\u00e1nja (1878\u201379. \u00e9s 1891\u201392), az egy. rektora (1900\u201301). Az erd\u00e9lyi ref. egyh\u00e1zker. igazgat\u00f3tan\u00e1cs\u00e1nak tagja (1889), h. eln\u00f6ke (1897-t\u0151l), a mo.-i ref. egyetemes konvent tagja (1897), a Ref. Teol. Int. f\u0151gondnoka (1898\u20131911). \u2013  <strong>F. m..:<\/strong> Magyarorsz\u00e1g statisztik\u00e1ja nemzetk\u00f6zi \u00f6sszehasonl\u00edt\u00e1sokkal s \u00e1ltal\u00e1nos r\u00e9sszel mint bevezet\u00e9ssel. V. G. egyetemi tan\u00e1r el\u0151ad\u00e1sai ut\u00e1n jegyezte Stenografus [ifj. Friebeisz Gyula] (Kv., 1905). <br \/><strong>\u2013 Irod.:<\/strong> Gy\u00e1szjelent\u0151; H\u00e1zsong\u00e1rd; Kelemen Lajos: V. G. (P\u00e1sztort\u0171z, 1926); Ol\u00e1h-G\u00e1l R\u00f3bert: Az utols\u00f3 mv.-i postamester (N\u00fa., Sz\u00ednes Vil\u00e1g, 2010. m\u00e1j. 8.); Ol\u00e1h-G\u00e1l R\u00f3bert: Apr\u00f3s\u00e1gok a marosv\u00e1s\u00e1rhelyi reform\u00e1tus koll\u00e9gium m\u00faltj\u00e1b\u00f3l (N\u00fa., 2024. jan. 5.), Ol\u00e1h-G\u00e1l R\u00f3bert: Apr\u00f3s\u00e1gok a marosv\u00e1s\u00e1rhelyi reform\u00e1tus koll\u00e9gium m\u00faltj\u00e1b\u00f3l (N\u00fa., 2024. jan. 5.).<\/br><\/p>\n","protected":false},"excerpt":{"rendered":"<p>Mv., 1844. m\u00e1j. 12., \u2020 Kv., 1926. m\u00e1j. 16., a H\u00e1zsong\u00e1rdi temet\u0151ben nyugszik: jog\u00e1sz, statisztikus. V. K\u00e1roly \u00e9s D\u00f3zsa R\u00e1chel fia. Testv\u00e9rei: V. R\u00f3za dr. D\u00f3sa Mikl\u00f3sn\u00e9, V. Gyula matematikus. Feles\u00e9ge: Bucher Eliz (1852? \u2013 Mv., .1881. j\u00fal. 30.) \u2013 A k\u00f6z\u00e9piskol\u00e1t \u00e9s a jogakad. els\u0151 k\u00e9t \u00e9v\u00e9t Mv.-en v\u00e9gezte (1861\u201364), a pesti egy.-en tanult [&hellip;]<\/p>\n","protected":false},"featured_media":0,"comment_status":"open","ping_status":"closed","template":"","meta":[],"product_brand":[],"product_cat":[137],"product_tag":[],"class_list":{"0":"post-24038","1":"product","2":"type-product","3":"status-publish","5":"product_cat-maros-megyei-eletrajzi-lexikon","7":"first","8":"instock","9":"shipping-taxable","10":"product-type-simple"},"_links":{"self":[{"href":"https:\/\/uj.adatbank.ro\/lexikon\/wp-json\/wp\/v2\/product\/24038","targetHints":{"allow":["GET"]}}],"collection":[{"href":"https:\/\/uj.adatbank.ro\/lexikon\/wp-json\/wp\/v2\/product"}],"about":[{"href":"https:\/\/uj.adatbank.ro\/lexikon\/wp-json\/wp\/v2\/types\/product"}],"replies":[{"embeddable":true,"href":"https:\/\/uj.adatbank.ro\/lexikon\/wp-json\/wp\/v2\/comments?post=24038"}],"wp:attachment":[{"href":"https:\/\/uj.adatbank.ro\/lexikon\/wp-json\/wp\/v2\/media?parent=24038"}],"wp:term":[{"taxonomy":"product_brand","embeddable":true,"href":"https:\/\/uj.adatbank.ro\/lexikon\/wp-json\/wp\/v2\/product_brand?post=24038"},{"taxonomy":"product_cat","embeddable":true,"href":"https:\/\/uj.adatbank.ro\/lexikon\/wp-json\/wp\/v2\/product_cat?post=24038"},{"taxonomy":"product_tag","embeddable":true,"href":"https:\/\/uj.adatbank.ro\/lexikon\/wp-json\/wp\/v2\/product_tag?post=24038"}],"curies":[{"name":"wp","href":"https:\/\/api.w.org\/{rel}","templated":true}]}}