{"id":24044,"date":"2025-08-01T17:52:30","date_gmt":"2025-08-01T15:52:30","guid":{"rendered":"https:\/\/uj.adatbank.ro\/lexikon\/termek\/valyi-karoly-%c2%a7-keri\/"},"modified":"2025-08-01T17:52:30","modified_gmt":"2025-08-01T15:52:30","slug":"valyi-karoly-%c2%a7-keri","status":"publish","type":"product","link":"https:\/\/uj.adatbank.ro\/lexikon\/termek\/valyi-karoly-%c2%a7-keri\/","title":{"rendered":"V\u00c1LYI K\u00e1roly, \u00a7 k\u00e9ri"},"content":{"rendered":"<p>Mv., 1809. m\u00e1rc. 23., \u2020 Mv., 1891. m\u00e1rc. 24.: jog\u00e1sz, postamester. \u2013 V. Elek mv.-i ref. pap fia. Feles\u00e9ge: D\u00f3sa R\u00e1khel (1814? \u2013 Mv., 1884. m\u00e1j. 31.). Gyermekeik: G\u00e1bor, Nina, R\u00f3za, Kl\u00e1ra (1852? \u2013 Mv., 1869. okt. 15.), Gyula, K\u00e1roly, m\u0171egyetemi hallgat\u00f3 (1849. \u2013 Mv., 1869. jan. 19.). Nevelt gyermekeik: D\u00f3sa Istv\u00e1n \u00e9s K\u00e1lm\u00e1n. \u2013 Tanult a mv.-i Ref. koll.-ban \u00e9s a marburgi egyetemen, fiatalon halt meg Kv.-on, ahol a ref. kistemplom \u00e9p\u00edt\u00e9si alapj\u00e1ra gy\u0171jt\u00f6tt az orsz\u00e1ggy\u0171l\u00e9s tagjain\u00e1l (1782\u20131811). Anyja Nemes Julianna, nevel\u0151apja Goepfert J\u00f3zsef f\u0151hadnagy. Feles\u00e9ge (1837\u2013) D\u00f3sa R\u00e1chel (\u2020 1884). Gyermekeik: G\u00e1bor (1844\u2013), R\u00f3za \u2013 D\u00f3sa Mikl\u00f3sn\u00e9 (1851\u2013), Gyula (1855\u2013). A mv.-i ref. koll.-ban v\u00e9gzett, Bolyai Farkas egyik kedvenc tan\u00edtv\u00e1nya volt, ezt igazolja a Tentamen neki dedik\u00e1lt p\u00e9ld\u00e1nya, valamint a Teleki T\u00e9k\u00e1ban l\u00e9v\u0151 Bolyai Farkas egyik el\u0151ad\u00e1s\u00e1nak k\u00e9zirata, ami az \u0151 lejegyz\u00e9s\u00e9ben maradt fenn. Nevel\u0151apja ir\u00e1ny\u00edt\u00e1s\u00e1ra lett postamester, aki megv\u00e1s\u00e1rolta sz\u00e1m\u00e1ra gr. Petki Ferencn\u00e9t\u0151l a postahivatalt. A postahivatal vezet\u00e9s\u00e9t a k\u00f6zben meg\u00f6zvegy\u00fclt anyj\u00e1t\u00f3l vette \u00e1t (1829. nov. 11. \u2013). Jogot v\u00e9gzett (1833), kancellista volt a kir. t\u00e1bl\u00e1n\u00e1l, t\u00e1blab\u00edr\u00f3 (asszesszor) (1834\u2013), t\u00f6rv\u00e9nysz\u00e9ki \u00edt\u00e9l\u0151mester is volt, a mv.-i t\u00f6rv\u00e9nysz\u00e9k b\u00edr\u00f3 (1839\u201348), a ref. egyh\u00e1zk\u00f6zs\u00e9g gondnoka. Bethlen Farkas \u00c1d\u00e1m gr. felhatalmazta, hogy szervezze meg Mv.-en a gyorspost\u00e1t, a hadi h\u00edrek tov\u00e1bb\u00edt\u00e1s\u00e1ra (1849. febr. 3.). A v\u00e1rosi k\u00e9pvisel\u0151test\u00fclet tagja (1861\u2013), a mv.-i iskolasz\u00e9k eln\u00f6ke (1883\u201390), a Stef\u00e1nia \u00f3voda v\u00e1lasztott aligazgat\u00f3ja (1885\u2013). A koron\u00e1s arany \u00e9rdemkereszttel t\u00fcntett\u00e9k a 45 \u00e9vi sikeres postai szolg\u00e1lat\u00e1\u00e9rt. Az els\u0151 mv.-i K\u00f6lcs\u00f6n\u00f6s T\u0171zk\u00e1rment\u0151 Egyes\u00fcletnek p\u00e9nzt\u00e1rnoka (1845\u201368), \u00e9rdemei\u00e9rt saj\u00e1t h\u00e1z\u00e1t \u00e9lete fogyt\u00e1ig ingyen biztos\u00edtotta az int\u00e9zet. <br \/><strong>\u2013 Irod.:<\/strong> 1848\u20131849 Transilvania; Barab\u00e1s Endre; Gy\u00e1szjelent\u0151; Keresztes Gyula: A mv.-i posta \u0151skor\u00e1r\u00f3l (N\u00fa., 2004. j\u00fal. 8.); Nemes; Ol\u00e1h-G\u00e1l; P\u00e1lmay J\u00f3zsef.<\/br><\/p>\n","protected":false},"excerpt":{"rendered":"<p>Mv., 1809. m\u00e1rc. 23., \u2020 Mv., 1891. m\u00e1rc. 24.: jog\u00e1sz, postamester. \u2013 V. Elek mv.-i ref. pap fia. Feles\u00e9ge: D\u00f3sa R\u00e1khel (1814? \u2013 Mv., 1884. m\u00e1j. 31.). Gyermekeik: G\u00e1bor, Nina, R\u00f3za, Kl\u00e1ra (1852? \u2013 Mv., 1869. okt. 15.), Gyula, K\u00e1roly, m\u0171egyetemi hallgat\u00f3 (1849. \u2013 Mv., 1869. jan. 19.). Nevelt gyermekeik: D\u00f3sa Istv\u00e1n \u00e9s K\u00e1lm\u00e1n. \u2013 [&hellip;]<\/p>\n","protected":false},"featured_media":0,"comment_status":"open","ping_status":"closed","template":"","meta":[],"product_brand":[],"product_cat":[137],"product_tag":[],"class_list":{"0":"post-24044","1":"product","2":"type-product","3":"status-publish","5":"product_cat-maros-megyei-eletrajzi-lexikon","7":"first","8":"instock","9":"shipping-taxable","10":"product-type-simple"},"_links":{"self":[{"href":"https:\/\/uj.adatbank.ro\/lexikon\/wp-json\/wp\/v2\/product\/24044","targetHints":{"allow":["GET"]}}],"collection":[{"href":"https:\/\/uj.adatbank.ro\/lexikon\/wp-json\/wp\/v2\/product"}],"about":[{"href":"https:\/\/uj.adatbank.ro\/lexikon\/wp-json\/wp\/v2\/types\/product"}],"replies":[{"embeddable":true,"href":"https:\/\/uj.adatbank.ro\/lexikon\/wp-json\/wp\/v2\/comments?post=24044"}],"wp:attachment":[{"href":"https:\/\/uj.adatbank.ro\/lexikon\/wp-json\/wp\/v2\/media?parent=24044"}],"wp:term":[{"taxonomy":"product_brand","embeddable":true,"href":"https:\/\/uj.adatbank.ro\/lexikon\/wp-json\/wp\/v2\/product_brand?post=24044"},{"taxonomy":"product_cat","embeddable":true,"href":"https:\/\/uj.adatbank.ro\/lexikon\/wp-json\/wp\/v2\/product_cat?post=24044"},{"taxonomy":"product_tag","embeddable":true,"href":"https:\/\/uj.adatbank.ro\/lexikon\/wp-json\/wp\/v2\/product_tag?post=24044"}],"curies":[{"name":"wp","href":"https:\/\/api.w.org\/{rel}","templated":true}]}}

VÁLYI Károly, § kéri

<p>Mv., 1809. márc. 23., † Mv., 1891. márc. 24.: jogász, postamester. – V. Elek mv.-i ref. pap fia. Felesége: Dósa Rákhel (1814? – Mv., 1884. máj. 31.). Gyermekeik: Gábor, Nina, Róza, Klára (1852? – Mv., 1869. okt. 15.), Gyula, Károly, műegyetemi hallgató (1849. – Mv., 1869. jan. 19.). Nevelt gyermekeik: Dósa István és Kálmán. – Tanult a mv.-i Ref. koll.-ban és a marburgi egyetemen, fiatalon halt meg Kv.-on, ahol a ref. kistemplom építési alapjára gyűjtött az országgyűlés tagjainál (1782–1811). Anyja Nemes Julianna, nevelőapja Goepfert József főhadnagy. Felesége (1837–) Dósa Ráchel († 1884). Gyermekeik: Gábor (1844–), Róza – Dósa Miklósné (1851–), Gyula (1855–). A mv.-i ref. koll.-ban végzett, Bolyai Farkas egyik kedvenc tanítványa volt, ezt igazolja a Tentamen neki dedikált példánya, valamint a Teleki Tékában lévő Bolyai Farkas egyik előadásának kézirata, ami az ő lejegyzésében maradt fenn. Nevelőapja irányítására lett postamester, aki megvásárolta számára gr. Petki Ferencnétől a postahivatalt. A postahivatal vezetését a közben megözvegyült anyjától vette át (1829. nov. 11. –). Jogot végzett (1833), kancellista volt a kir. táblánál, táblabíró (asszesszor) (1834–), törvényszéki ítélőmester is volt, a mv.-i törvényszék bíró (1839–48), a ref. egyházközség gondnoka. Bethlen Farkas Ádám gr. felhatalmazta, hogy szervezze meg Mv.-en a gyorspostát, a hadi hírek továbbítására (1849. febr. 3.). A városi képviselőtestület tagja (1861–), a mv.-i iskolaszék elnöke (1883–90), a Stefánia óvoda választott aligazgatója (1885–). A koronás arany érdemkereszttel tüntették a 45 évi sikeres postai szolgálatáért. Az első mv.-i Kölcsönös Tűzkármentő Egyesületnek pénztárnoka (1845–68), érdemeiért saját házát élete fogytáig ingyen biztosította az intézet. <br /><strong>– Irod.:</strong> 1848–1849 Transilvania; Barabás Endre; Gyászjelentő; Keresztes Gyula: A mv.-i posta őskoráról (Nú., 2004. júl. 8.); Nemes; Oláh-Gál; Pálmay József.</br></p>

<p>Mv., 1809. márc. 23., † Mv., 1891. márc. 24.: jogász, postamester. – V. Elek mv.-i ref. pap fia. Felesége: Dósa Rákhel (1814? – Mv., 1884. máj. 31.). Gyermekeik: Gábor, Nina, Róza, Klára (1852? – Mv., 1869. okt. 15.), Gyula, Károly, műegyetemi hallgató (1849. – Mv., 1869. jan. 19.). Nevelt gyermekeik: Dósa István és Kálmán. – [&hellip;]</p>
