{"id":24051,"date":"2025-08-01T17:52:46","date_gmt":"2025-08-01T15:52:46","guid":{"rendered":"https:\/\/uj.adatbank.ro\/lexikon\/termek\/vanca-alexandru\/"},"modified":"2025-08-01T17:52:46","modified_gmt":"2025-08-01T15:52:46","slug":"vanca-alexandru","status":"publish","type":"product","link":"https:\/\/uj.adatbank.ro\/lexikon\/termek\/vanca-alexandru\/","title":{"rendered":"VANCA, Alexandru"},"content":{"rendered":"<p>Batiz (Szatm\u00e1r), 1929. \u00e1pr. 4., \u2020\u00a0Cintos, 2001. okt. 29.: tan\u00edt\u00f3, k\u00f6nyvt\u00e1ros, igazgat\u00f3. \u2013 Az \u00e1cs V. Vasile \u00e9s Varvara t\u00edz gyermeke k\u00f6z\u00fcl a 6. Feles\u00e9ge: Moldovan Maria, tan\u00edt\u00f3n\u0151. Fi\u00fak: Alexandru. \u2013 Sz\u00fcl\u0151hely\u00e9n kezdett tanulni, majd Szatm\u00e1ron v\u00e9gzett tan\u00edt\u00f3k\u00e9pz\u0151t (1949), tan\u00edt\u00f3i ateszt\u00e1l\u00f3- (1957) \u00e9s v\u00e9gleges\u00edt\u0151 vizsg\u00e1t tett (1961). Els\u0151 tan\u00edt\u00f3i \u00e1ll\u00e1sa Gomb\u00e1stany\u00e1n volt (1949\u201350). K\u00f6telez\u0151 katonai szolg\u00e1lat\u00e1t Buk.-ben \u00e9s Foc\u015faniban t\u00f6lt\u00f6tte, hadnagyk\u00e9nt szerelt le (1950\u201352). Batizban tan\u00edtott (1952\u201357), majd a Maros megyei Cintos k\u00f6zs\u00e9gbe k\u00f6lt\u00f6ztek (1957), az iskola igazgat\u00f3ja (1957\u201370), tan\u00edt\u00f3 nyugd\u00edjaz\u00e1s\u00e1ig (1970\u201389) \u00e9s a falusi k\u00f6nyvt\u00e1r \u00e9s m\u0171vel\u0151d\u00e9si otthon vezet\u0151je. Kit\u00fcntetett tan\u00edt\u00f3 (1982). <br \/><strong>\u2013 Irod.:<\/strong> Vanca, Doina Gabriela: Dasc\u0103li mure\u015feni: Alexandru Vanca (Cuv\u00e2ntul liber, 24. ian. 2013).<\/br><\/p>\n","protected":false},"excerpt":{"rendered":"<p>Batiz (Szatm\u00e1r), 1929. \u00e1pr. 4., \u2020\u00a0Cintos, 2001. okt. 29.: tan\u00edt\u00f3, k\u00f6nyvt\u00e1ros, igazgat\u00f3. \u2013 Az \u00e1cs V. Vasile \u00e9s Varvara t\u00edz gyermeke k\u00f6z\u00fcl a 6. Feles\u00e9ge: Moldovan Maria, tan\u00edt\u00f3n\u0151. Fi\u00fak: Alexandru. \u2013 Sz\u00fcl\u0151hely\u00e9n kezdett tanulni, majd Szatm\u00e1ron v\u00e9gzett tan\u00edt\u00f3k\u00e9pz\u0151t (1949), tan\u00edt\u00f3i ateszt\u00e1l\u00f3- (1957) \u00e9s v\u00e9gleges\u00edt\u0151 vizsg\u00e1t tett (1961). Els\u0151 tan\u00edt\u00f3i \u00e1ll\u00e1sa Gomb\u00e1stany\u00e1n volt (1949\u201350). K\u00f6telez\u0151 katonai [&hellip;]<\/p>\n","protected":false},"featured_media":0,"comment_status":"open","ping_status":"closed","template":"","meta":[],"product_brand":[],"product_cat":[137],"product_tag":[],"class_list":{"0":"post-24051","1":"product","2":"type-product","3":"status-publish","5":"product_cat-maros-megyei-eletrajzi-lexikon","7":"first","8":"instock","9":"shipping-taxable","10":"product-type-simple"},"_links":{"self":[{"href":"https:\/\/uj.adatbank.ro\/lexikon\/wp-json\/wp\/v2\/product\/24051","targetHints":{"allow":["GET"]}}],"collection":[{"href":"https:\/\/uj.adatbank.ro\/lexikon\/wp-json\/wp\/v2\/product"}],"about":[{"href":"https:\/\/uj.adatbank.ro\/lexikon\/wp-json\/wp\/v2\/types\/product"}],"replies":[{"embeddable":true,"href":"https:\/\/uj.adatbank.ro\/lexikon\/wp-json\/wp\/v2\/comments?post=24051"}],"wp:attachment":[{"href":"https:\/\/uj.adatbank.ro\/lexikon\/wp-json\/wp\/v2\/media?parent=24051"}],"wp:term":[{"taxonomy":"product_brand","embeddable":true,"href":"https:\/\/uj.adatbank.ro\/lexikon\/wp-json\/wp\/v2\/product_brand?post=24051"},{"taxonomy":"product_cat","embeddable":true,"href":"https:\/\/uj.adatbank.ro\/lexikon\/wp-json\/wp\/v2\/product_cat?post=24051"},{"taxonomy":"product_tag","embeddable":true,"href":"https:\/\/uj.adatbank.ro\/lexikon\/wp-json\/wp\/v2\/product_tag?post=24051"}],"curies":[{"name":"wp","href":"https:\/\/api.w.org\/{rel}","templated":true}]}}

<p>Batiz (Szatmár), 1929. ápr. 4., † Cintos, 2001. okt. 29.: tanító, könyvtáros, igazgató. – Az ács V. Vasile és Varvara tíz gyermeke közül a 6. Felesége: Moldovan Maria, tanítónő. Fiúk: Alexandru. – Szülőhelyén kezdett tanulni, majd Szatmáron végzett tanítóképzőt (1949), tanítói atesztáló- (1957) és véglegesítő vizsgát tett (1961). Első tanítói állása Gombástanyán volt (1949–50). Kötelező katonai szolgálatát Buk.-ben és Focşaniban töltötte, hadnagyként szerelt le (1950–52). Batizban tanított (1952–57), majd a Maros megyei Cintos községbe költöztek (1957), az iskola igazgatója (1957–70), tanító nyugdíjazásáig (1970–89) és a falusi könyvtár és művelődési otthon vezetője. Kitüntetett tanító (1982). <br /><strong>– Irod.:</strong> Vanca, Doina Gabriela: Dascăli mureşeni: Alexandru Vanca (Cuvântul liber, 24. ian. 2013).</br></p>

<p>Batiz (Szatmár), 1929. ápr. 4., † Cintos, 2001. okt. 29.: tanító, könyvtáros, igazgató. – Az ács V. Vasile és Varvara tíz gyermeke közül a 6. Felesége: Moldovan Maria, tanítónő. Fiúk: Alexandru. – Szülőhelyén kezdett tanulni, majd Szatmáron végzett tanítóképzőt (1949), tanítói atesztáló- (1957) és véglegesítő vizsgát tett (1961). Első tanítói állása Gombástanyán volt (1949–50). Kötelező katonai [&hellip;]</p>
