{"id":24052,"date":"2025-08-01T17:52:48","date_gmt":"2025-08-01T15:52:48","guid":{"rendered":"https:\/\/uj.adatbank.ro\/lexikon\/termek\/vancea-augustin-i\/"},"modified":"2025-08-01T17:52:48","modified_gmt":"2025-08-01T15:52:48","slug":"vancea-augustin-i","status":"publish","type":"product","link":"https:\/\/uj.adatbank.ro\/lexikon\/termek\/vancea-augustin-i\/","title":{"rendered":"VANCEA, Augustin I."},"content":{"rendered":"<p>Pelb\u00e1rthida (Bihar), 1892. dec. 19., \u2020 Buk., 1973. aug. 3.: geol\u00f3gus. \u2013 Az Erd\u00e9lyi Medence G\u00e1zkitermel\u00e9s\u00e9nek f\u0151geol\u00f3gusa (1945\u2013). Tanulm\u00e1nyozta a Mez\u0151z\u00e1h, \u015eincai, Gerebenes, Apa\u00fajfalu, Koronka, Kereszt\u00far vid\u00e9ke geofizik\u00e1j\u00e1t, Magyars\u00e1ros, Kiss\u00e1rm\u00e1s is kutat\u00e1si ter\u00fclet\u00e9be tartozott (1945\u201350). A Rom\u00e1n Akad. l. tagja (1963. m\u00e1rc. 21.\u2013). Sz\u00e1mtalan cikket, tanulm\u00e1nyt k\u00f6z\u00f6lt szaklapokban, amelyekben tudom\u00e1nyos eredm\u00e9nyeit ismertette. \u2013  <strong>F. m..:<\/strong> Observa\u0163ii geologice \u00een regiunea de sud-vest a C\u00eempiei ardelene (1929); Contribution \u00e0 l \u00e9tude g\u00e9ologique de la formation \u00e0 gaz de la cuvette transylvaine (1938); Geologia regiunii de la nord de T\u00e2rgu Mure\u015f (1965); Limitamiocenpliocen \u00een bazinul Transilvaniei (1967); Le rol du sel dans la formation des d\u00f4mes de la cuvette de Transylvanie (1968); Cercet\u0103ri geologice \u00een regiunea Grebeni\u015f-Dobra (1968); Neogenul din bazinul Transilvaniei (Buc., 1970); Rolul s\u0103rii \u00een formarea domurilor (1970); Geologia regiunii Corunca (1971); Structuri noi de profunzime \u00een Bazinul Transilvaniei (1972). <br \/><strong>\u2013 Irod.:<\/strong> Acad. Rom.; MMK.<\/br><\/p>\n","protected":false},"excerpt":{"rendered":"<p>Pelb\u00e1rthida (Bihar), 1892. dec. 19., \u2020 Buk., 1973. aug. 3.: geol\u00f3gus. \u2013 Az Erd\u00e9lyi Medence G\u00e1zkitermel\u00e9s\u00e9nek f\u0151geol\u00f3gusa (1945\u2013). Tanulm\u00e1nyozta a Mez\u0151z\u00e1h, \u015eincai, Gerebenes, Apa\u00fajfalu, Koronka, Kereszt\u00far vid\u00e9ke geofizik\u00e1j\u00e1t, Magyars\u00e1ros, Kiss\u00e1rm\u00e1s is kutat\u00e1si ter\u00fclet\u00e9be tartozott (1945\u201350). A Rom\u00e1n Akad. l. tagja (1963. m\u00e1rc. 21.\u2013). Sz\u00e1mtalan cikket, tanulm\u00e1nyt k\u00f6z\u00f6lt szaklapokban, amelyekben tudom\u00e1nyos eredm\u00e9nyeit ismertette. \u2013 F. m..: [&hellip;]<\/p>\n","protected":false},"featured_media":0,"comment_status":"open","ping_status":"closed","template":"","meta":[],"product_brand":[],"product_cat":[137],"product_tag":[],"class_list":{"0":"post-24052","1":"product","2":"type-product","3":"status-publish","5":"product_cat-maros-megyei-eletrajzi-lexikon","7":"first","8":"instock","9":"shipping-taxable","10":"product-type-simple"},"_links":{"self":[{"href":"https:\/\/uj.adatbank.ro\/lexikon\/wp-json\/wp\/v2\/product\/24052","targetHints":{"allow":["GET"]}}],"collection":[{"href":"https:\/\/uj.adatbank.ro\/lexikon\/wp-json\/wp\/v2\/product"}],"about":[{"href":"https:\/\/uj.adatbank.ro\/lexikon\/wp-json\/wp\/v2\/types\/product"}],"replies":[{"embeddable":true,"href":"https:\/\/uj.adatbank.ro\/lexikon\/wp-json\/wp\/v2\/comments?post=24052"}],"wp:attachment":[{"href":"https:\/\/uj.adatbank.ro\/lexikon\/wp-json\/wp\/v2\/media?parent=24052"}],"wp:term":[{"taxonomy":"product_brand","embeddable":true,"href":"https:\/\/uj.adatbank.ro\/lexikon\/wp-json\/wp\/v2\/product_brand?post=24052"},{"taxonomy":"product_cat","embeddable":true,"href":"https:\/\/uj.adatbank.ro\/lexikon\/wp-json\/wp\/v2\/product_cat?post=24052"},{"taxonomy":"product_tag","embeddable":true,"href":"https:\/\/uj.adatbank.ro\/lexikon\/wp-json\/wp\/v2\/product_tag?post=24052"}],"curies":[{"name":"wp","href":"https:\/\/api.w.org\/{rel}","templated":true}]}}

<p>Pelbárthida (Bihar), 1892. dec. 19., † Buk., 1973. aug. 3.: geológus. – Az Erdélyi Medence Gázkitermelésének főgeológusa (1945–). Tanulmányozta a Mezőzáh, Şincai, Gerebenes, Apaújfalu, Koronka, Keresztúr vidéke geofizikáját, Magyarsáros, Kissármás is kutatási területébe tartozott (1945–50). A Román Akad. l. tagja (1963. márc. 21.–). Számtalan cikket, tanulmányt közölt szaklapokban, amelyekben tudományos eredményeit ismertette. –  <strong>F. m..:</strong> Observaţii geologice în regiunea de sud-vest a Cîmpiei ardelene (1929); Contribution à l étude géologique de la formation à gaz de la cuvette transylvaine (1938); Geologia regiunii de la nord de Târgu Mureş (1965); Limitamiocenpliocen în bazinul Transilvaniei (1967); Le rol du sel dans la formation des dômes de la cuvette de Transylvanie (1968); Cercetări geologice în regiunea Grebeniş-Dobra (1968); Neogenul din bazinul Transilvaniei (Buc., 1970); Rolul sării în formarea domurilor (1970); Geologia regiunii Corunca (1971); Structuri noi de profunzime în Bazinul Transilvaniei (1972). <br /><strong>– Irod.:</strong> Acad. Rom.; MMK.</br></p>

<p>Pelbárthida (Bihar), 1892. dec. 19., † Buk., 1973. aug. 3.: geológus. – Az Erdélyi Medence Gázkitermelésének főgeológusa (1945–). Tanulmányozta a Mezőzáh, Şincai, Gerebenes, Apaújfalu, Koronka, Keresztúr vidéke geofizikáját, Magyarsáros, Kissármás is kutatási területébe tartozott (1945–50). A Román Akad. l. tagja (1963. márc. 21.–). Számtalan cikket, tanulmányt közölt szaklapokban, amelyekben tudományos eredményeit ismertette. – F. m..: [&hellip;]</p>
