{"id":24054,"date":"2025-08-01T17:52:52","date_gmt":"2025-08-01T15:52:52","guid":{"rendered":"https:\/\/uj.adatbank.ro\/lexikon\/termek\/vancea-iosif-pubi\/"},"modified":"2025-08-01T17:52:52","modified_gmt":"2025-08-01T15:52:52","slug":"vancea-iosif-pubi","status":"publish","type":"product","link":"https:\/\/uj.adatbank.ro\/lexikon\/termek\/vancea-iosif-pubi\/","title":{"rendered":"VANCEA Iosif, Pubi"},"content":{"rendered":"<p>? \u2020\u00a0?: sportol\u00f3. \u2013 Mv.-en kezdett sportolni (az 1920-as \u00e9vekben leigazolt \u00fasz\u00f3 (17 \u00e9ves kor\u00e1t\u00f3l), v\u00edzilabd\u00e1z\u00f3, asztali teniszez\u0151, j\u00e9gkorongoz\u00f3, \u00f6k\u00f6lv\u00edv\u00f3. Tagja volt a t\u00f6bbsz\u00f6r\u00f6s bajnok mv.-i v\u00edzilabda csapat\u00e1nak, az orsz\u00e1gos cs\u00facstart\u00f3 \u00e9s bajnok \u00fasz\u00f3v\u00e1lt\u00f3knak, \u00e9s t\u00f6bb mint egy \u00e9vtizedet korongozott. Az akt\u00edv sportol\u00e1st abbahagyta (1942), r\u00f6vid ideig edz\u0151 volt (1944 ut\u00e1n) \u00e9s v\u00edzilabda-j\u00e1t\u00e9kvezet\u0151 (1951-ig). <br \/><strong>\u2013 Irod.:<\/strong> Weisz S\u00e1ndor: I. V. (V. Z., 1969. m\u00e1j. 18.).<\/br><\/p>\n","protected":false},"excerpt":{"rendered":"<p>? \u2020\u00a0?: sportol\u00f3. \u2013 Mv.-en kezdett sportolni (az 1920-as \u00e9vekben leigazolt \u00fasz\u00f3 (17 \u00e9ves kor\u00e1t\u00f3l), v\u00edzilabd\u00e1z\u00f3, asztali teniszez\u0151, j\u00e9gkorongoz\u00f3, \u00f6k\u00f6lv\u00edv\u00f3. Tagja volt a t\u00f6bbsz\u00f6r\u00f6s bajnok mv.-i v\u00edzilabda csapat\u00e1nak, az orsz\u00e1gos cs\u00facstart\u00f3 \u00e9s bajnok \u00fasz\u00f3v\u00e1lt\u00f3knak, \u00e9s t\u00f6bb mint egy \u00e9vtizedet korongozott. Az akt\u00edv sportol\u00e1st abbahagyta (1942), r\u00f6vid ideig edz\u0151 volt (1944 ut\u00e1n) \u00e9s v\u00edzilabda-j\u00e1t\u00e9kvezet\u0151 (1951-ig). \u2013 [&hellip;]<\/p>\n","protected":false},"featured_media":0,"comment_status":"open","ping_status":"closed","template":"","meta":[],"product_brand":[],"product_cat":[137],"product_tag":[],"class_list":{"0":"post-24054","1":"product","2":"type-product","3":"status-publish","5":"product_cat-maros-megyei-eletrajzi-lexikon","7":"first","8":"instock","9":"shipping-taxable","10":"product-type-simple"},"_links":{"self":[{"href":"https:\/\/uj.adatbank.ro\/lexikon\/wp-json\/wp\/v2\/product\/24054","targetHints":{"allow":["GET"]}}],"collection":[{"href":"https:\/\/uj.adatbank.ro\/lexikon\/wp-json\/wp\/v2\/product"}],"about":[{"href":"https:\/\/uj.adatbank.ro\/lexikon\/wp-json\/wp\/v2\/types\/product"}],"replies":[{"embeddable":true,"href":"https:\/\/uj.adatbank.ro\/lexikon\/wp-json\/wp\/v2\/comments?post=24054"}],"wp:attachment":[{"href":"https:\/\/uj.adatbank.ro\/lexikon\/wp-json\/wp\/v2\/media?parent=24054"}],"wp:term":[{"taxonomy":"product_brand","embeddable":true,"href":"https:\/\/uj.adatbank.ro\/lexikon\/wp-json\/wp\/v2\/product_brand?post=24054"},{"taxonomy":"product_cat","embeddable":true,"href":"https:\/\/uj.adatbank.ro\/lexikon\/wp-json\/wp\/v2\/product_cat?post=24054"},{"taxonomy":"product_tag","embeddable":true,"href":"https:\/\/uj.adatbank.ro\/lexikon\/wp-json\/wp\/v2\/product_tag?post=24054"}],"curies":[{"name":"wp","href":"https:\/\/api.w.org\/{rel}","templated":true}]}}

<p>? † ?: sportoló. – Mv.-en kezdett sportolni (az 1920-as években leigazolt úszó (17 éves korától), vízilabdázó, asztali teniszező, jégkorongozó, ökölvívó. Tagja volt a többszörös bajnok mv.-i vízilabda csapatának, az országos csúcstartó és bajnok úszóváltóknak, és több mint egy évtizedet korongozott. Az aktív sportolást abbahagyta (1942), rövid ideig edző volt (1944 után) és vízilabda-játékvezető (1951-ig). <br /><strong>– Irod.:</strong> Weisz Sándor: I. V. (V. Z., 1969. máj. 18.).</br></p>

<p>? † ?: sportoló. – Mv.-en kezdett sportolni (az 1920-as években leigazolt úszó (17 éves korától), vízilabdázó, asztali teniszező, jégkorongozó, ökölvívó. Tagja volt a többszörös bajnok mv.-i vízilabda csapatának, az országos csúcstartó és bajnok úszóváltóknak, és több mint egy évtizedet korongozott. Az aktív sportolást abbahagyta (1942), rövid ideig edző volt (1944 után) és vízilabda-játékvezető (1951-ig). – [&hellip;]</p>
