{"id":24055,"date":"2025-08-01T17:52:55","date_gmt":"2025-08-01T15:52:55","guid":{"rendered":"https:\/\/uj.adatbank.ro\/lexikon\/termek\/vancea-jozsef-%c2%a7\/"},"modified":"2025-08-01T17:52:55","modified_gmt":"2025-08-01T15:52:55","slug":"vancea-jozsef-%c2%a7","status":"publish","type":"product","link":"https:\/\/uj.adatbank.ro\/lexikon\/termek\/vancea-jozsef-%c2%a7\/","title":{"rendered":"VANCEA J\u00f3zsef, \u00a7"},"content":{"rendered":"<p>? \u2020\u00a0?: \u00fcgyv\u00e9d. \u2013 K\u00f6z\u00e9piskol\u00e1it Bal\u00e1zsfalv\u00e1n, az egyetemet Kv.-on v\u00e9gezte. R\u00e9szt vett az I. vh.-ban, mint f\u0151hadnagy (1914\u201318), megsebes\u00fclt, t\u00f6bb kit\u00fcntet\u00e9ssel szerelt le. Mv.-en \u00fcgyv\u00e9d (1918\u20131940 ut\u00e1nig??), v\u00e9dte a kisebbs\u00e9gi magyar \u00fajs\u00e1g\u00edr\u00f3kat. A mv.-i Nemzeti Tan\u00e1cs tagja (1918). Bern\u00e1dy Gy\u00f6rgy polg\u00e1rmesters\u00e9ge alatt h\u00e1rom \u00e9vig volt v\u00e1rosi tan\u00e1csos. <br \/><strong>\u2013 Irod.:<\/strong> Fuchs Simon: A kommunista p\u00e1rthoz vezet\u0151 \u00faton (Korunk, 1957, 10. sz.); Visnai.<\/br><\/p>\n","protected":false},"excerpt":{"rendered":"<p>? \u2020\u00a0?: \u00fcgyv\u00e9d. \u2013 K\u00f6z\u00e9piskol\u00e1it Bal\u00e1zsfalv\u00e1n, az egyetemet Kv.-on v\u00e9gezte. R\u00e9szt vett az I. vh.-ban, mint f\u0151hadnagy (1914\u201318), megsebes\u00fclt, t\u00f6bb kit\u00fcntet\u00e9ssel szerelt le. Mv.-en \u00fcgyv\u00e9d (1918\u20131940 ut\u00e1nig??), v\u00e9dte a kisebbs\u00e9gi magyar \u00fajs\u00e1g\u00edr\u00f3kat. A mv.-i Nemzeti Tan\u00e1cs tagja (1918). Bern\u00e1dy Gy\u00f6rgy polg\u00e1rmesters\u00e9ge alatt h\u00e1rom \u00e9vig volt v\u00e1rosi tan\u00e1csos. \u2013 Irod.: Fuchs Simon: A kommunista p\u00e1rthoz vezet\u0151 [&hellip;]<\/p>\n","protected":false},"featured_media":0,"comment_status":"open","ping_status":"closed","template":"","meta":[],"product_brand":[],"product_cat":[137],"product_tag":[],"class_list":{"0":"post-24055","1":"product","2":"type-product","3":"status-publish","5":"product_cat-maros-megyei-eletrajzi-lexikon","7":"first","8":"instock","9":"shipping-taxable","10":"product-type-simple"},"_links":{"self":[{"href":"https:\/\/uj.adatbank.ro\/lexikon\/wp-json\/wp\/v2\/product\/24055","targetHints":{"allow":["GET"]}}],"collection":[{"href":"https:\/\/uj.adatbank.ro\/lexikon\/wp-json\/wp\/v2\/product"}],"about":[{"href":"https:\/\/uj.adatbank.ro\/lexikon\/wp-json\/wp\/v2\/types\/product"}],"replies":[{"embeddable":true,"href":"https:\/\/uj.adatbank.ro\/lexikon\/wp-json\/wp\/v2\/comments?post=24055"}],"wp:attachment":[{"href":"https:\/\/uj.adatbank.ro\/lexikon\/wp-json\/wp\/v2\/media?parent=24055"}],"wp:term":[{"taxonomy":"product_brand","embeddable":true,"href":"https:\/\/uj.adatbank.ro\/lexikon\/wp-json\/wp\/v2\/product_brand?post=24055"},{"taxonomy":"product_cat","embeddable":true,"href":"https:\/\/uj.adatbank.ro\/lexikon\/wp-json\/wp\/v2\/product_cat?post=24055"},{"taxonomy":"product_tag","embeddable":true,"href":"https:\/\/uj.adatbank.ro\/lexikon\/wp-json\/wp\/v2\/product_tag?post=24055"}],"curies":[{"name":"wp","href":"https:\/\/api.w.org\/{rel}","templated":true}]}}

VANCEA József, §

<p>? † ?: ügyvéd. – Középiskoláit Balázsfalván, az egyetemet Kv.-on végezte. Részt vett az I. vh.-ban, mint főhadnagy (1914–18), megsebesült, több kitüntetéssel szerelt le. Mv.-en ügyvéd (1918–1940 utánig??), védte a kisebbségi magyar újságírókat. A mv.-i Nemzeti Tanács tagja (1918). Bernády György polgármestersége alatt három évig volt városi tanácsos. <br /><strong>– Irod.:</strong> Fuchs Simon: A kommunista párthoz vezető úton (Korunk, 1957, 10. sz.); Visnai.</br></p>

<p>? † ?: ügyvéd. – Középiskoláit Balázsfalván, az egyetemet Kv.-on végezte. Részt vett az I. vh.-ban, mint főhadnagy (1914–18), megsebesült, több kitüntetéssel szerelt le. Mv.-en ügyvéd (1918–1940 utánig??), védte a kisebbségi magyar újságírókat. A mv.-i Nemzeti Tanács tagja (1918). Bernády György polgármestersége alatt három évig volt városi tanácsos. – Irod.: Fuchs Simon: A kommunista párthoz vezető [&hellip;]</p>
