{"id":24057,"date":"2025-08-01T17:53:00","date_gmt":"2025-08-01T15:53:00","guid":{"rendered":"https:\/\/uj.adatbank.ro\/lexikon\/termek\/vancea-zeno-%c2%a7\/"},"modified":"2025-08-01T17:53:00","modified_gmt":"2025-08-01T15:53:00","slug":"vancea-zeno-%c2%a7","status":"publish","type":"product","link":"https:\/\/uj.adatbank.ro\/lexikon\/termek\/vancea-zeno-%c2%a7\/","title":{"rendered":"VANCEA, Zeno, \u00a7"},"content":{"rendered":"<p>Boks\u00e1nb\u00e1nya, 1900. okt. 8. \u2020\u00a0Buk., 1990. jan. 15.: zeneszerz\u0151, karmester, muzikol\u00f3gus, tan\u00e1r. \u2013 Lugoson kezdte zenei tanulm\u00e1nyait (1915\u201318) Ion Vidu \u00e9s I. Willer tan\u00edtv\u00e1nyak\u00e9nt, Kv.-on a Konzervat\u00f3riumban folytatta (1919\u201321) Augustin Bena, Hermann Klee \u00e9s George Dima ir\u00e1ny\u00edt\u00e1s\u00e1val, majd a b\u00e9csi konzervat\u00f3riumban folytatta Ernst Kanitzn\u00e1l (ellenpont) \u00e9s Franz Schrekern\u00e9l (zeneszerz\u00e9s) (1921\u201326; 1930\u201331). A mv.-i katonai l\u00edc. Zenetan\u00e1ra (1926\u201329), majd a V\u00e1rosi Konzervat\u00f3riumban tan\u00edtott zenet\u00f6rt\u00e9netet, zeneelm\u00e9letet, szolf\u00e9zst, \u00f6sszhangzattant, ellenpontot (1929\u201340). A temesv\u00e1ri Konzervat\u00f3rium tan\u00e1ra (1940\u201345). Visszat\u00e9rt Mv.-re, ahol a Konzervat\u00f3rium igazgat\u00f3ja volt (1945\u201348). H\u00e1zass\u00e1g r\u00e9v\u00e9n tulajdon\u00e1ba ker\u00fclt Illy\u00e9s Istv\u00e1n sz\u00e9kesi udvarh\u00e1za, majd ezt \u00e1llamos\u00edtott\u00e1k. Nagy hat\u00e1ssal volt a v\u00e1ros zenei \u00e9let\u00e9re, megszervezte \u00e9s vezette\/vez\u00e9nyelte azt a zenekart (1947. okt.\u2013), amely a Mv.-i \u00c1llami Filharm\u00f3nia alapj\u00e1t k\u00e9pezte (1950\u2013). A Mv. irodalmi \u00e9let\u00e9be is bekapcsol\u00f3dott, a KZST tagja. A KZST erd\u00e9lyi k\u00f6lt\u0151k verseinek megzen\u00e9s\u00edt\u00e9se p\u00e1ly\u00e1zat d\u00edjazott gy\u0151ztese (2000 lej), \u00c1prily Lajos Tavaszodik c. vers\u00e9t zen\u00e9s\u00edtette meg (1931). K\u00e9s\u0151bb a Mv.-i Zenei Napok d\u00edszeln\u00f6ke volt. A legk\u00f6zelebb a kamarazene \u00e1llt hozz\u00e1, a von\u00f3s kvartettek \u00e9s a dalok. A mv.-i tart\u00f3zkod\u00e1sa elej\u00e9n \u00e9rt\u00e9kes alkot\u00e1sa a Priculiciul (1932\u201333), bemutatt\u00e1k Buk.-ben (1942), ezt a munk\u00e1j\u00e1t is George Enescu-d\u00edjjal t\u00fcntett\u00e9k ki. Buk.-be k\u00f6lt\u00f6z\u00f6tt (1948), igazgat\u00f3 lett a M\u0171v\u00e9szet\u00fcgyi Miniszt\u00e9riumban (1948\u20141950), a buk.-i Ciprian Porumbescu Konzervat\u00f3rium ellenpont-tan\u00e1ra (1949\u201368). Egy\u00e9b megb\u00edzat\u00e1sai: a Muzica c\u00edm\u0171 foly\u00f3irat f\u0151szerkeszt\u0151je (1957\u20141964), a Zeneszerz\u0151k Sz\u00f6vets\u00e9g\u00e9nek titk\u00e1ra, illetve aleln\u00f6ke (1968\u201390). Zenei t\u00e9m\u00e1j\u00fa tanulm\u00e1nyai, cikkei, ford\u00edt\u00e1sai jelentek meg rom\u00e1n \u00e9s k\u00fclf\u00f6ldi szaklapokban, szerzett balettzen\u00e9t, szimf\u00f3ni\u00e1kat, vok\u00e1lszimfonikus m\u0171veket, kamara-, k\u00f3rus- \u00e9s vok\u00e1liszen\u00e9t. T\u00f6bbsz\u00f6r elnyerte a George Enescu zeneszerz\u00e9si d\u00edj k\u00fcl\u00f6nb\u00f6z\u0151 fokozatait: I. fok\u00fa dics\u00e9retet (1934), III. d\u00edjat (1936), II. d\u00edjat (1937, 1938) \u00e9s I. d\u00edjat (1943). Ugyancsak elnyerte az \u00c1llami D\u00edjat (1954), a Zeneszerz\u0151k Sz\u00f6vets\u00e9g\u00e9nek d\u00edj\u00e1t (1969), a m\u0171v\u00e9szet kiv\u00e1l\u00f3 mestere c\u00edmet (1954). A Munka \u00c9rdemrend II. (1948), Rom\u00e1n N\u00e9pk\u00f6zt, \u00e9rdemes m\u0171v\u00e9sze c\u00edmmel \u00e9s a Kultur\u00e1lis \u00c9rdemrend I. (1969) fokozataival is kit\u00fcntett\u00e9k. A Herder-d\u00edj tulajdonosa (1973). Levelez\u0151 tagj\u00e1v\u00e1 v\u00e1lasztotta a N\u00e9met M\u0171v\u00e9szeti Akad. (1975). \u2013  <strong>F. m..:<\/strong> Istoria muzicii universale rom\u00e2ne\u015fti (Tg. M., 1938); Chestionar de istoria muzicei universale (Tg. M., 1938); Muzica bisericeasc\u0103 coral\u0103 la rom\u00e2ni (Timi\u015foara, 1944); Cartea dirijorului de cor (Timi\u015foara, 1945); Crea\u0163ia muzical\u0103 rom\u00e2neasc\u0103. Sec. XIX-XX. 1\u20132 vol. (Buc., 1968\u201378); Muzica simfonic\u0103 rom\u00e2neasc\u0103 (Buc., 1971); Studii \u015fi eseuri muzicale (Buc., 1974);  <strong>t\u00e1rssz.:<\/strong> Pove\u015ftile ora\u015fului (Sorina Bota-val, Tg. M, 2010);  <strong>ford.:<\/strong> Szabolcsi Bence: B\u00e9la Bart\u00f3k (Buc., 1962);  <strong> szerk.:<\/strong> Bart\u00f3k B\u00e9la: \u00censemn\u0103ri asupra c\u00eentecului popular (bevez.; Buc., 1956); Nichifor, E., Boc\u00eernea, C.: Medicina \u015fi muzica (bevez.; Buc., 1965); Buescu, Corneliu: Gheorghe Folescu (bevez.; Buc., 1966); <strong>F. szerzem\u00e9nyei:<\/strong> Preludiu, fug\u0103, \u015fi toccat\u0103 pentru pian (1926); 2 Rapsodii b\u0103n\u0103\u0163ene pentru orchestr\u0103 (1926, 1950); Cvartetul bizantin (1927); Psalmul 127 (1927); 2 Liturghii pentru cor mixt pe melodii de stran\u0103 din Ardeal (1928, 1936); Tavaszodik. \u00c1prilis Lajos verse. Megzen\u00e9s\u00edtette Vancea Zeno. Dedik\u00e1lta Kabdeb\u00f3 Ern\u00e1nak = \u00dcnnepi konyv; Scoar\u0163e pentru orchestre de camer\u0103 (1928); 10 kamarazenekari darab (1929); Priculiciul (1932\u201333), 12 cvartete de coarde (1934\u201385); Dou\u0103 dansuri grote\u015fti (1937); Liturghia Sf. Ioan Gur\u0103 de Aur (Tg. M., 1938); Requiem (1943); Cvartetul de coarde nr. 1., nr. 2.; Simfonietta (1948, 1967); O zi de var\u0103, nyit\u00e1ny (1951); 3 von\u00f3sn\u00e9gyes (1953); Imagini b\u0103n\u0103\u0163ene (1956); Preambul, intermezzo, mar\u015f (1958); Tocata pentru pian (Buc., 1959); Burlesc pentru orchestr\u0103 (1959); Triptic simfonic (Buc., 1960); Concert pentru orchestr\u0103 (Buc., 1963); Cinci piese pentru orchestr\u0103 de coarde (1964); Cvartet de coarde, nr. 4 (Buc., 1967); Simfonietta II. (1969); Cvartetul de coarde, nr. 5 (Buc., 1973); Prolog simfonic (Buc., 1975); Cvartet de coarde, nr. 6 (Buc., 1977); Sonat\u0103 pentru org\u0103 \u015fi orchestr\u0103 de coarde (Buc., 1981); Cvartet de coarde, nr. 8 (Buc., 1982); Cvartet de coarde, nr. 7 (Buc., 1984); Sonata pentru violin\u0103 solo (Buc., 1985); Trio de coarde (Buc., 1986); Cvintet de sufl\u0103tori \u2013 Quintet for wind instruments (Buc., 1987); Trio pentru sufl\u0103tori (Buc., 1988); Cvartet de coarde, nr. 9 (Buc., 1990); h\u00e1rmas f\u00faga 2 zongor\u00e1ra; zongoraszon\u00e1ta; zongora-heged\u0171szon\u00e1ta; R. M. Rilke-, G. Bacovia-dalok; <strong>antol\u00f3g.:<\/strong> \u00dcnnepi <strong>k\u00f6nyv:<\/strong> F\u00e9lsz\u00e1zados jubileuma eml\u00e9k\u00e9\u00fcl kiadta a KZST. (Mv., 1930);  <strong> szerk.:<\/strong> Costin, Maximilian: Vioara, mae\u015ftrii \u015fi arta ei (Buc., 1964). <br \/><strong>\u2013 Irod.:<\/strong> Cosma, Viorel: Compozitori \u015fi muzicologi rom\u00e2ni: Mic lexicon (Buc., 1965); Csif\u00f3; Cs\u00edky Boldizs\u00e1r; Cs\u00edky Boldizs\u00e1r: In memoriam Z. V. (N\u00fa., 1990. jan. 17.); Dsida; EMP; Gheorghiu, Virgil: Din muzica \u015fi via\u0163a compozitorilor (Buc., 1942); Hajd\u00f3 K\u00e1roly: A mv.-i zeneiskola \u00e9vfordul\u00f3j\u00e1ra (N\u00fa., 1999. jan. 12.); [H\u00edrek] (Az Ellenz\u00e9k, 1929. szept. 19.); Katona Szab\u00f3 Istv\u00e1n: Az \u00daj \u00c9let Lexikona, 161.(\u00daj \u00c9let, 1977.); Kim; L\u00e1szl\u00f3 Ferenc: Isten veled, Z\u00e9n\u00f3 \u00e9desap\u00e1nk (Helikon, 1990. febr. 2., 5. sz.); Marosi Ildik\u00f3: 25 \u00e9ves a mv.-i \u00c1llami Filharm\u00f3nia (\u00daj \u00c9let, 1975, 15. sz.); MRL; N. M. K.: \u201eL\u00e9lekben jelen voltam\u201d (V. Z., 1989. m\u00e1j. 27.); Ni\u0163ulescu, P.: Muzica rom\u00e2neasc\u0103 de azi (Buc., 1939); Pint\u00e9r Lajos: Z. V. A zeneszerz\u0151, a pedag\u00f3gus \u00e9s a zenetud\u00f3s (\u00daj \u00c9let, 8. sz., 1971); Pop Tofolean-F\u00fcl\u00f6p; Popovici, Martha: Convorbiri cu Z. V. (Buc., 1985); Sava; Sava-Vartolomei\u0141; Szab\u00f3 Csaba: A 70 \u00e9ves Z. V. k\u00f6sz\u00f6nt\u00e9s (V. Z., 1970. okt. 25.); Zenei lex.; Zenetudom\u00e1nyi \u00edr\u00e1sok; Zenetud. \u00edr\u00e1sok, 1998.<\/br><\/p>\n","protected":false},"excerpt":{"rendered":"<p>Boks\u00e1nb\u00e1nya, 1900. okt. 8. \u2020\u00a0Buk., 1990. jan. 15.: zeneszerz\u0151, karmester, muzikol\u00f3gus, tan\u00e1r. \u2013 Lugoson kezdte zenei tanulm\u00e1nyait (1915\u201318) Ion Vidu \u00e9s I. Willer tan\u00edtv\u00e1nyak\u00e9nt, Kv.-on a Konzervat\u00f3riumban folytatta (1919\u201321) Augustin Bena, Hermann Klee \u00e9s George Dima ir\u00e1ny\u00edt\u00e1s\u00e1val, majd a b\u00e9csi konzervat\u00f3riumban folytatta Ernst Kanitzn\u00e1l (ellenpont) \u00e9s Franz Schrekern\u00e9l (zeneszerz\u00e9s) (1921\u201326; 1930\u201331). A mv.-i katonai l\u00edc. [&hellip;]<\/p>\n","protected":false},"featured_media":0,"comment_status":"open","ping_status":"closed","template":"","meta":[],"product_brand":[],"product_cat":[137],"product_tag":[],"class_list":{"0":"post-24057","1":"product","2":"type-product","3":"status-publish","5":"product_cat-maros-megyei-eletrajzi-lexikon","7":"first","8":"instock","9":"shipping-taxable","10":"product-type-simple"},"_links":{"self":[{"href":"https:\/\/uj.adatbank.ro\/lexikon\/wp-json\/wp\/v2\/product\/24057","targetHints":{"allow":["GET"]}}],"collection":[{"href":"https:\/\/uj.adatbank.ro\/lexikon\/wp-json\/wp\/v2\/product"}],"about":[{"href":"https:\/\/uj.adatbank.ro\/lexikon\/wp-json\/wp\/v2\/types\/product"}],"replies":[{"embeddable":true,"href":"https:\/\/uj.adatbank.ro\/lexikon\/wp-json\/wp\/v2\/comments?post=24057"}],"wp:attachment":[{"href":"https:\/\/uj.adatbank.ro\/lexikon\/wp-json\/wp\/v2\/media?parent=24057"}],"wp:term":[{"taxonomy":"product_brand","embeddable":true,"href":"https:\/\/uj.adatbank.ro\/lexikon\/wp-json\/wp\/v2\/product_brand?post=24057"},{"taxonomy":"product_cat","embeddable":true,"href":"https:\/\/uj.adatbank.ro\/lexikon\/wp-json\/wp\/v2\/product_cat?post=24057"},{"taxonomy":"product_tag","embeddable":true,"href":"https:\/\/uj.adatbank.ro\/lexikon\/wp-json\/wp\/v2\/product_tag?post=24057"}],"curies":[{"name":"wp","href":"https:\/\/api.w.org\/{rel}","templated":true}]}}

<p>Boksánbánya, 1900. okt. 8. † Buk., 1990. jan. 15.: zeneszerző, karmester, muzikológus, tanár. – Lugoson kezdte zenei tanulmányait (1915–18) Ion Vidu és I. Willer tanítványaként, Kv.-on a Konzervatóriumban folytatta (1919–21) Augustin Bena, Hermann Klee és George Dima irányításával, majd a bécsi konzervatóriumban folytatta Ernst Kanitznál (ellenpont) és Franz Schrekernél (zeneszerzés) (1921–26; 1930–31). A mv.-i katonai líc. Zenetanára (1926–29), majd a Városi Konzervatóriumban tanított zenetörténetet, zeneelméletet, szolfézst, összhangzattant, ellenpontot (1929–40). A temesvári Konzervatórium tanára (1940–45). Visszatért Mv.-re, ahol a Konzervatórium igazgatója volt (1945–48). Házasság révén tulajdonába került Illyés István székesi udvarháza, majd ezt államosították. Nagy hatással volt a város zenei életére, megszervezte és vezette/vezényelte azt a zenekart (1947. okt.–), amely a Mv.-i Állami Filharmónia alapját képezte (1950–). A Mv. irodalmi életébe is bekapcsolódott, a KZST tagja. A KZST erdélyi költők verseinek megzenésítése pályázat díjazott győztese (2000 lej), Áprily Lajos Tavaszodik c. versét zenésítette meg (1931). Később a Mv.-i Zenei Napok díszelnöke volt. A legközelebb a kamarazene állt hozzá, a vonós kvartettek és a dalok. A mv.-i tartózkodása elején értékes alkotása a Priculiciul (1932–33), bemutatták Buk.-ben (1942), ezt a munkáját is George Enescu-díjjal tüntették ki. Buk.-be költözött (1948), igazgató lett a Művészetügyi Minisztériumban (1948—1950), a buk.-i Ciprian Porumbescu Konzervatórium ellenpont-tanára (1949–68). Egyéb megbízatásai: a Muzica című folyóirat főszerkesztője (1957—1964), a Zeneszerzők Szövetségének titkára, illetve alelnöke (1968–90). Zenei témájú tanulmányai, cikkei, fordításai jelentek meg román és külföldi szaklapokban, szerzett balettzenét, szimfóniákat, vokálszimfonikus műveket, kamara-, kórus- és vokáliszenét. Többször elnyerte a George Enescu zeneszerzési díj különböző fokozatait: I. fokú dicséretet (1934), III. díjat (1936), II. díjat (1937, 1938) és I. díjat (1943). Ugyancsak elnyerte az Állami Díjat (1954), a Zeneszerzők Szövetségének díját (1969), a művészet kiváló mestere címet (1954). A Munka Érdemrend II. (1948), Román Népközt, érdemes művésze címmel és a Kulturális Érdemrend I. (1969) fokozataival is kitüntették. A Herder-díj tulajdonosa (1973). Levelező tagjává választotta a Német Művészeti Akad. (1975). –  <strong>F. m..:</strong> Istoria muzicii universale româneşti (Tg. M., 1938); Chestionar de istoria muzicei universale (Tg. M., 1938); Muzica bisericească corală la români (Timişoara, 1944); Cartea dirijorului de cor (Timişoara, 1945); Creaţia muzicală românească. Sec. XIX-XX. 1–2 vol. (Buc., 1968–78); Muzica simfonică românească (Buc., 1971); Studii şi eseuri muzicale (Buc., 1974);  <strong>társsz.:</strong> Poveştile oraşului (Sorina Bota-val, Tg. M, 2010);  <strong>ford.:</strong> Szabolcsi Bence: Béla Bartók (Buc., 1962);  <strong> szerk.:</strong> Bartók Béla: Însemnări asupra cîntecului popular (bevez.; Buc., 1956); Nichifor, E., Bocîrnea, C.: Medicina şi muzica (bevez.; Buc., 1965); Buescu, Corneliu: Gheorghe Folescu (bevez.; Buc., 1966); <strong>F. szerzeményei:</strong> Preludiu, fugă, şi toccată pentru pian (1926); 2 Rapsodii bănăţene pentru orchestră (1926, 1950); Cvartetul bizantin (1927); Psalmul 127 (1927); 2 Liturghii pentru cor mixt pe melodii de strană din Ardeal (1928, 1936); Tavaszodik. Április Lajos verse. Megzenésítette Vancea Zeno. Dedikálta Kabdebó Ernának = Ünnepi konyv; Scoarţe pentru orchestre de cameră (1928); 10 kamarazenekari darab (1929); Priculiciul (1932–33), 12 cvartete de coarde (1934–85); Două dansuri groteşti (1937); Liturghia Sf. Ioan Gură de Aur (Tg. M., 1938); Requiem (1943); Cvartetul de coarde nr. 1., nr. 2.; Simfonietta (1948, 1967); O zi de vară, nyitány (1951); 3 vonósnégyes (1953); Imagini bănăţene (1956); Preambul, intermezzo, marş (1958); Tocata pentru pian (Buc., 1959); Burlesc pentru orchestră (1959); Triptic simfonic (Buc., 1960); Concert pentru orchestră (Buc., 1963); Cinci piese pentru orchestră de coarde (1964); Cvartet de coarde, nr. 4 (Buc., 1967); Simfonietta II. (1969); Cvartetul de coarde, nr. 5 (Buc., 1973); Prolog simfonic (Buc., 1975); Cvartet de coarde, nr. 6 (Buc., 1977); Sonată pentru orgă şi orchestră de coarde (Buc., 1981); Cvartet de coarde, nr. 8 (Buc., 1982); Cvartet de coarde, nr. 7 (Buc., 1984); Sonata pentru violină solo (Buc., 1985); Trio de coarde (Buc., 1986); Cvintet de suflători – Quintet for wind instruments (Buc., 1987); Trio pentru suflători (Buc., 1988); Cvartet de coarde, nr. 9 (Buc., 1990); hármas fúga 2 zongorára; zongoraszonáta; zongora-hegedűszonáta; R. M. Rilke-, G. Bacovia-dalok; <strong>antológ.:</strong> Ünnepi <strong>könyv:</strong> Félszázados jubileuma emlékéül kiadta a KZST. (Mv., 1930);  <strong> szerk.:</strong> Costin, Maximilian: Vioara, maeştrii şi arta ei (Buc., 1964). <br /><strong>– Irod.:</strong> Cosma, Viorel: Compozitori şi muzicologi români: Mic lexicon (Buc., 1965); Csifó; Csíky Boldizsár; Csíky Boldizsár: In memoriam Z. V. (Nú., 1990. jan. 17.); Dsida; EMP; Gheorghiu, Virgil: Din muzica şi viaţa compozitorilor (Buc., 1942); Hajdó Károly: A mv.-i zeneiskola évfordulójára (Nú., 1999. jan. 12.); [Hírek] (Az Ellenzék, 1929. szept. 19.); Katona Szabó István: Az Új Élet Lexikona, 161.(Új Élet, 1977.); Kim; László Ferenc: Isten veled, Zénó édesapánk (Helikon, 1990. febr. 2., 5. sz.); Marosi Ildikó: 25 éves a mv.-i Állami Filharmónia (Új Élet, 1975, 15. sz.); MRL; N. M. K.: „Lélekben jelen voltam” (V. Z., 1989. máj. 27.); Niţulescu, P.: Muzica românească de azi (Buc., 1939); Pintér Lajos: Z. V. A zeneszerző, a pedagógus és a zenetudós (Új Élet, 8. sz., 1971); Pop Tofolean-Fülöp; Popovici, Martha: Convorbiri cu Z. V. (Buc., 1985); Sava; Sava-VartolomeiŁ; Szabó Csaba: A 70 éves Z. V. köszöntés (V. Z., 1970. okt. 25.); Zenei lex.; Zenetudományi írások; Zenetud. írások, 1998.</br></p>

<p>Boksánbánya, 1900. okt. 8. † Buk., 1990. jan. 15.: zeneszerző, karmester, muzikológus, tanár. – Lugoson kezdte zenei tanulmányait (1915–18) Ion Vidu és I. Willer tanítványaként, Kv.-on a Konzervatóriumban folytatta (1919–21) Augustin Bena, Hermann Klee és George Dima irányításával, majd a bécsi konzervatóriumban folytatta Ernst Kanitznál (ellenpont) és Franz Schrekernél (zeneszerzés) (1921–26; 1930–31). A mv.-i katonai líc. [&hellip;]</p>
