{"id":24058,"date":"2025-08-01T17:53:01","date_gmt":"2025-08-01T15:53:01","guid":{"rendered":"https:\/\/uj.adatbank.ro\/lexikon\/termek\/vancsakovszky-gabriella\/"},"modified":"2025-08-01T17:53:01","modified_gmt":"2025-08-01T15:53:01","slug":"vancsakovszky-gabriella","status":"publish","type":"product","link":"https:\/\/uj.adatbank.ro\/lexikon\/termek\/vancsakovszky-gabriella\/","title":{"rendered":"VANCSAKOVSZKY Gabriella"},"content":{"rendered":"<p>Mv., 1942. m\u00e1j. 10., \u2020\u00a0Mv., 2001. \u00e1pr. 7.: gy\u00f3gyszer\u00e9sz. \u2013 Apja orvos. \u2013 K\u00f6z\u00e9piskol\u00e1t Sz\u00e9kelyudvarhelyen, v\u00e9gezte majd a MOGYI gy\u00f3gyszer\u00e9szeti kar\u00e1n szerzett oklevelet. (1964). Gy\u00f3gyszer\u00e9sz volt Sz\u00e9kelykereszt\u00faron, Marosludason, visszat\u00e9rt Mv.-re (1965\u2013), beosztott, majd vezet\u0151 az 5. sz. gy\u00f3gyszert\u00e1rban (D\u00f3zsa Gy. u., majd a K\u00f6vesdombi negyedben), ezt Herba n\u00e9ven mag\u00e1nos\u00edtott\u00e1k, hal\u00e1l\u00e1ig volt saj\u00e1t m\u0171k\u00f6dtet\u00e9s\u00e9ben. <br \/><strong>\u2013 Irod.:<\/strong> P\u00e9ter H. M.<\/br><\/p>\n","protected":false},"excerpt":{"rendered":"<p>Mv., 1942. m\u00e1j. 10., \u2020\u00a0Mv., 2001. \u00e1pr. 7.: gy\u00f3gyszer\u00e9sz. \u2013 Apja orvos. \u2013 K\u00f6z\u00e9piskol\u00e1t Sz\u00e9kelyudvarhelyen, v\u00e9gezte majd a MOGYI gy\u00f3gyszer\u00e9szeti kar\u00e1n szerzett oklevelet. (1964). Gy\u00f3gyszer\u00e9sz volt Sz\u00e9kelykereszt\u00faron, Marosludason, visszat\u00e9rt Mv.-re (1965\u2013), beosztott, majd vezet\u0151 az 5. sz. gy\u00f3gyszert\u00e1rban (D\u00f3zsa Gy. u., majd a K\u00f6vesdombi negyedben), ezt Herba n\u00e9ven mag\u00e1nos\u00edtott\u00e1k, hal\u00e1l\u00e1ig volt saj\u00e1t m\u0171k\u00f6dtet\u00e9s\u00e9ben. \u2013 Irod.: [&hellip;]<\/p>\n","protected":false},"featured_media":0,"comment_status":"open","ping_status":"closed","template":"","meta":[],"product_brand":[],"product_cat":[137],"product_tag":[],"class_list":{"0":"post-24058","1":"product","2":"type-product","3":"status-publish","5":"product_cat-maros-megyei-eletrajzi-lexikon","7":"first","8":"instock","9":"shipping-taxable","10":"product-type-simple"},"_links":{"self":[{"href":"https:\/\/uj.adatbank.ro\/lexikon\/wp-json\/wp\/v2\/product\/24058","targetHints":{"allow":["GET"]}}],"collection":[{"href":"https:\/\/uj.adatbank.ro\/lexikon\/wp-json\/wp\/v2\/product"}],"about":[{"href":"https:\/\/uj.adatbank.ro\/lexikon\/wp-json\/wp\/v2\/types\/product"}],"replies":[{"embeddable":true,"href":"https:\/\/uj.adatbank.ro\/lexikon\/wp-json\/wp\/v2\/comments?post=24058"}],"wp:attachment":[{"href":"https:\/\/uj.adatbank.ro\/lexikon\/wp-json\/wp\/v2\/media?parent=24058"}],"wp:term":[{"taxonomy":"product_brand","embeddable":true,"href":"https:\/\/uj.adatbank.ro\/lexikon\/wp-json\/wp\/v2\/product_brand?post=24058"},{"taxonomy":"product_cat","embeddable":true,"href":"https:\/\/uj.adatbank.ro\/lexikon\/wp-json\/wp\/v2\/product_cat?post=24058"},{"taxonomy":"product_tag","embeddable":true,"href":"https:\/\/uj.adatbank.ro\/lexikon\/wp-json\/wp\/v2\/product_tag?post=24058"}],"curies":[{"name":"wp","href":"https:\/\/api.w.org\/{rel}","templated":true}]}}

<p>Mv., 1942. máj. 10., † Mv., 2001. ápr. 7.: gyógyszerész. – Apja orvos. – Középiskolát Székelyudvarhelyen, végezte majd a MOGYI gyógyszerészeti karán szerzett oklevelet. (1964). Gyógyszerész volt Székelykeresztúron, Marosludason, visszatért Mv.-re (1965–), beosztott, majd vezető az 5. sz. gyógyszertárban (Dózsa Gy. u., majd a Kövesdombi negyedben), ezt Herba néven magánosították, haláláig volt saját működtetésében. <br /><strong>– Irod.:</strong> Péter H. M.</br></p>

<p>Mv., 1942. máj. 10., † Mv., 2001. ápr. 7.: gyógyszerész. – Apja orvos. – Középiskolát Székelyudvarhelyen, végezte majd a MOGYI gyógyszerészeti karán szerzett oklevelet. (1964). Gyógyszerész volt Székelykeresztúron, Marosludason, visszatért Mv.-re (1965–), beosztott, majd vezető az 5. sz. gyógyszertárban (Dózsa Gy. u., majd a Kövesdombi negyedben), ezt Herba néven magánosították, haláláig volt saját működtetésében. – Irod.: [&hellip;]</p>
