{"id":24060,"date":"2025-08-01T17:53:06","date_gmt":"2025-08-01T15:53:06","guid":{"rendered":"https:\/\/uj.adatbank.ro\/lexikon\/termek\/vancu-eugen\/"},"modified":"2025-08-01T17:53:06","modified_gmt":"2025-08-01T15:53:06","slug":"vancu-eugen","status":"publish","type":"product","link":"https:\/\/uj.adatbank.ro\/lexikon\/termek\/vancu-eugen\/","title":{"rendered":"VANCU Eugen"},"content":{"rendered":"<p>? \u2020\u00a0?: bankigazgat\u00f3. \u2013 Az Albina bank igazgat\u00f3ja (1913) \u00e9s a Banca General\u0103 de Comer\u0163i igazgat\u00f3tan\u00e1cs\u00e1nak a tagja (1924). \u00d6sszeverekedet a Transilvania sz\u00e1ll\u00f3 el\u0151tt Victor Vance\u00e1val, akinek a hitelk\u00e9relm\u00e9t megtagadta, mert szerinte t\u00fals\u00e1gosan j\u00f3 kapcsolatot \u00e1polt a helyi magyar k\u00f6r\u00f6kkel. <br \/><strong>\u2013 Irod.:<\/strong> Id\u0151t\u00e1r 2; Pan\u0103.<\/br><\/p>\n","protected":false},"excerpt":{"rendered":"<p>? \u2020\u00a0?: bankigazgat\u00f3. \u2013 Az Albina bank igazgat\u00f3ja (1913) \u00e9s a Banca General\u0103 de Comer\u0163i igazgat\u00f3tan\u00e1cs\u00e1nak a tagja (1924). \u00d6sszeverekedet a Transilvania sz\u00e1ll\u00f3 el\u0151tt Victor Vance\u00e1val, akinek a hitelk\u00e9relm\u00e9t megtagadta, mert szerinte t\u00fals\u00e1gosan j\u00f3 kapcsolatot \u00e1polt a helyi magyar k\u00f6r\u00f6kkel. \u2013 Irod.: Id\u0151t\u00e1r 2; Pan\u0103.<\/p>\n","protected":false},"featured_media":0,"comment_status":"open","ping_status":"closed","template":"","meta":[],"product_brand":[],"product_cat":[137],"product_tag":[],"class_list":{"0":"post-24060","1":"product","2":"type-product","3":"status-publish","5":"product_cat-maros-megyei-eletrajzi-lexikon","7":"first","8":"instock","9":"shipping-taxable","10":"product-type-simple"},"_links":{"self":[{"href":"https:\/\/uj.adatbank.ro\/lexikon\/wp-json\/wp\/v2\/product\/24060","targetHints":{"allow":["GET"]}}],"collection":[{"href":"https:\/\/uj.adatbank.ro\/lexikon\/wp-json\/wp\/v2\/product"}],"about":[{"href":"https:\/\/uj.adatbank.ro\/lexikon\/wp-json\/wp\/v2\/types\/product"}],"replies":[{"embeddable":true,"href":"https:\/\/uj.adatbank.ro\/lexikon\/wp-json\/wp\/v2\/comments?post=24060"}],"wp:attachment":[{"href":"https:\/\/uj.adatbank.ro\/lexikon\/wp-json\/wp\/v2\/media?parent=24060"}],"wp:term":[{"taxonomy":"product_brand","embeddable":true,"href":"https:\/\/uj.adatbank.ro\/lexikon\/wp-json\/wp\/v2\/product_brand?post=24060"},{"taxonomy":"product_cat","embeddable":true,"href":"https:\/\/uj.adatbank.ro\/lexikon\/wp-json\/wp\/v2\/product_cat?post=24060"},{"taxonomy":"product_tag","embeddable":true,"href":"https:\/\/uj.adatbank.ro\/lexikon\/wp-json\/wp\/v2\/product_tag?post=24060"}],"curies":[{"name":"wp","href":"https:\/\/api.w.org\/{rel}","templated":true}]}}