{"id":24063,"date":"2025-08-01T17:53:11","date_gmt":"2025-08-01T15:53:11","guid":{"rendered":"https:\/\/uj.adatbank.ro\/lexikon\/termek\/vandory-lajos\/"},"modified":"2025-08-01T17:53:11","modified_gmt":"2025-08-01T15:53:11","slug":"vandory-lajos","status":"publish","type":"product","link":"https:\/\/uj.adatbank.ro\/lexikon\/termek\/vandory-lajos\/","title":{"rendered":"V\u00c1NDORY Lajos"},"content":{"rendered":"<p>? \u2020\u00a0?: szerkeszt\u0151. \u2013 Szerkesztette az Erd\u00e9lyi Ellen\u0151r c. lapot Segesv\u00e1ron (1878). <br \/><strong>\u2013 Irod.:<\/strong> Er\u0151s.<\/br><\/p>\n","protected":false},"excerpt":{"rendered":"<p>? \u2020\u00a0?: szerkeszt\u0151. \u2013 Szerkesztette az Erd\u00e9lyi Ellen\u0151r c. lapot Segesv\u00e1ron (1878). \u2013 Irod.: Er\u0151s.<\/p>\n","protected":false},"featured_media":0,"comment_status":"open","ping_status":"closed","template":"","meta":[],"product_brand":[],"product_cat":[137],"product_tag":[],"class_list":{"0":"post-24063","1":"product","2":"type-product","3":"status-publish","5":"product_cat-maros-megyei-eletrajzi-lexikon","7":"first","8":"instock","9":"shipping-taxable","10":"product-type-simple"},"_links":{"self":[{"href":"https:\/\/uj.adatbank.ro\/lexikon\/wp-json\/wp\/v2\/product\/24063","targetHints":{"allow":["GET"]}}],"collection":[{"href":"https:\/\/uj.adatbank.ro\/lexikon\/wp-json\/wp\/v2\/product"}],"about":[{"href":"https:\/\/uj.adatbank.ro\/lexikon\/wp-json\/wp\/v2\/types\/product"}],"replies":[{"embeddable":true,"href":"https:\/\/uj.adatbank.ro\/lexikon\/wp-json\/wp\/v2\/comments?post=24063"}],"wp:attachment":[{"href":"https:\/\/uj.adatbank.ro\/lexikon\/wp-json\/wp\/v2\/media?parent=24063"}],"wp:term":[{"taxonomy":"product_brand","embeddable":true,"href":"https:\/\/uj.adatbank.ro\/lexikon\/wp-json\/wp\/v2\/product_brand?post=24063"},{"taxonomy":"product_cat","embeddable":true,"href":"https:\/\/uj.adatbank.ro\/lexikon\/wp-json\/wp\/v2\/product_cat?post=24063"},{"taxonomy":"product_tag","embeddable":true,"href":"https:\/\/uj.adatbank.ro\/lexikon\/wp-json\/wp\/v2\/product_tag?post=24063"}],"curies":[{"name":"wp","href":"https:\/\/api.w.org\/{rel}","templated":true}]}}