{"id":24064,"date":"2025-08-01T17:53:13","date_gmt":"2025-08-01T15:53:13","guid":{"rendered":"https:\/\/uj.adatbank.ro\/lexikon\/termek\/vandrak-laszlo\/"},"modified":"2025-08-01T17:53:13","modified_gmt":"2025-08-01T15:53:13","slug":"vandrak-laszlo","status":"publish","type":"product","link":"https:\/\/uj.adatbank.ro\/lexikon\/termek\/vandrak-laszlo\/","title":{"rendered":"VANDR\u00c1K L\u00e1szl\u00f3"},"content":{"rendered":"<p>? \u2020\u00a0?: iparm\u0171v\u00e9sz, \u00f6tv\u00f6s. \u2013 \u0150 v\u00e9gezte a mv.-i Kult\u00farpalot\u00e1ban elhelyezett, a Ferenc J\u00f3zsef koron\u00e1z\u00e1s\u00e1t \u00e1br\u00e1zol\u00f3 Sidl\u00f3 Ferenc domborm\u0171v\u00e9nek aranyoz\u00e1s\u00e1t. A m\u0171vet ki\u00e1ll\u00edtott\u00e1k a f\u0151v\u00e1rosi Iparm\u0171v\u00e9szeti M\u00fazeumban (1913). <br \/><strong>\u2013 Irod.:<\/strong> Bern\u00e1dy eml\u00e9kiratok; B\u00f3nis Johanna: A koron\u00e1z\u00e1si domborm\u0171 a Kult\u00farpalot\u00e1ban (N\u00fa., 2006. m\u00e1rc. 3.); Id\u0151t\u00e1r 2; Keresztes Gyula: Szecesszi\u00f3 Mv.-en: 5.: K\u00f6zm\u0171vel\u0151d\u00e9si h\u00e1z 1\u20135. (N\u00fa., 1991. nov. 23.; 1991. dec. 7.; 1991. dec. 14.; 1992. jan. 4.; 1992. jan. 11.).<\/br><\/p>\n","protected":false},"excerpt":{"rendered":"<p>? \u2020\u00a0?: iparm\u0171v\u00e9sz, \u00f6tv\u00f6s. \u2013 \u0150 v\u00e9gezte a mv.-i Kult\u00farpalot\u00e1ban elhelyezett, a Ferenc J\u00f3zsef koron\u00e1z\u00e1s\u00e1t \u00e1br\u00e1zol\u00f3 Sidl\u00f3 Ferenc domborm\u0171v\u00e9nek aranyoz\u00e1s\u00e1t. A m\u0171vet ki\u00e1ll\u00edtott\u00e1k a f\u0151v\u00e1rosi Iparm\u0171v\u00e9szeti M\u00fazeumban (1913). \u2013 Irod.: Bern\u00e1dy eml\u00e9kiratok; B\u00f3nis Johanna: A koron\u00e1z\u00e1si domborm\u0171 a Kult\u00farpalot\u00e1ban (N\u00fa., 2006. m\u00e1rc. 3.); Id\u0151t\u00e1r 2; Keresztes Gyula: Szecesszi\u00f3 Mv.-en: 5.: K\u00f6zm\u0171vel\u0151d\u00e9si h\u00e1z 1\u20135. (N\u00fa., 1991. [&hellip;]<\/p>\n","protected":false},"featured_media":0,"comment_status":"open","ping_status":"closed","template":"","meta":[],"product_brand":[],"product_cat":[137],"product_tag":[],"class_list":{"0":"post-24064","1":"product","2":"type-product","3":"status-publish","5":"product_cat-maros-megyei-eletrajzi-lexikon","7":"first","8":"instock","9":"shipping-taxable","10":"product-type-simple"},"_links":{"self":[{"href":"https:\/\/uj.adatbank.ro\/lexikon\/wp-json\/wp\/v2\/product\/24064","targetHints":{"allow":["GET"]}}],"collection":[{"href":"https:\/\/uj.adatbank.ro\/lexikon\/wp-json\/wp\/v2\/product"}],"about":[{"href":"https:\/\/uj.adatbank.ro\/lexikon\/wp-json\/wp\/v2\/types\/product"}],"replies":[{"embeddable":true,"href":"https:\/\/uj.adatbank.ro\/lexikon\/wp-json\/wp\/v2\/comments?post=24064"}],"wp:attachment":[{"href":"https:\/\/uj.adatbank.ro\/lexikon\/wp-json\/wp\/v2\/media?parent=24064"}],"wp:term":[{"taxonomy":"product_brand","embeddable":true,"href":"https:\/\/uj.adatbank.ro\/lexikon\/wp-json\/wp\/v2\/product_brand?post=24064"},{"taxonomy":"product_cat","embeddable":true,"href":"https:\/\/uj.adatbank.ro\/lexikon\/wp-json\/wp\/v2\/product_cat?post=24064"},{"taxonomy":"product_tag","embeddable":true,"href":"https:\/\/uj.adatbank.ro\/lexikon\/wp-json\/wp\/v2\/product_tag?post=24064"}],"curies":[{"name":"wp","href":"https:\/\/api.w.org\/{rel}","templated":true}]}}

VANDRÁK László

<p>? † ?: iparművész, ötvös. – Ő végezte a mv.-i Kultúrpalotában elhelyezett, a Ferenc József koronázását ábrázoló Sidló Ferenc domborművének aranyozását. A művet kiállították a fővárosi Iparművészeti Múzeumban (1913). <br /><strong>– Irod.:</strong> Bernády emlékiratok; Bónis Johanna: A koronázási dombormű a Kultúrpalotában (Nú., 2006. márc. 3.); Időtár 2; Keresztes Gyula: Szecesszió Mv.-en: 5.: Közművelődési ház 1–5. (Nú., 1991. nov. 23.; 1991. dec. 7.; 1991. dec. 14.; 1992. jan. 4.; 1992. jan. 11.).</br></p>

<p>? † ?: iparművész, ötvös. – Ő végezte a mv.-i Kultúrpalotában elhelyezett, a Ferenc József koronázását ábrázoló Sidló Ferenc domborművének aranyozását. A művet kiállították a fővárosi Iparművészeti Múzeumban (1913). – Irod.: Bernády emlékiratok; Bónis Johanna: A koronázási dombormű a Kultúrpalotában (Nú., 2006. márc. 3.); Időtár 2; Keresztes Gyula: Szecesszió Mv.-en: 5.: Közművelődési ház 1–5. (Nú., 1991. [&hellip;]</p>
