{"id":24070,"date":"2025-08-01T17:53:29","date_gmt":"2025-08-01T15:53:29","guid":{"rendered":"https:\/\/uj.adatbank.ro\/lexikon\/termek\/varadi-albert-2\/"},"modified":"2025-08-01T17:53:29","modified_gmt":"2025-08-01T15:53:29","slug":"varadi-albert-2","status":"publish","type":"product","link":"https:\/\/uj.adatbank.ro\/lexikon\/termek\/varadi-albert-2\/","title":{"rendered":"V\u00c1RADI Albert"},"content":{"rendered":"<p>1889, \u2020 1971: ref. lelk\u00e9sz. \u2013 Feles\u00e9ge: Melczer Julianna (1890\u20131968), tan\u00edt\u00f3n\u0151. Mez\u0151panitban tan\u00edtott (1919\u201321). \u2013 Seg\u00e9dlelk\u00e9szi aktivit\u00e1s\u00e1t Mv.-en kezdte (1911). Mez\u0151panitban volt lelk\u00e9sz (1912\u201363). Eln\u00f6ke volt a Gazdak\u00f6rnek, a Ref. Dal\u00e1rd\u00e1nak. A k\u00e9t h\u00e1bor\u00fa k\u00f6z\u00f6tti id\u0151ben sokat tett a falu felemelked\u00e9s\u00e9\u00e9rt. Foly\u00f3iratokban k\u00f6z\u00f6lte \u00edr\u00e1sait: k\u00f6ltem\u00e9nyeket, elbesz\u00e9l\u00e9seket, elm\u00e9lked\u00e9seket, tanulm\u00e1nyokat \u00e9s vegyes t\u00e9m\u00e1j\u00fa cikkeket. <br \/><strong>\u2013 Irod.:<\/strong> Cs\u00e1ky; Mez\u0151panit.<\/br><\/p>\n","protected":false},"excerpt":{"rendered":"<p>1889, \u2020 1971: ref. lelk\u00e9sz. \u2013 Feles\u00e9ge: Melczer Julianna (1890\u20131968), tan\u00edt\u00f3n\u0151. Mez\u0151panitban tan\u00edtott (1919\u201321). \u2013 Seg\u00e9dlelk\u00e9szi aktivit\u00e1s\u00e1t Mv.-en kezdte (1911). Mez\u0151panitban volt lelk\u00e9sz (1912\u201363). Eln\u00f6ke volt a Gazdak\u00f6rnek, a Ref. Dal\u00e1rd\u00e1nak. A k\u00e9t h\u00e1bor\u00fa k\u00f6z\u00f6tti id\u0151ben sokat tett a falu felemelked\u00e9s\u00e9\u00e9rt. Foly\u00f3iratokban k\u00f6z\u00f6lte \u00edr\u00e1sait: k\u00f6ltem\u00e9nyeket, elbesz\u00e9l\u00e9seket, elm\u00e9lked\u00e9seket, tanulm\u00e1nyokat \u00e9s vegyes t\u00e9m\u00e1j\u00fa cikkeket. \u2013 Irod.: Cs\u00e1ky; [&hellip;]<\/p>\n","protected":false},"featured_media":0,"comment_status":"open","ping_status":"closed","template":"","meta":[],"product_brand":[],"product_cat":[137],"product_tag":[],"class_list":{"0":"post-24070","1":"product","2":"type-product","3":"status-publish","5":"product_cat-maros-megyei-eletrajzi-lexikon","7":"first","8":"instock","9":"shipping-taxable","10":"product-type-simple"},"_links":{"self":[{"href":"https:\/\/uj.adatbank.ro\/lexikon\/wp-json\/wp\/v2\/product\/24070","targetHints":{"allow":["GET"]}}],"collection":[{"href":"https:\/\/uj.adatbank.ro\/lexikon\/wp-json\/wp\/v2\/product"}],"about":[{"href":"https:\/\/uj.adatbank.ro\/lexikon\/wp-json\/wp\/v2\/types\/product"}],"replies":[{"embeddable":true,"href":"https:\/\/uj.adatbank.ro\/lexikon\/wp-json\/wp\/v2\/comments?post=24070"}],"wp:attachment":[{"href":"https:\/\/uj.adatbank.ro\/lexikon\/wp-json\/wp\/v2\/media?parent=24070"}],"wp:term":[{"taxonomy":"product_brand","embeddable":true,"href":"https:\/\/uj.adatbank.ro\/lexikon\/wp-json\/wp\/v2\/product_brand?post=24070"},{"taxonomy":"product_cat","embeddable":true,"href":"https:\/\/uj.adatbank.ro\/lexikon\/wp-json\/wp\/v2\/product_cat?post=24070"},{"taxonomy":"product_tag","embeddable":true,"href":"https:\/\/uj.adatbank.ro\/lexikon\/wp-json\/wp\/v2\/product_tag?post=24070"}],"curies":[{"name":"wp","href":"https:\/\/api.w.org\/{rel}","templated":true}]}}

VÁRADI Albert

<p>1889, † 1971: ref. lelkész. – Felesége: Melczer Julianna (1890–1968), tanítónő. Mezőpanitban tanított (1919–21). – Segédlelkészi aktivitását Mv.-en kezdte (1911). Mezőpanitban volt lelkész (1912–63). Elnöke volt a Gazdakörnek, a Ref. Dalárdának. A két háború közötti időben sokat tett a falu felemelkedéséért. Folyóiratokban közölte írásait: költeményeket, elbeszéléseket, elmélkedéseket, tanulmányokat és vegyes témájú cikkeket. <br /><strong>– Irod.:</strong> Csáky; Mezőpanit.</br></p>

<p>1889, † 1971: ref. lelkész. – Felesége: Melczer Julianna (1890–1968), tanítónő. Mezőpanitban tanított (1919–21). – Segédlelkészi aktivitását Mv.-en kezdte (1911). Mezőpanitban volt lelkész (1912–63). Elnöke volt a Gazdakörnek, a Ref. Dalárdának. A két háború közötti időben sokat tett a falu felemelkedéséért. Folyóiratokban közölte írásait: költeményeket, elbeszéléseket, elmélkedéseket, tanulmányokat és vegyes témájú cikkeket. – Irod.: Csáky; [&hellip;]</p>
