{"id":24073,"date":"2025-08-01T17:53:34","date_gmt":"2025-08-01T15:53:34","guid":{"rendered":"https:\/\/uj.adatbank.ro\/lexikon\/termek\/varadi-arpad-varady\/"},"modified":"2025-08-01T17:53:34","modified_gmt":"2025-08-01T15:53:34","slug":"varadi-arpad-varady","status":"publish","type":"product","link":"https:\/\/uj.adatbank.ro\/lexikon\/termek\/varadi-arpad-varady\/","title":{"rendered":"V\u00c1RADI \u00c1rp\u00e1d, V\u00e1rady"},"content":{"rendered":"<p>Mv., 1882, \u2020 Mv., 1967. m\u00e1rc. 8.: \u00e9p\u00edt\u0151mester, \u00e9p\u00edt\u00e9szm\u00e9rn\u00f6k. \u2013 J\u00f3m\u00f3d\u00fa k\u0151farag\u00f3mester fia volt. A bp.-i Fels\u0151\u00e9p\u00edt\u0151ipari Iskol\u00e1n szerzett oklevelet (1900), azut\u00e1n a S\u00e1ndy Gyula m\u0171egyetemi tan\u00e1r vezette m\u0171eml\u00e9k\u00e9p\u00edt\u0151- \u00e9s helyre\u00e1ll\u00edt\u00f3 bizotts\u00e1gn\u00e1l dolgozott mint r\u00e9szletrajzol\u00f3, kivitelez\u0151 (1900\u20131902). T\u00f3\u00e1s\u00f3 Zolt\u00e1n \u00e9p\u00edt\u0151mesterrel k\u00e9sz\u00edtette el a mv.-i v\u00e1rosh\u00e1za p\u00e1lyaterv\u00e9t, ezzel a III. d\u00edjat nyert terv\u00e9vel v\u00e1lt ismertt\u00e9 (1905). A gyakorl\u00f3 \u00e9vek ut\u00e1n szerezte meg az \u00e9p\u00edt\u0151mesteri oklevelet (1906). Mv.-en iparenged\u00e9lyt v\u00e1ltott ki \u00e9s \u00f6n\u00e1ll\u00f3 tervez\u0151- \u00e9s kivitelez\u0151 v\u00e1llalata (1907. m\u00e1rc.\u2013), majd \u00e9p\u00edt\u0151anyag kereskedelmi v\u00e1llalata volt 200 alkalmazottal. \u00c9p\u00edt\u00e9szeti tev\u00e9kenys\u00e9g\u00e9nek z\u00f6me 1907\u20131917 k\u00f6z\u00e9 esik. A nagyernyei unit. templom terve alapj\u00e1n k\u00e9sz\u00fclt el (1910). A Tisztvisel\u0151 telepen Schneider Iv\u00e1nnal k\u00f6z\u00f6sen 24 sz\u00e9p kivitelez\u00e9s\u0171 vill\u00e1t tervezett \u00e9s kivitelezett, a szecesszi\u00f3 jegy\u00e9ben. Mint \u00e9p\u00edtkez\u00e9si v\u00e1llalkoz\u00f3 kivitelezte a somostet\u0151i Sportl\u00f6v\u00f6ld\u00e9t, Gaudeamus vend\u00e9gl\u0151t; a B\u00fcrger vend\u00e9gl\u0151t (Gh. Marinescu u. 9. sz), a Gr. Sz\u00e9chenyi Istv\u00e1n Fels\u0151tagozat\u00fa Kereskedelmi Iskol\u00e1t (1908\u201312; ma Petru Maior egyetem; N. Iorga 1.), K\u00f6z\u00fczemek f\u0151\u00e9p\u00fclet\u00e9t K\u00f3s K\u00e1roly tervei alapj\u00e1n (ma Aquaserv), Sz\u00e9kely \u2013 kioszk, vend\u00e9gl\u0151 \u00e9p\u00fclet\u00e9t (1910, ma a MOGYE-val szembeni napk\u00f6zi), a Kereskedelmi \u00e9s Iparkamara \u00e9p\u00fclet\u00e9t, a Zsid\u00f3 hitk\u00f6zs\u00e9g kaszin\u00f3j\u00e1t (R\u00f3zs\u00e1k tere 21. sz.), Nyugd\u00edjpalota \u00e9p\u00fclet\u00e9t (Enescu u. 2. sz.), a II. R\u00e1k\u00f3czi Ferenc F\u0151gimn\u00e1zium Szemin\u00e1rium \u00e9p\u00fclet\u00e9t (ma Unirea L\u00edc.), dr. Schmidt B\u00e9la lak\u00f3h\u00e1z\u00e1t (a J\u00f3kai \/ Eminescu u. 5. sz.), Bodolla-h\u00e1zat (Eminescu \u00e9s V\u00f6r\u00f6smarty \/ M\u0103r\u0103\u015fti u. sark\u00e1n); Marthy P\u00e1l tan\u00e1r h\u00e1z\u00e1t, J\u00e1rv\u00e1nyk\u00f3rh\u00e1z \u00e9p\u00fclet\u00e9t, a koronkai T\u00e9glagy\u00e1r \u00e9s a mv.-i K\u00f6zm\u0171helyek \u00e9p\u00fcleteit (D\u00f3zsa Gy. u. 15. sz.), \u00e9p\u00edtette m\u00e9g a Harmen Ign\u00e1tz vill\u00e1j\u00e1t (D\u00f3zsa Gy\u00f6rgy u. 91. sz., 1908\u20131909), a Cre\u0163u vill\u00e1t a Tisztvisel\u0151 telepen (1912), Kar\u00e1csonyi G\u00e9za h\u00e1za (Vulcan u. 11. sz. alatt, 1911), Nagy Endre h\u00e1z\u00e1t (Bradului u. 19. sz., 1912). R\u00e9szt vett az I. vh.-ban (1917\u201318), mint m\u0171szaki hadnagy a 22. gyalogezred k\u00f6tel\u00e9k\u00e9ben barakkokat \u00e9p\u00edtett a volt Tanklaktanya hely\u00e9n. K\u00e1tr\u00e1nypap\u00edr k\u00e9sz\u00edt\u00e9s\u00e9vel foglalkozott (1922\u201324); \u00e9p\u00edt\u00e9sz anyagrakt\u00e1rt l\u00e9tes\u00edtett (1924), g\u00e9peket \u00e1ll\u00edtott be k\u00f6zmunk\u00e1ra, t\u0171zif\u00e1t v\u00e1gatott fel \u00e9s k\u00fcld\u00f6tt haza h\u00e1ztart\u00e1sokba. Az 1933-as gazdas\u00e1gi v\u00e1ls\u00e1g t\u00f6nkretette. K\u00e9t \u00e9v m\u00falva \u00fajra megnyitotta r\u00e9szv\u00e9nyt\u00e1rsas\u00e1gi alapon rakt\u00e1r\u00e1t (1947-ig). \u00c9p\u00edt\u00e9szmunk\u00e1ja elismer\u00e9sek\u00e9nt \u00e9p\u00edt\u00e9szm\u00e9rn\u00f6ki c\u00edmet kapott (1942). 40\u201350 \u00e1ll\u00e1s\u00e1b\u00f3l kitett zsid\u00f3 fiatalnak adott munk\u00e1t (1944 tavasz\u00e1n). \u00c1llamos\u00edtott\u00e1k az ipartelep\u00e9t (1948), ma a hely\u00e9n a (Cuza Voda-i) v\u00e1rosi piac van (1962\u2013). Az \u00c1llami \u00c9p\u00edt\u00e9szeti V\u00e1llalat tervez\u0151je lett (1950). R\u00e9szt vett a D\u00f3zsa Gy. utcai t\u00f6mbh\u00e1zak, a borsz\u00e9ki borv\u00edzt\u00f6lt\u0151de, a gyergy\u00f3remetei tejporgy\u00e1r fel\u00e9p\u00edt\u00e9s\u00e9ben. Nyugd\u00edjba ment (1965). A MP aleln\u00f6ke, a M. Kaszin\u00f3 tagja, a Mv.-i Kereszt\u00e9ny Magyar Kereskedelmi Egyes\u00fclet \u00fcgyvezet\u0151 eln\u00f6ke, az \u00c9p\u00edt\u0151iparosok Sz\u00f6vets\u00e9g\u00e9nek \u00e9s a M. Iparosegyes\u00fclet v\u00e1lasztm\u00e1nyi tagja volt. A Rom\u00e1n \u00c9p\u00edt\u00e9szek Egyes\u00fcleti tagja. Nagy Jen\u0151 gy\u00f3gyszer\u00e9sz testv\u00e9r\u00e9t vette feles\u00e9g\u00fcl. H\u00e1rom fiuk sz\u00fcletett: \u00c1rp\u00e1d, M\u00e1rton \u00e9s Huba. <br \/><strong>\u2013 Irod.:<\/strong> Erd\u00e9lyi ezredek; Fodor S\u00e1ndor: Az elfelejtett \u00e9p\u00edt\u0151mester (N\u00fa., 2006. m\u00e1rc. 4.); Fodor S\u00e1ndor (S): A volt csatornah\u00e1l\u00f3zati f\u0151telep m\u00e1rv\u00e1nyt\u00e1bl\u00e1i (N\u00fa., Sz\u00ednes Vil\u00e1g, 2008. aug. 30.); H\u00edres polg\u00e1rok; Id\u0151t\u00e1r 2; Keresztes; Keresztes Gyual: Hatvan\u00f6t \u00e9v az \u00e9p\u00edt\u0151munk\u00e1ban (N\u00fa., 1997. dec. 6.); Keresztes Gyula: Szecesszi\u00f3 Mv.-en: 5.: K\u00f6zm\u0171vel\u0151d\u00e9si h\u00e1z 1. (N\u00fa., 1991. nov. 23.); Keresztes Gyula: Szecesszi\u00f3 Mv.-en 6.: A st\u00edlus folytat\u00e1sa (N\u00fa., 1992. febr. 1.; 1992. febr. 8.); Man: Tg. M. 2.; Maros megyei m.-s\u00e1g.4.; Mv.-i Almanach (1912); Sipos; Visnai.<\/br><\/p>\n","protected":false},"excerpt":{"rendered":"<p>Mv., 1882, \u2020 Mv., 1967. m\u00e1rc. 8.: \u00e9p\u00edt\u0151mester, \u00e9p\u00edt\u00e9szm\u00e9rn\u00f6k. \u2013 J\u00f3m\u00f3d\u00fa k\u0151farag\u00f3mester fia volt. A bp.-i Fels\u0151\u00e9p\u00edt\u0151ipari Iskol\u00e1n szerzett oklevelet (1900), azut\u00e1n a S\u00e1ndy Gyula m\u0171egyetemi tan\u00e1r vezette m\u0171eml\u00e9k\u00e9p\u00edt\u0151- \u00e9s helyre\u00e1ll\u00edt\u00f3 bizotts\u00e1gn\u00e1l dolgozott mint r\u00e9szletrajzol\u00f3, kivitelez\u0151 (1900\u20131902). T\u00f3\u00e1s\u00f3 Zolt\u00e1n \u00e9p\u00edt\u0151mesterrel k\u00e9sz\u00edtette el a mv.-i v\u00e1rosh\u00e1za p\u00e1lyaterv\u00e9t, ezzel a III. d\u00edjat nyert terv\u00e9vel v\u00e1lt ismertt\u00e9 (1905). [&hellip;]<\/p>\n","protected":false},"featured_media":0,"comment_status":"open","ping_status":"closed","template":"","meta":[],"product_brand":[],"product_cat":[137],"product_tag":[],"class_list":{"0":"post-24073","1":"product","2":"type-product","3":"status-publish","5":"product_cat-maros-megyei-eletrajzi-lexikon","7":"first","8":"instock","9":"shipping-taxable","10":"product-type-simple"},"_links":{"self":[{"href":"https:\/\/uj.adatbank.ro\/lexikon\/wp-json\/wp\/v2\/product\/24073","targetHints":{"allow":["GET"]}}],"collection":[{"href":"https:\/\/uj.adatbank.ro\/lexikon\/wp-json\/wp\/v2\/product"}],"about":[{"href":"https:\/\/uj.adatbank.ro\/lexikon\/wp-json\/wp\/v2\/types\/product"}],"replies":[{"embeddable":true,"href":"https:\/\/uj.adatbank.ro\/lexikon\/wp-json\/wp\/v2\/comments?post=24073"}],"wp:attachment":[{"href":"https:\/\/uj.adatbank.ro\/lexikon\/wp-json\/wp\/v2\/media?parent=24073"}],"wp:term":[{"taxonomy":"product_brand","embeddable":true,"href":"https:\/\/uj.adatbank.ro\/lexikon\/wp-json\/wp\/v2\/product_brand?post=24073"},{"taxonomy":"product_cat","embeddable":true,"href":"https:\/\/uj.adatbank.ro\/lexikon\/wp-json\/wp\/v2\/product_cat?post=24073"},{"taxonomy":"product_tag","embeddable":true,"href":"https:\/\/uj.adatbank.ro\/lexikon\/wp-json\/wp\/v2\/product_tag?post=24073"}],"curies":[{"name":"wp","href":"https:\/\/api.w.org\/{rel}","templated":true}]}}

VÁRADI Árpád, Várady

<p>Mv., 1882, † Mv., 1967. márc. 8.: építőmester, építészmérnök. – Jómódú kőfaragómester fia volt. A bp.-i Felsőépítőipari Iskolán szerzett oklevelet (1900), azután a Sándy Gyula műegyetemi tanár vezette műemléképítő- és helyreállító bizottságnál dolgozott mint részletrajzoló, kivitelező (1900–1902). Tóásó Zoltán építőmesterrel készítette el a mv.-i városháza pályatervét, ezzel a III. díjat nyert tervével vált ismertté (1905). A gyakorló évek után szerezte meg az építőmesteri oklevelet (1906). Mv.-en iparengedélyt váltott ki és önálló tervező- és kivitelező vállalata (1907. márc.–), majd építőanyag kereskedelmi vállalata volt 200 alkalmazottal. Építészeti tevékenységének zöme 1907–1917 közé esik. A nagyernyei unit. templom terve alapján készült el (1910). A Tisztviselő telepen Schneider Ivánnal közösen 24 szép kivitelezésű villát tervezett és kivitelezett, a szecesszió jegyében. Mint építkezési vállalkozó kivitelezte a somostetői Sportlövöldét, Gaudeamus vendéglőt; a Bürger vendéglőt (Gh. Marinescu u. 9. sz), a Gr. Széchenyi István Felsőtagozatú Kereskedelmi Iskolát (1908–12; ma Petru Maior egyetem; N. Iorga 1.), Közüzemek főépületét Kós Károly tervei alapján (ma Aquaserv), Székely – kioszk, vendéglő épületét (1910, ma a MOGYE-val szembeni napközi), a Kereskedelmi és Iparkamara épületét, a Zsidó hitközség kaszinóját (Rózsák tere 21. sz.), Nyugdíjpalota épületét (Enescu u. 2. sz.), a II. Rákóczi Ferenc Főgimnázium Szeminárium épületét (ma Unirea Líc.), dr. Schmidt Béla lakóházát (a Jókai / Eminescu u. 5. sz.), Bodolla-házat (Eminescu és Vörösmarty / Mărăşti u. sarkán); Marthy Pál tanár házát, Járványkórház épületét, a koronkai Téglagyár és a mv.-i Közműhelyek épületeit (Dózsa Gy. u. 15. sz.), építette még a Harmen Ignátz villáját (Dózsa György u. 91. sz., 1908–1909), a Creţu villát a Tisztviselő telepen (1912), Karácsonyi Géza háza (Vulcan u. 11. sz. alatt, 1911), Nagy Endre házát (Bradului u. 19. sz., 1912). Részt vett az I. vh.-ban (1917–18), mint műszaki hadnagy a 22. gyalogezred kötelékében barakkokat épített a volt Tanklaktanya helyén. Kátránypapír készítésével foglalkozott (1922–24); építész anyagraktárt létesített (1924), gépeket állított be közmunkára, tűzifát vágatott fel és küldött haza háztartásokba. Az 1933-as gazdasági válság tönkretette. Két év múlva újra megnyitotta részvénytársasági alapon raktárát (1947-ig). Építészmunkája elismeréseként építészmérnöki címet kapott (1942). 40–50 állásából kitett zsidó fiatalnak adott munkát (1944 tavaszán). Államosították az ipartelepét (1948), ma a helyén a (Cuza Voda-i) városi piac van (1962–). Az Állami Építészeti Vállalat tervezője lett (1950). Részt vett a Dózsa Gy. utcai tömbházak, a borszéki borvíztöltőde, a gyergyóremetei tejporgyár felépítésében. Nyugdíjba ment (1965). A MP alelnöke, a M. Kaszinó tagja, a Mv.-i Keresztény Magyar Kereskedelmi Egyesület ügyvezető elnöke, az Építőiparosok Szövetségének és a M. Iparosegyesület választmányi tagja volt. A Román Építészek Egyesületi tagja. Nagy Jenő gyógyszerész testvérét vette feleségül. Három fiuk született: Árpád, Márton és Huba. <br /><strong>– Irod.:</strong> Erdélyi ezredek; Fodor Sándor: Az elfelejtett építőmester (Nú., 2006. márc. 4.); Fodor Sándor (S): A volt csatornahálózati főtelep márványtáblái (Nú., Színes Világ, 2008. aug. 30.); Híres polgárok; Időtár 2; Keresztes; Keresztes Gyual: Hatvanöt év az építőmunkában (Nú., 1997. dec. 6.); Keresztes Gyula: Szecesszió Mv.-en: 5.: Közművelődési ház 1. (Nú., 1991. nov. 23.); Keresztes Gyula: Szecesszió Mv.-en 6.: A stílus folytatása (Nú., 1992. febr. 1.; 1992. febr. 8.); Man: Tg. M. 2.; Maros megyei m.-ság.4.; Mv.-i Almanach (1912); Sipos; Visnai.</br></p>

<p>Mv., 1882, † Mv., 1967. márc. 8.: építőmester, építészmérnök. – Jómódú kőfaragómester fia volt. A bp.-i Felsőépítőipari Iskolán szerzett oklevelet (1900), azután a Sándy Gyula műegyetemi tanár vezette műemléképítő- és helyreállító bizottságnál dolgozott mint részletrajzoló, kivitelező (1900–1902). Tóásó Zoltán építőmesterrel készítette el a mv.-i városháza pályatervét, ezzel a III. díjat nyert tervével vált ismertté (1905). [&hellip;]</p>
