{"id":24074,"date":"2025-08-01T17:53:36","date_gmt":"2025-08-01T15:53:36","guid":{"rendered":"https:\/\/uj.adatbank.ro\/lexikon\/termek\/varadi-arpad-varady-2\/"},"modified":"2025-08-01T17:53:36","modified_gmt":"2025-08-01T15:53:36","slug":"varadi-arpad-varady-2","status":"publish","type":"product","link":"https:\/\/uj.adatbank.ro\/lexikon\/termek\/varadi-arpad-varady-2\/","title":{"rendered":"V\u00c1RADI \u00c1rp\u00e1d; V\u00e1rady"},"content":{"rendered":"<p>Mv., 1911. okt. 17., \u2020\u00a0Mv., 1993. szept. 17.: \u00e9p\u00edt\u00e9sztechnikus, kis\u00e1llatteny\u00e9szt\u0151. \u2013 \u00c9retts\u00e9gizett Mv.-en a Ref. Koll.-ban (1928). Borsz\u00e9ken a Xilon Rt. majd Marosh\u00e9v\u00edzen a Lamm testv\u00e9rek F\u0171r\u00e9szgy\u00e1ra alkalmazottja (1935\u2013); apja \u00e9p\u00edtkez\u00e9si v\u00e1llalat\u00e1n\u00e1l dolgozott (1935\u201344). Nev\u00e9hez Mv.-en 16 \u00e9p\u00fclet kivitelez\u00e9se f\u0171z\u0151dik (1929\u201344). A II. vh.-ban tart. z\u00e1szl\u00f3si rangban vett r\u00e9szt. Hossz\u00fa orosz fogs\u00e1gb\u00f3l legyeng\u00fclten j\u00f6tt haza \u00e9s munk\u00e1s-technikus lett a Hullad\u00e9kgy\u0171jt\u0151 V\u00e1llalatn\u00e1l \u2013 a DAC-n\u00e1l \u2013 Mv.-en (1949\u201363). Fiatalon meghalt a l\u00e1nya, vigasztal\u00e1st sz\u00e1rnyasok teny\u00e9szt\u00e9s\u00e9ben keresett: baromfi, papag\u00e1j, kan\u00e1ri, posta- \u00e9s d\u00edszgalambot, h\u00e1zinyulat tartott. Galambjaival bel- \u00e9s k\u00fclf\u00f6ldi ki\u00e1ll\u00edt\u00e1sokon, versenyeken kb. 250 oklevelet \u00e9s d\u00edjat kapott. A Kis\u00e1llatteny\u00e9szt\u0151 Egyes\u00fclet alap\u00edt\u00f3 tagja (1955\u2013). V. M\u00e1rton testv\u00e9re, k\u00f6vetkezetesen i-vel \u00edrta a nev\u00e9t. <br \/><strong>\u2013 Irod.:<\/strong> Berekm\u00e9ri; Fodor\u2013Bal\u00e1s; KKACs; Man: Tg. M., 3.; Sipos.<\/br><\/p>\n","protected":false},"excerpt":{"rendered":"<p>Mv., 1911. okt. 17., \u2020\u00a0Mv., 1993. szept. 17.: \u00e9p\u00edt\u00e9sztechnikus, kis\u00e1llatteny\u00e9szt\u0151. \u2013 \u00c9retts\u00e9gizett Mv.-en a Ref. Koll.-ban (1928). Borsz\u00e9ken a Xilon Rt. majd Marosh\u00e9v\u00edzen a Lamm testv\u00e9rek F\u0171r\u00e9szgy\u00e1ra alkalmazottja (1935\u2013); apja \u00e9p\u00edtkez\u00e9si v\u00e1llalat\u00e1n\u00e1l dolgozott (1935\u201344). Nev\u00e9hez Mv.-en 16 \u00e9p\u00fclet kivitelez\u00e9se f\u0171z\u0151dik (1929\u201344). A II. vh.-ban tart. z\u00e1szl\u00f3si rangban vett r\u00e9szt. Hossz\u00fa orosz fogs\u00e1gb\u00f3l legyeng\u00fclten j\u00f6tt haza [&hellip;]<\/p>\n","protected":false},"featured_media":0,"comment_status":"open","ping_status":"closed","template":"","meta":[],"product_brand":[],"product_cat":[137],"product_tag":[],"class_list":{"0":"post-24074","1":"product","2":"type-product","3":"status-publish","5":"product_cat-maros-megyei-eletrajzi-lexikon","7":"first","8":"instock","9":"shipping-taxable","10":"product-type-simple"},"_links":{"self":[{"href":"https:\/\/uj.adatbank.ro\/lexikon\/wp-json\/wp\/v2\/product\/24074","targetHints":{"allow":["GET"]}}],"collection":[{"href":"https:\/\/uj.adatbank.ro\/lexikon\/wp-json\/wp\/v2\/product"}],"about":[{"href":"https:\/\/uj.adatbank.ro\/lexikon\/wp-json\/wp\/v2\/types\/product"}],"replies":[{"embeddable":true,"href":"https:\/\/uj.adatbank.ro\/lexikon\/wp-json\/wp\/v2\/comments?post=24074"}],"wp:attachment":[{"href":"https:\/\/uj.adatbank.ro\/lexikon\/wp-json\/wp\/v2\/media?parent=24074"}],"wp:term":[{"taxonomy":"product_brand","embeddable":true,"href":"https:\/\/uj.adatbank.ro\/lexikon\/wp-json\/wp\/v2\/product_brand?post=24074"},{"taxonomy":"product_cat","embeddable":true,"href":"https:\/\/uj.adatbank.ro\/lexikon\/wp-json\/wp\/v2\/product_cat?post=24074"},{"taxonomy":"product_tag","embeddable":true,"href":"https:\/\/uj.adatbank.ro\/lexikon\/wp-json\/wp\/v2\/product_tag?post=24074"}],"curies":[{"name":"wp","href":"https:\/\/api.w.org\/{rel}","templated":true}]}}

VÁRADI Árpád; Várady

<p>Mv., 1911. okt. 17., † Mv., 1993. szept. 17.: építésztechnikus, kisállattenyésztő. – Érettségizett Mv.-en a Ref. Koll.-ban (1928). Borszéken a Xilon Rt. majd Maroshévízen a Lamm testvérek Fűrészgyára alkalmazottja (1935–); apja építkezési vállalatánál dolgozott (1935–44). Nevéhez Mv.-en 16 épület kivitelezése fűződik (1929–44). A II. vh.-ban tart. zászlósi rangban vett részt. Hosszú orosz fogságból legyengülten jött haza és munkás-technikus lett a Hulladékgyűjtő Vállalatnál – a DAC-nál – Mv.-en (1949–63). Fiatalon meghalt a lánya, vigasztalást szárnyasok tenyésztésében keresett: baromfi, papagáj, kanári, posta- és díszgalambot, házinyulat tartott. Galambjaival bel- és külföldi kiállításokon, versenyeken kb. 250 oklevelet és díjat kapott. A Kisállattenyésztő Egyesület alapító tagja (1955–). V. Márton testvére, következetesen i-vel írta a nevét. <br /><strong>– Irod.:</strong> Berekméri; Fodor–Balás; KKACs; Man: Tg. M., 3.; Sipos.</br></p>

<p>Mv., 1911. okt. 17., † Mv., 1993. szept. 17.: építésztechnikus, kisállattenyésztő. – Érettségizett Mv.-en a Ref. Koll.-ban (1928). Borszéken a Xilon Rt. majd Maroshévízen a Lamm testvérek Fűrészgyára alkalmazottja (1935–); apja építkezési vállalatánál dolgozott (1935–44). Nevéhez Mv.-en 16 épület kivitelezése fűződik (1929–44). A II. vh.-ban tart. zászlósi rangban vett részt. Hosszú orosz fogságból legyengülten jött haza [&hellip;]</p>
