{"id":24075,"date":"2025-08-01T17:53:38","date_gmt":"2025-08-01T15:53:38","guid":{"rendered":"https:\/\/uj.adatbank.ro\/lexikon\/termek\/varadi-borbala-gr-bethlen-janosne\/"},"modified":"2025-08-01T17:53:38","modified_gmt":"2025-08-01T15:53:38","slug":"varadi-borbala-gr-bethlen-janosne","status":"publish","type":"product","link":"https:\/\/uj.adatbank.ro\/lexikon\/termek\/varadi-borbala-gr-bethlen-janosne\/","title":{"rendered":"V\u00c1RADI Borb\u00e1la, gr. Bethlen J\u00e1nosn\u00e9"},"content":{"rendered":"<p>? \u2020\u00a01661: Mikl\u00f3s kv.-i polg\u00e1r le\u00e1nya. F\u00e9rje Bethlen J\u00e1nos (1637\u2013). Fiai: Mikl\u00f3s (1642\u20131716), P\u00e1l (?\u20131687). <br \/><strong>\u2013 Irod.:<\/strong> Kraus: Erd\u00e9lyi kr\u00f3nika.<\/br><\/p>\n","protected":false},"excerpt":{"rendered":"<p>? \u2020\u00a01661: Mikl\u00f3s kv.-i polg\u00e1r le\u00e1nya. F\u00e9rje Bethlen J\u00e1nos (1637\u2013). Fiai: Mikl\u00f3s (1642\u20131716), P\u00e1l (?\u20131687). \u2013 Irod.: Kraus: Erd\u00e9lyi kr\u00f3nika.<\/p>\n","protected":false},"featured_media":0,"comment_status":"open","ping_status":"closed","template":"","meta":[],"product_brand":[],"product_cat":[137],"product_tag":[],"class_list":{"0":"post-24075","1":"product","2":"type-product","3":"status-publish","5":"product_cat-maros-megyei-eletrajzi-lexikon","7":"first","8":"instock","9":"shipping-taxable","10":"product-type-simple"},"_links":{"self":[{"href":"https:\/\/uj.adatbank.ro\/lexikon\/wp-json\/wp\/v2\/product\/24075","targetHints":{"allow":["GET"]}}],"collection":[{"href":"https:\/\/uj.adatbank.ro\/lexikon\/wp-json\/wp\/v2\/product"}],"about":[{"href":"https:\/\/uj.adatbank.ro\/lexikon\/wp-json\/wp\/v2\/types\/product"}],"replies":[{"embeddable":true,"href":"https:\/\/uj.adatbank.ro\/lexikon\/wp-json\/wp\/v2\/comments?post=24075"}],"wp:attachment":[{"href":"https:\/\/uj.adatbank.ro\/lexikon\/wp-json\/wp\/v2\/media?parent=24075"}],"wp:term":[{"taxonomy":"product_brand","embeddable":true,"href":"https:\/\/uj.adatbank.ro\/lexikon\/wp-json\/wp\/v2\/product_brand?post=24075"},{"taxonomy":"product_cat","embeddable":true,"href":"https:\/\/uj.adatbank.ro\/lexikon\/wp-json\/wp\/v2\/product_cat?post=24075"},{"taxonomy":"product_tag","embeddable":true,"href":"https:\/\/uj.adatbank.ro\/lexikon\/wp-json\/wp\/v2\/product_tag?post=24075"}],"curies":[{"name":"wp","href":"https:\/\/api.w.org\/{rel}","templated":true}]}}