{"id":24112,"date":"2025-08-01T17:55:12","date_gmt":"2025-08-01T15:55:12","guid":{"rendered":"https:\/\/uj.adatbank.ro\/lexikon\/termek\/varadi-samuel-2\/"},"modified":"2025-08-01T17:55:12","modified_gmt":"2025-08-01T15:55:12","slug":"varadi-samuel-2","status":"publish","type":"product","link":"https:\/\/uj.adatbank.ro\/lexikon\/termek\/varadi-samuel-2\/","title":{"rendered":"V\u00c1RADI S\u00e1muel"},"content":{"rendered":"<p>Nagyenyed, 1773., \u2020 Nagyenyed, 1857. nov. 30.: orvosdoktor \u00e9s sz\u00fcl\u00e9szmester, Als\u00f3-Feh\u00e9rmegye \u00e9s Nagyenyed v\u00e1ros rendes orvosa, V. S\u00e1muel polg\u00e1r \u00e9s Lippai M\u00e1ria fia \u2013 Az enyedi udvarhelyi \u00e9s mv.-i iskol\u00e1kban tanult; az orvosi tudom\u00e1nyokat B\u00e9csben hallgatta \u00e9s oklevelet nyert (1804) \u00e9s az ottani sz\u00fcl\u00e9szeti oszt\u00e1lyban seg\u00e9dorvos volt. Hat \u00e9vi b\u00e9csi tart\u00f3zkod\u00e1sa ut\u00e1n visszat\u00e9rt Nagyenyedre, hol 32 \u00e9vig folytatott orvosi gyakorlatot. K\u00e9t v\u00e9grendeletet (1848. nov. 21. \u00e9s 1855. m\u00e1rc. 17.) hagyott h\u00e1tra. Olajfest\u00e9s\u0171 arck\u00e9pe a nagy-enyedi Casino (melynek alap\u00edt\u00e1s\u00e1ban 1833. \u00e9l\u00e9nk r\u00e9szt vett) tulajdona. \u2013  <strong>F. m..:<\/strong> A teh\u00e9n himl\u0151, avagy a vaktzina term\u00e9szet\u00e9nek \u00e9s terjeszt\u00e9se m\u00f3dj\u00e1nak r\u00f6vid el\u0151ad\u00e1sa. A vaktzina k\u00e9p\u00e9vel. (B\u00e9cs, 1802.); Utas\u00edt\u00e1s a selyem \u00e9s eperfa teny\u00e9szt\u00e9sre. T\u00e1bla rajzzal (Nagyenyed, 1842.);  <strong>ford.:<\/strong> Beer Gy\u00f6rgy J\u00f3zsef: Gondvisel\u00e9s az eg\u00e9szs\u00e9ges \u00e9s gyenge szemekre \u00e9s arra val\u00f3 oktat\u00e1s, mik\u00e9pen lehet az embernek \u00f6nn\u00f6n mag\u00e1n seg\u00edteni a szemnek olyan hirtelen val\u00f3 betegs\u00e9geiben, mellyek tulajdon orvosi vagy seborvosi esmereteket nem kiv\u00e1nnak. K\u00e9t r\u00e9zt\u00e1bl\u00e1val. (B\u00e9cs, 1805.). <br \/><strong>\u2013 Irod.:<\/strong> Gy\u0151ry; Szinnyei; Szinnyei J \u2013 Sz. J.<\/br><\/p>\n","protected":false},"excerpt":{"rendered":"<p>Nagyenyed, 1773., \u2020 Nagyenyed, 1857. nov. 30.: orvosdoktor \u00e9s sz\u00fcl\u00e9szmester, Als\u00f3-Feh\u00e9rmegye \u00e9s Nagyenyed v\u00e1ros rendes orvosa, V. S\u00e1muel polg\u00e1r \u00e9s Lippai M\u00e1ria fia \u2013 Az enyedi udvarhelyi \u00e9s mv.-i iskol\u00e1kban tanult; az orvosi tudom\u00e1nyokat B\u00e9csben hallgatta \u00e9s oklevelet nyert (1804) \u00e9s az ottani sz\u00fcl\u00e9szeti oszt\u00e1lyban seg\u00e9dorvos volt. Hat \u00e9vi b\u00e9csi tart\u00f3zkod\u00e1sa ut\u00e1n visszat\u00e9rt Nagyenyedre, hol [&hellip;]<\/p>\n","protected":false},"featured_media":0,"comment_status":"open","ping_status":"closed","template":"","meta":[],"product_brand":[],"product_cat":[137],"product_tag":[],"class_list":{"0":"post-24112","1":"product","2":"type-product","3":"status-publish","5":"product_cat-maros-megyei-eletrajzi-lexikon","7":"first","8":"instock","9":"shipping-taxable","10":"product-type-simple"},"_links":{"self":[{"href":"https:\/\/uj.adatbank.ro\/lexikon\/wp-json\/wp\/v2\/product\/24112","targetHints":{"allow":["GET"]}}],"collection":[{"href":"https:\/\/uj.adatbank.ro\/lexikon\/wp-json\/wp\/v2\/product"}],"about":[{"href":"https:\/\/uj.adatbank.ro\/lexikon\/wp-json\/wp\/v2\/types\/product"}],"replies":[{"embeddable":true,"href":"https:\/\/uj.adatbank.ro\/lexikon\/wp-json\/wp\/v2\/comments?post=24112"}],"wp:attachment":[{"href":"https:\/\/uj.adatbank.ro\/lexikon\/wp-json\/wp\/v2\/media?parent=24112"}],"wp:term":[{"taxonomy":"product_brand","embeddable":true,"href":"https:\/\/uj.adatbank.ro\/lexikon\/wp-json\/wp\/v2\/product_brand?post=24112"},{"taxonomy":"product_cat","embeddable":true,"href":"https:\/\/uj.adatbank.ro\/lexikon\/wp-json\/wp\/v2\/product_cat?post=24112"},{"taxonomy":"product_tag","embeddable":true,"href":"https:\/\/uj.adatbank.ro\/lexikon\/wp-json\/wp\/v2\/product_tag?post=24112"}],"curies":[{"name":"wp","href":"https:\/\/api.w.org\/{rel}","templated":true}]}}